{"id":9380,"date":"2023-05-02T17:16:01","date_gmt":"2023-05-02T15:16:01","guid":{"rendered":"https:\/\/www.renouvelle.be\/?post_type=agenda&#038;p=9380"},"modified":"2023-05-02T17:16:03","modified_gmt":"2023-05-02T15:16:03","slug":"la-chaleur-fatale","status":"publish","type":"agenda","link":"https:\/\/www.renouvelle.be\/fr\/agenda\/la-chaleur-fatale\/","title":{"rendered":"La chaleur \u00ab\u00a0fatale\u00a0\u00bb"},"content":{"rendered":"\n<p>Plus de&nbsp;<strong>80% de l\u2019\u00e9nergie primaire<\/strong>&nbsp;utilis\u00e9e par un site industriel pour ses besoins thermiques,&nbsp;de chaleur ou de refroidissement,&nbsp;finit sous forme de&nbsp;<strong>chaleur perdue ou \u00ab&nbsp;fatale&nbsp;\u00bb<\/strong>.&nbsp;<\/p>\n\n\n\n<p>Une grande partie, notamment celle disponible \u00e0 des temp\u00e9ratures en dessous de 80\u00b0C, est encore souvent rejet\u00e9e dans&nbsp;l\u2019atmosph\u00e8re. Elle repr\u00e9sente pourtant un&nbsp;<strong>gisement important d\u2019\u00e9nergie<\/strong>&nbsp;qui peut \u00eatre r\u00e9utilis\u00e9e, en appliquant le principe de la&nbsp;<strong>circularit\u00e9<\/strong>&nbsp;\u00e0 l\u2019\u00e9nergie thermique.&nbsp;En effet, la circularit\u00e9 s\u2019applique aussi \u00e0 la chaleur industrielle !&nbsp;<\/p>\n\n\n\n<p>Dans ce cadre,&nbsp;<strong>Wagralim et Fevia Wallonie<\/strong>&nbsp;s\u2019associent \u00e0 un \u00e9v\u00e9nement d&rsquo;une journ\u00e9e le&nbsp;<strong>31 mai<\/strong>&nbsp;! Celui-ci est&nbsp;<strong>r\u00e9serv\u00e9 aux<\/strong>&nbsp;<strong>industriels de sites agroalimentaires<\/strong>&nbsp;et industries chimiques, ayant des besoins thermiques.&nbsp;<\/p>\n\n\n\n<p>En plus d\u2019en apprendre beaucoup sur le sujet, cet \u00e9v\u00e8nement sera l\u2019opportunit\u00e9 d\u2019\u00e9changer sur le sujet de l\u2019<strong>\u00e9conomie d\u2019\u00e9nergie&nbsp;<\/strong>et la circularit\u00e9 thermique avec une s\u00e9rie d\u2019entreprises expertes en la mati\u00e8re.<\/p>\n","protected":false},"featured_media":0,"template":"","meta":{"_acf_changed":false,"footnotes":""},"event":[54],"class_list":["post-9380","agenda","type-agenda","status-publish","hentry","event-evenement"],"acf":[],"yoast_head":"<!-- This site is optimized with the Yoast SEO plugin v27.5 - https:\/\/yoast.com\/product\/yoast-seo-wordpress\/ -->\n<title>La chaleur &quot;fatale&quot; - Renouvelle<\/title>\n<meta name=\"robots\" content=\"index, follow, max-snippet:-1, max-image-preview:large, max-video-preview:-1\" \/>\n<link rel=\"canonical\" href=\"https:\/\/www.renouvelle.be\/fr\/agenda\/la-chaleur-fatale\/\" \/>\n<meta property=\"og:locale\" content=\"fr_FR\" \/>\n<meta property=\"og:type\" content=\"article\" \/>\n<meta property=\"og:title\" content=\"La chaleur &quot;fatale&quot; - Renouvelle\" \/>\n<meta property=\"og:description\" content=\"Plus de&nbsp;80% de l\u2019\u00e9nergie primaire&nbsp;utilis\u00e9e par un site industriel pour ses besoins thermiques,&nbsp;de chaleur ou de refroidissement,&nbsp;finit sous forme de&nbsp;chaleur perdue ou \u00ab&nbsp;fatale&nbsp;\u00bb.&nbsp; Une grande partie, notamment celle disponible \u00e0 des temp\u00e9ratures en dessous de 80\u00b0C, est encore souvent rejet\u00e9e dans&nbsp;l\u2019atmosph\u00e8re. Elle repr\u00e9sente pourtant un&nbsp;gisement important d\u2019\u00e9nergie&nbsp;qui peut \u00eatre r\u00e9utilis\u00e9e, en appliquant le principe de la&nbsp;circularit\u00e9&nbsp;\u00e0 l\u2019\u00e9nergie thermique.&nbsp;En effet, la circularit\u00e9 s\u2019applique aussi \u00e0 la chaleur industrielle !&nbsp; Dans ce cadre,&nbsp;Wagralim et Fevia Wallonie&nbsp;s\u2019associent \u00e0 un \u00e9v\u00e9nement d&rsquo;une journ\u00e9e le&nbsp;31 mai&nbsp;! Celui-ci est&nbsp;r\u00e9serv\u00e9 aux&nbsp;industriels de sites agroalimentaires&nbsp;et industries chimiques, ayant des besoins thermiques.&nbsp; En plus d\u2019en apprendre beaucoup sur le sujet, cet \u00e9v\u00e8nement sera l\u2019opportunit\u00e9 d\u2019\u00e9changer sur le sujet de l\u2019\u00e9conomie d\u2019\u00e9nergie&nbsp;et la circularit\u00e9 thermique avec une s\u00e9rie d\u2019entreprises expertes en la mati\u00e8re.\" \/>\n<meta property=\"og:url\" content=\"https:\/\/www.renouvelle.be\/fr\/agenda\/la-chaleur-fatale\/\" \/>\n<meta property=\"og:site_name\" content=\"Renouvelle\" \/>\n<meta property=\"article:modified_time\" content=\"2023-05-02T15:16:03+00:00\" \/>\n<meta name=\"twitter:card\" content=\"summary_large_image\" \/>\n<script type=\"application\/ld+json\" class=\"yoast-schema-graph\">{\"@context\":\"https:\\\/\\\/schema.org\",\"@graph\":[{\"@type\":\"WebPage\",\"@id\":\"https:\\\/\\\/www.renouvelle.be\\\/fr\\\/agenda\\\/la-chaleur-fatale\\\/\",\"url\":\"https:\\\/\\\/www.renouvelle.be\\\/fr\\\/agenda\\\/la-chaleur-fatale\\\/\",\"name\":\"La chaleur \\\"fatale\\\" - Renouvelle\",\"isPartOf\":{\"@id\":\"https:\\\/\\\/www.renouvelle.be\\\/fr\\\/#website\"},\"datePublished\":\"2023-05-02T15:16:01+00:00\",\"dateModified\":\"2023-05-02T15:16:03+00:00\",\"breadcrumb\":{\"@id\":\"https:\\\/\\\/www.renouvelle.be\\\/fr\\\/agenda\\\/la-chaleur-fatale\\\/#breadcrumb\"},\"inLanguage\":\"fr-FR\",\"potentialAction\":[{\"@type\":\"ReadAction\",\"target\":[\"https:\\\/\\\/www.renouvelle.be\\\/fr\\\/agenda\\\/la-chaleur-fatale\\\/\"]}]},{\"@type\":\"BreadcrumbList\",\"@id\":\"https:\\\/\\\/www.renouvelle.be\\\/fr\\\/agenda\\\/la-chaleur-fatale\\\/#breadcrumb\",\"itemListElement\":[{\"@type\":\"ListItem\",\"position\":1,\"name\":\"Accueil\",\"item\":\"https:\\\/\\\/www.renouvelle.be\\\/fr\\\/\"},{\"@type\":\"ListItem\",\"position\":2,\"name\":\"Agenda\",\"item\":\"https:\\\/\\\/www.renouvelle.be\\\/fr\\\/agenda\\\/\"},{\"@type\":\"ListItem\",\"position\":3,\"name\":\"La chaleur \u00ab\u00a0fatale\u00a0\u00bb\"}]},{\"@type\":\"WebSite\",\"@id\":\"https:\\\/\\\/www.renouvelle.be\\\/fr\\\/#website\",\"url\":\"https:\\\/\\\/www.renouvelle.be\\\/fr\\\/\",\"name\":\"Renouvelle\",\"description\":\"L&#039;actualit\u00e9 de l&#039;\u00e9nergie durable\",\"potentialAction\":[{\"@type\":\"SearchAction\",\"target\":{\"@type\":\"EntryPoint\",\"urlTemplate\":\"https:\\\/\\\/www.renouvelle.be\\\/fr\\\/?s={search_term_string}\"},\"query-input\":{\"@type\":\"PropertyValueSpecification\",\"valueRequired\":true,\"valueName\":\"search_term_string\"}}],\"inLanguage\":\"fr-FR\"}]}<\/script>\n<!-- \/ Yoast SEO plugin. -->","yoast_head_json":{"title":"La chaleur \"fatale\" - Renouvelle","robots":{"index":"index","follow":"follow","max-snippet":"max-snippet:-1","max-image-preview":"max-image-preview:large","max-video-preview":"max-video-preview:-1"},"canonical":"https:\/\/www.renouvelle.be\/fr\/agenda\/la-chaleur-fatale\/","og_locale":"fr_FR","og_type":"article","og_title":"La chaleur \"fatale\" - Renouvelle","og_description":"Plus de&nbsp;80% de l\u2019\u00e9nergie primaire&nbsp;utilis\u00e9e par un site industriel pour ses besoins thermiques,&nbsp;de chaleur ou de refroidissement,&nbsp;finit sous forme de&nbsp;chaleur perdue ou \u00ab&nbsp;fatale&nbsp;\u00bb.&nbsp; Une grande partie, notamment celle disponible \u00e0 des temp\u00e9ratures en dessous de 80\u00b0C, est encore souvent rejet\u00e9e dans&nbsp;l\u2019atmosph\u00e8re. Elle repr\u00e9sente pourtant un&nbsp;gisement important d\u2019\u00e9nergie&nbsp;qui peut \u00eatre r\u00e9utilis\u00e9e, en appliquant le principe de la&nbsp;circularit\u00e9&nbsp;\u00e0 l\u2019\u00e9nergie thermique.&nbsp;En effet, la circularit\u00e9 s\u2019applique aussi \u00e0 la chaleur industrielle !&nbsp; Dans ce cadre,&nbsp;Wagralim et Fevia Wallonie&nbsp;s\u2019associent \u00e0 un \u00e9v\u00e9nement d&rsquo;une journ\u00e9e le&nbsp;31 mai&nbsp;! Celui-ci est&nbsp;r\u00e9serv\u00e9 aux&nbsp;industriels de sites agroalimentaires&nbsp;et industries chimiques, ayant des besoins thermiques.&nbsp; En plus d\u2019en apprendre beaucoup sur le sujet, cet \u00e9v\u00e8nement sera l\u2019opportunit\u00e9 d\u2019\u00e9changer sur le sujet de l\u2019\u00e9conomie d\u2019\u00e9nergie&nbsp;et la circularit\u00e9 thermique avec une s\u00e9rie d\u2019entreprises expertes en la mati\u00e8re.","og_url":"https:\/\/www.renouvelle.be\/fr\/agenda\/la-chaleur-fatale\/","og_site_name":"Renouvelle","article_modified_time":"2023-05-02T15:16:03+00:00","twitter_card":"summary_large_image","schema":{"@context":"https:\/\/schema.org","@graph":[{"@type":"WebPage","@id":"https:\/\/www.renouvelle.be\/fr\/agenda\/la-chaleur-fatale\/","url":"https:\/\/www.renouvelle.be\/fr\/agenda\/la-chaleur-fatale\/","name":"La chaleur \"fatale\" - Renouvelle","isPartOf":{"@id":"https:\/\/www.renouvelle.be\/fr\/#website"},"datePublished":"2023-05-02T15:16:01+00:00","dateModified":"2023-05-02T15:16:03+00:00","breadcrumb":{"@id":"https:\/\/www.renouvelle.be\/fr\/agenda\/la-chaleur-fatale\/#breadcrumb"},"inLanguage":"fr-FR","potentialAction":[{"@type":"ReadAction","target":["https:\/\/www.renouvelle.be\/fr\/agenda\/la-chaleur-fatale\/"]}]},{"@type":"BreadcrumbList","@id":"https:\/\/www.renouvelle.be\/fr\/agenda\/la-chaleur-fatale\/#breadcrumb","itemListElement":[{"@type":"ListItem","position":1,"name":"Accueil","item":"https:\/\/www.renouvelle.be\/fr\/"},{"@type":"ListItem","position":2,"name":"Agenda","item":"https:\/\/www.renouvelle.be\/fr\/agenda\/"},{"@type":"ListItem","position":3,"name":"La chaleur \u00ab\u00a0fatale\u00a0\u00bb"}]},{"@type":"WebSite","@id":"https:\/\/www.renouvelle.be\/fr\/#website","url":"https:\/\/www.renouvelle.be\/fr\/","name":"Renouvelle","description":"L&#039;actualit\u00e9 de l&#039;\u00e9nergie durable","potentialAction":[{"@type":"SearchAction","target":{"@type":"EntryPoint","urlTemplate":"https:\/\/www.renouvelle.be\/fr\/?s={search_term_string}"},"query-input":{"@type":"PropertyValueSpecification","valueRequired":true,"valueName":"search_term_string"}}],"inLanguage":"fr-FR"}]}},"_links":{"self":[{"href":"https:\/\/www.renouvelle.be\/fr\/wp-json\/wp\/v2\/agenda\/9380","targetHints":{"allow":["GET"]}}],"collection":[{"href":"https:\/\/www.renouvelle.be\/fr\/wp-json\/wp\/v2\/agenda"}],"about":[{"href":"https:\/\/www.renouvelle.be\/fr\/wp-json\/wp\/v2\/types\/agenda"}],"version-history":[{"count":2,"href":"https:\/\/www.renouvelle.be\/fr\/wp-json\/wp\/v2\/agenda\/9380\/revisions"}],"predecessor-version":[{"id":9382,"href":"https:\/\/www.renouvelle.be\/fr\/wp-json\/wp\/v2\/agenda\/9380\/revisions\/9382"}],"wp:attachment":[{"href":"https:\/\/www.renouvelle.be\/fr\/wp-json\/wp\/v2\/media?parent=9380"}],"wp:term":[{"taxonomy":"event","embeddable":true,"href":"https:\/\/www.renouvelle.be\/fr\/wp-json\/wp\/v2\/event?post=9380"}],"curies":[{"name":"wp","href":"https:\/\/api.w.org\/{rel}","templated":true}]}}

<p>Plus de&nbsp;<strong>80% de l’énergie primaire</strong>&nbsp;utilisée par un site industriel pour ses besoins thermiques,&nbsp;de chaleur ou de refroidissement,&nbsp;finit sous forme de&nbsp;<strong>chaleur perdue ou «&nbsp;fatale&nbsp;»</strong>.&nbsp;</p>



<p>Une grande partie, notamment celle disponible à des températures en dessous de 80°C, est encore souvent rejetée dans&nbsp;l’atmosphère. Elle représente pourtant un&nbsp;<strong>gisement important d’énergie</strong>&nbsp;qui peut être réutilisée, en appliquant le principe de la&nbsp;<strong>circularité</strong>&nbsp;à l’énergie thermique.&nbsp;En effet, la circularité s’applique aussi à la chaleur industrielle !&nbsp;</p>



<p>Dans ce cadre,&nbsp;<strong>Wagralim et Fevia Wallonie</strong>&nbsp;s’associent à un événement d&rsquo;une journée le&nbsp;<strong>31 mai</strong>&nbsp;! Celui-ci est&nbsp;<strong>réservé aux</strong>&nbsp;<strong>industriels de sites agroalimentaires</strong>&nbsp;et industries chimiques, ayant des besoins thermiques.&nbsp;</p>



<p>En plus d’en apprendre beaucoup sur le sujet, cet évènement sera l’opportunité d’échanger sur le sujet de l’<strong>économie d’énergie&nbsp;</strong>et la circularité thermique avec une série d’entreprises expertes en la matière.</p>

<!-- This site is optimized with the Yoast SEO plugin v27.5 - https://yoast.com/product/yoast-seo-wordpress/ -->
<title>La chaleur &quot;fatale&quot; - Renouvelle</title>
<meta name="robots" content="index, follow, max-snippet:-1, max-image-preview:large, max-video-preview:-1" />
<link rel="canonical" href="https://www.renouvelle.be/fr/agenda/la-chaleur-fatale/" />
<meta property="og:locale" content="fr_FR" />
<meta property="og:type" content="article" />
<meta property="og:title" content="La chaleur &quot;fatale&quot; - Renouvelle" />
<meta property="og:description" content="Plus de&nbsp;80% de l’énergie primaire&nbsp;utilisée par un site industriel pour ses besoins thermiques,&nbsp;de chaleur ou de refroidissement,&nbsp;finit sous forme de&nbsp;chaleur perdue ou «&nbsp;fatale&nbsp;».&nbsp; Une grande partie, notamment celle disponible à des températures en dessous de 80°C, est encore souvent rejetée dans&nbsp;l’atmosphère. Elle représente pourtant un&nbsp;gisement important d’énergie&nbsp;qui peut être réutilisée, en appliquant le principe de la&nbsp;circularité&nbsp;à l’énergie thermique.&nbsp;En effet, la circularité s’applique aussi à la chaleur industrielle !&nbsp; Dans ce cadre,&nbsp;Wagralim et Fevia Wallonie&nbsp;s’associent à un événement d&rsquo;une journée le&nbsp;31 mai&nbsp;! Celui-ci est&nbsp;réservé aux&nbsp;industriels de sites agroalimentaires&nbsp;et industries chimiques, ayant des besoins thermiques.&nbsp; En plus d’en apprendre beaucoup sur le sujet, cet évènement sera l’opportunité d’échanger sur le sujet de l’économie d’énergie&nbsp;et la circularité thermique avec une série d’entreprises expertes en la matière." />
<meta property="og:url" content="https://www.renouvelle.be/fr/agenda/la-chaleur-fatale/" />
<meta property="og:site_name" content="Renouvelle" />
<meta property="article:modified_time" content="2023-05-02T15:16:03+00:00" />
<meta name="twitter:card" content="summary_large_image" />
<script type="application/ld+json" class="yoast-schema-graph">{"@context":"https:\/\/schema.org","@graph":[{"@type":"WebPage","@id":"https:\/\/www.renouvelle.be\/fr\/agenda\/la-chaleur-fatale\/","url":"https:\/\/www.renouvelle.be\/fr\/agenda\/la-chaleur-fatale\/","name":"La chaleur \"fatale\" - Renouvelle","isPartOf":{"@id":"https:\/\/www.renouvelle.be\/fr\/#website"},"datePublished":"2023-05-02T15:16:01+00:00","dateModified":"2023-05-02T15:16:03+00:00","breadcrumb":{"@id":"https:\/\/www.renouvelle.be\/fr\/agenda\/la-chaleur-fatale\/#breadcrumb"},"inLanguage":"fr-FR","potentialAction":[{"@type":"ReadAction","target":["https:\/\/www.renouvelle.be\/fr\/agenda\/la-chaleur-fatale\/"]}]},{"@type":"BreadcrumbList","@id":"https:\/\/www.renouvelle.be\/fr\/agenda\/la-chaleur-fatale\/#breadcrumb","itemListElement":[{"@type":"ListItem","position":1,"name":"Accueil","item":"https:\/\/www.renouvelle.be\/fr\/"},{"@type":"ListItem","position":2,"name":"Agenda","item":"https:\/\/www.renouvelle.be\/fr\/agenda\/"},{"@type":"ListItem","position":3,"name":"La chaleur « fatale »"}]},{"@type":"WebSite","@id":"https:\/\/www.renouvelle.be\/fr\/#website","url":"https:\/\/www.renouvelle.be\/fr\/","name":"Renouvelle","description":"L&#039;actualité de l&#039;énergie durable","potentialAction":[{"@type":"SearchAction","target":{"@type":"EntryPoint","urlTemplate":"https:\/\/www.renouvelle.be\/fr\/?s={search_term_string}"},"query-input":{"@type":"PropertyValueSpecification","valueRequired":true,"valueName":"search_term_string"}}],"inLanguage":"fr-FR"}]}</script>
<!-- / Yoast SEO plugin. -->

Plus de&nbsp;80% de l’énergie primaire&nbsp;utilisée par un site industriel pour ses besoins thermiques,&nbsp;de chaleur ou de refroidissement,&nbsp;finit sous forme de&nbsp;chaleur perdue ou «&nbsp;fatale&nbsp;».&nbsp; Une grande partie, notamment celle disponible à des températures en dessous de 80°C, est encore souvent rejetée dans&nbsp;l’atmosphère. Elle représente pourtant un&nbsp;gisement important d’énergie&nbsp;qui peut être réutilisée, en appliquant le principe de la&nbsp;circularité&nbsp;à l’énergie thermique.&nbsp;En effet, la circularité s’applique aussi à la chaleur industrielle !&nbsp; Dans ce cadre,&nbsp;Wagralim et Fevia Wallonie&nbsp;s’associent à un événement d&rsquo;une journée le&nbsp;31 mai&nbsp;! Celui-ci est&nbsp;réservé aux&nbsp;industriels de sites agroalimentaires&nbsp;et industries chimiques, ayant des besoins thermiques.&nbsp; En plus d’en apprendre beaucoup sur le sujet, cet évènement sera l’opportunité d’échanger sur le sujet de l’économie d’énergie&nbsp;et la circularité thermique avec une série d’entreprises expertes en la matière.

L&#039;actualité de l&#039;énergie durable
