{"id":9377,"date":"2023-05-02T17:14:03","date_gmt":"2023-05-02T15:14:03","guid":{"rendered":"https:\/\/www.renouvelle.be\/?post_type=agenda&#038;p=9377"},"modified":"2023-05-02T17:14:04","modified_gmt":"2023-05-02T15:14:04","slug":"intersolar-europe","status":"publish","type":"agenda","link":"https:\/\/www.renouvelle.be\/fr\/agenda\/intersolar-europe\/","title":{"rendered":"Intersolar Europe"},"content":{"rendered":"\n<p>Ce salon se d\u00e9roulera du 14 au 16\u00a0juin \u00e0 Munich. Plus de 920 exposants, l\u2019Intersolar Forum et la conf\u00e9rence organis\u00e9e en parall\u00e8le les 13 et 14 juin fournissent un aper\u00e7u des tendances du secteur photovolta\u00efque.<\/p>\n","protected":false},"featured_media":0,"template":"","meta":{"_acf_changed":false,"footnotes":""},"event":[54],"class_list":["post-9377","agenda","type-agenda","status-publish","hentry","event-evenement"],"acf":[],"yoast_head":"<!-- This site is optimized with the Yoast SEO plugin v27.5 - https:\/\/yoast.com\/product\/yoast-seo-wordpress\/ -->\n<title>Intersolar Europe - Renouvelle<\/title>\n<meta name=\"robots\" content=\"index, follow, max-snippet:-1, max-image-preview:large, max-video-preview:-1\" \/>\n<link rel=\"canonical\" href=\"https:\/\/www.renouvelle.be\/fr\/agenda\/intersolar-europe\/\" \/>\n<meta property=\"og:locale\" content=\"fr_FR\" \/>\n<meta property=\"og:type\" content=\"article\" \/>\n<meta property=\"og:title\" content=\"Intersolar Europe - Renouvelle\" \/>\n<meta property=\"og:description\" content=\"Ce salon se d\u00e9roulera du 14 au 16\u00a0juin \u00e0 Munich. Plus de 920 exposants, l\u2019Intersolar Forum et la conf\u00e9rence organis\u00e9e en parall\u00e8le les 13 et 14 juin fournissent un aper\u00e7u des tendances du secteur photovolta\u00efque.\" \/>\n<meta property=\"og:url\" content=\"https:\/\/www.renouvelle.be\/fr\/agenda\/intersolar-europe\/\" \/>\n<meta property=\"og:site_name\" content=\"Renouvelle\" \/>\n<meta property=\"article:modified_time\" content=\"2023-05-02T15:14:04+00:00\" \/>\n<meta name=\"twitter:card\" content=\"summary_large_image\" \/>\n<script type=\"application\/ld+json\" class=\"yoast-schema-graph\">{\"@context\":\"https:\\\/\\\/schema.org\",\"@graph\":[{\"@type\":\"WebPage\",\"@id\":\"https:\\\/\\\/www.renouvelle.be\\\/fr\\\/agenda\\\/intersolar-europe\\\/\",\"url\":\"https:\\\/\\\/www.renouvelle.be\\\/fr\\\/agenda\\\/intersolar-europe\\\/\",\"name\":\"Intersolar Europe - Renouvelle\",\"isPartOf\":{\"@id\":\"https:\\\/\\\/www.renouvelle.be\\\/fr\\\/#website\"},\"datePublished\":\"2023-05-02T15:14:03+00:00\",\"dateModified\":\"2023-05-02T15:14:04+00:00\",\"breadcrumb\":{\"@id\":\"https:\\\/\\\/www.renouvelle.be\\\/fr\\\/agenda\\\/intersolar-europe\\\/#breadcrumb\"},\"inLanguage\":\"fr-FR\",\"potentialAction\":[{\"@type\":\"ReadAction\",\"target\":[\"https:\\\/\\\/www.renouvelle.be\\\/fr\\\/agenda\\\/intersolar-europe\\\/\"]}]},{\"@type\":\"BreadcrumbList\",\"@id\":\"https:\\\/\\\/www.renouvelle.be\\\/fr\\\/agenda\\\/intersolar-europe\\\/#breadcrumb\",\"itemListElement\":[{\"@type\":\"ListItem\",\"position\":1,\"name\":\"Accueil\",\"item\":\"https:\\\/\\\/www.renouvelle.be\\\/fr\\\/\"},{\"@type\":\"ListItem\",\"position\":2,\"name\":\"Agenda\",\"item\":\"https:\\\/\\\/www.renouvelle.be\\\/fr\\\/agenda\\\/\"},{\"@type\":\"ListItem\",\"position\":3,\"name\":\"Intersolar Europe\"}]},{\"@type\":\"WebSite\",\"@id\":\"https:\\\/\\\/www.renouvelle.be\\\/fr\\\/#website\",\"url\":\"https:\\\/\\\/www.renouvelle.be\\\/fr\\\/\",\"name\":\"Renouvelle\",\"description\":\"L&#039;actualit\u00e9 de l&#039;\u00e9nergie durable\",\"potentialAction\":[{\"@type\":\"SearchAction\",\"target\":{\"@type\":\"EntryPoint\",\"urlTemplate\":\"https:\\\/\\\/www.renouvelle.be\\\/fr\\\/?s={search_term_string}\"},\"query-input\":{\"@type\":\"PropertyValueSpecification\",\"valueRequired\":true,\"valueName\":\"search_term_string\"}}],\"inLanguage\":\"fr-FR\"}]}<\/script>\n<!-- \/ Yoast SEO plugin. -->","yoast_head_json":{"title":"Intersolar Europe - Renouvelle","robots":{"index":"index","follow":"follow","max-snippet":"max-snippet:-1","max-image-preview":"max-image-preview:large","max-video-preview":"max-video-preview:-1"},"canonical":"https:\/\/www.renouvelle.be\/fr\/agenda\/intersolar-europe\/","og_locale":"fr_FR","og_type":"article","og_title":"Intersolar Europe - Renouvelle","og_description":"Ce salon se d\u00e9roulera du 14 au 16\u00a0juin \u00e0 Munich. Plus de 920 exposants, l\u2019Intersolar Forum et la conf\u00e9rence organis\u00e9e en parall\u00e8le les 13 et 14 juin fournissent un aper\u00e7u des tendances du secteur photovolta\u00efque.","og_url":"https:\/\/www.renouvelle.be\/fr\/agenda\/intersolar-europe\/","og_site_name":"Renouvelle","article_modified_time":"2023-05-02T15:14:04+00:00","twitter_card":"summary_large_image","schema":{"@context":"https:\/\/schema.org","@graph":[{"@type":"WebPage","@id":"https:\/\/www.renouvelle.be\/fr\/agenda\/intersolar-europe\/","url":"https:\/\/www.renouvelle.be\/fr\/agenda\/intersolar-europe\/","name":"Intersolar Europe - Renouvelle","isPartOf":{"@id":"https:\/\/www.renouvelle.be\/fr\/#website"},"datePublished":"2023-05-02T15:14:03+00:00","dateModified":"2023-05-02T15:14:04+00:00","breadcrumb":{"@id":"https:\/\/www.renouvelle.be\/fr\/agenda\/intersolar-europe\/#breadcrumb"},"inLanguage":"fr-FR","potentialAction":[{"@type":"ReadAction","target":["https:\/\/www.renouvelle.be\/fr\/agenda\/intersolar-europe\/"]}]},{"@type":"BreadcrumbList","@id":"https:\/\/www.renouvelle.be\/fr\/agenda\/intersolar-europe\/#breadcrumb","itemListElement":[{"@type":"ListItem","position":1,"name":"Accueil","item":"https:\/\/www.renouvelle.be\/fr\/"},{"@type":"ListItem","position":2,"name":"Agenda","item":"https:\/\/www.renouvelle.be\/fr\/agenda\/"},{"@type":"ListItem","position":3,"name":"Intersolar Europe"}]},{"@type":"WebSite","@id":"https:\/\/www.renouvelle.be\/fr\/#website","url":"https:\/\/www.renouvelle.be\/fr\/","name":"Renouvelle","description":"L&#039;actualit\u00e9 de l&#039;\u00e9nergie durable","potentialAction":[{"@type":"SearchAction","target":{"@type":"EntryPoint","urlTemplate":"https:\/\/www.renouvelle.be\/fr\/?s={search_term_string}"},"query-input":{"@type":"PropertyValueSpecification","valueRequired":true,"valueName":"search_term_string"}}],"inLanguage":"fr-FR"}]}},"_links":{"self":[{"href":"https:\/\/www.renouvelle.be\/fr\/wp-json\/wp\/v2\/agenda\/9377","targetHints":{"allow":["GET"]}}],"collection":[{"href":"https:\/\/www.renouvelle.be\/fr\/wp-json\/wp\/v2\/agenda"}],"about":[{"href":"https:\/\/www.renouvelle.be\/fr\/wp-json\/wp\/v2\/types\/agenda"}],"version-history":[{"count":2,"href":"https:\/\/www.renouvelle.be\/fr\/wp-json\/wp\/v2\/agenda\/9377\/revisions"}],"predecessor-version":[{"id":9379,"href":"https:\/\/www.renouvelle.be\/fr\/wp-json\/wp\/v2\/agenda\/9377\/revisions\/9379"}],"wp:attachment":[{"href":"https:\/\/www.renouvelle.be\/fr\/wp-json\/wp\/v2\/media?parent=9377"}],"wp:term":[{"taxonomy":"event","embeddable":true,"href":"https:\/\/www.renouvelle.be\/fr\/wp-json\/wp\/v2\/event?post=9377"}],"curies":[{"name":"wp","href":"https:\/\/api.w.org\/{rel}","templated":true}]}}

<p>Ce salon se déroulera du 14 au 16 juin à Munich. Plus de 920 exposants, l’Intersolar Forum et la conférence organisée en parallèle les 13 et 14 juin fournissent un aperçu des tendances du secteur photovoltaïque.</p>

<!-- This site is optimized with the Yoast SEO plugin v27.5 - https://yoast.com/product/yoast-seo-wordpress/ -->
<title>Intersolar Europe - Renouvelle</title>
<meta name="robots" content="index, follow, max-snippet:-1, max-image-preview:large, max-video-preview:-1" />
<link rel="canonical" href="https://www.renouvelle.be/fr/agenda/intersolar-europe/" />
<meta property="og:locale" content="fr_FR" />
<meta property="og:type" content="article" />
<meta property="og:title" content="Intersolar Europe - Renouvelle" />
<meta property="og:description" content="Ce salon se déroulera du 14 au 16 juin à Munich. Plus de 920 exposants, l’Intersolar Forum et la conférence organisée en parallèle les 13 et 14 juin fournissent un aperçu des tendances du secteur photovoltaïque." />
<meta property="og:url" content="https://www.renouvelle.be/fr/agenda/intersolar-europe/" />
<meta property="og:site_name" content="Renouvelle" />
<meta property="article:modified_time" content="2023-05-02T15:14:04+00:00" />
<meta name="twitter:card" content="summary_large_image" />
<script type="application/ld+json" class="yoast-schema-graph">{"@context":"https:\/\/schema.org","@graph":[{"@type":"WebPage","@id":"https:\/\/www.renouvelle.be\/fr\/agenda\/intersolar-europe\/","url":"https:\/\/www.renouvelle.be\/fr\/agenda\/intersolar-europe\/","name":"Intersolar Europe - Renouvelle","isPartOf":{"@id":"https:\/\/www.renouvelle.be\/fr\/#website"},"datePublished":"2023-05-02T15:14:03+00:00","dateModified":"2023-05-02T15:14:04+00:00","breadcrumb":{"@id":"https:\/\/www.renouvelle.be\/fr\/agenda\/intersolar-europe\/#breadcrumb"},"inLanguage":"fr-FR","potentialAction":[{"@type":"ReadAction","target":["https:\/\/www.renouvelle.be\/fr\/agenda\/intersolar-europe\/"]}]},{"@type":"BreadcrumbList","@id":"https:\/\/www.renouvelle.be\/fr\/agenda\/intersolar-europe\/#breadcrumb","itemListElement":[{"@type":"ListItem","position":1,"name":"Accueil","item":"https:\/\/www.renouvelle.be\/fr\/"},{"@type":"ListItem","position":2,"name":"Agenda","item":"https:\/\/www.renouvelle.be\/fr\/agenda\/"},{"@type":"ListItem","position":3,"name":"Intersolar Europe"}]},{"@type":"WebSite","@id":"https:\/\/www.renouvelle.be\/fr\/#website","url":"https:\/\/www.renouvelle.be\/fr\/","name":"Renouvelle","description":"L&#039;actualité de l&#039;énergie durable","potentialAction":[{"@type":"SearchAction","target":{"@type":"EntryPoint","urlTemplate":"https:\/\/www.renouvelle.be\/fr\/?s={search_term_string}"},"query-input":{"@type":"PropertyValueSpecification","valueRequired":true,"valueName":"search_term_string"}}],"inLanguage":"fr-FR"}]}</script>
<!-- / Yoast SEO plugin. -->

Ce salon se déroulera du 14 au 16 juin à Munich. Plus de 920 exposants, l’Intersolar Forum et la conférence organisée en parallèle les 13 et 14 juin fournissent un aperçu des tendances du secteur photovoltaïque.

L&#039;actualité de l&#039;énergie durable
