{"id":9111,"date":"2023-02-28T11:47:05","date_gmt":"2023-02-28T10:47:05","guid":{"rendered":"https:\/\/www.renouvelle.be\/?post_type=agenda&#038;p=9111"},"modified":"2023-02-28T11:47:26","modified_gmt":"2023-02-28T10:47:26","slug":"annual-event-wind-europe","status":"publish","type":"agenda","link":"https:\/\/www.renouvelle.be\/fr\/agenda\/annual-event-wind-europe\/","title":{"rendered":"Annual Event Wind Europe"},"content":{"rendered":"\n<p>Avec plus de 50 sessions et plus de 250 intervenants sur trois jours, des cha\u00eenes d&rsquo;approvisionnement aux autorisations, en passant par les r\u00e9seaux et la durabilit\u00e9, les finances et l&rsquo;\u00e9valuation des ressources, la conf\u00e9rence de cette ann\u00e9e est riche en contenu sur tous les aspects de l&rsquo;\u00e9nergie \u00e9olienne d&rsquo;aujourd&rsquo;hui &#8211; avec des contributions de l&rsquo;ensemble du secteur, de la politique, des ONG et d&rsquo;ailleurs. <\/p>\n","protected":false},"featured_media":0,"template":"","meta":{"_acf_changed":false,"footnotes":""},"event":[53],"class_list":["post-9111","agenda","type-agenda","status-publish","hentry","event-conference"],"acf":[],"yoast_head":"<!-- This site is optimized with the Yoast SEO plugin v27.5 - https:\/\/yoast.com\/product\/yoast-seo-wordpress\/ -->\n<title>Annual Event Wind Europe - Renouvelle<\/title>\n<meta name=\"robots\" content=\"index, follow, max-snippet:-1, max-image-preview:large, max-video-preview:-1\" \/>\n<link rel=\"canonical\" href=\"https:\/\/www.renouvelle.be\/fr\/agenda\/annual-event-wind-europe\/\" \/>\n<meta property=\"og:locale\" content=\"fr_FR\" \/>\n<meta property=\"og:type\" content=\"article\" \/>\n<meta property=\"og:title\" content=\"Annual Event Wind Europe - Renouvelle\" \/>\n<meta property=\"og:description\" content=\"Avec plus de 50 sessions et plus de 250 intervenants sur trois jours, des cha\u00eenes d&rsquo;approvisionnement aux autorisations, en passant par les r\u00e9seaux et la durabilit\u00e9, les finances et l&rsquo;\u00e9valuation des ressources, la conf\u00e9rence de cette ann\u00e9e est riche en contenu sur tous les aspects de l&rsquo;\u00e9nergie \u00e9olienne d&rsquo;aujourd&rsquo;hui &#8211; avec des contributions de l&rsquo;ensemble du secteur, de la politique, des ONG et d&rsquo;ailleurs.\" \/>\n<meta property=\"og:url\" content=\"https:\/\/www.renouvelle.be\/fr\/agenda\/annual-event-wind-europe\/\" \/>\n<meta property=\"og:site_name\" content=\"Renouvelle\" \/>\n<meta property=\"article:modified_time\" content=\"2023-02-28T10:47:26+00:00\" \/>\n<meta name=\"twitter:card\" content=\"summary_large_image\" \/>\n<script type=\"application\/ld+json\" class=\"yoast-schema-graph\">{\"@context\":\"https:\\\/\\\/schema.org\",\"@graph\":[{\"@type\":\"WebPage\",\"@id\":\"https:\\\/\\\/www.renouvelle.be\\\/fr\\\/agenda\\\/annual-event-wind-europe\\\/\",\"url\":\"https:\\\/\\\/www.renouvelle.be\\\/fr\\\/agenda\\\/annual-event-wind-europe\\\/\",\"name\":\"Annual Event Wind Europe - Renouvelle\",\"isPartOf\":{\"@id\":\"https:\\\/\\\/www.renouvelle.be\\\/fr\\\/#website\"},\"datePublished\":\"2023-02-28T10:47:05+00:00\",\"dateModified\":\"2023-02-28T10:47:26+00:00\",\"breadcrumb\":{\"@id\":\"https:\\\/\\\/www.renouvelle.be\\\/fr\\\/agenda\\\/annual-event-wind-europe\\\/#breadcrumb\"},\"inLanguage\":\"fr-FR\",\"potentialAction\":[{\"@type\":\"ReadAction\",\"target\":[\"https:\\\/\\\/www.renouvelle.be\\\/fr\\\/agenda\\\/annual-event-wind-europe\\\/\"]}]},{\"@type\":\"BreadcrumbList\",\"@id\":\"https:\\\/\\\/www.renouvelle.be\\\/fr\\\/agenda\\\/annual-event-wind-europe\\\/#breadcrumb\",\"itemListElement\":[{\"@type\":\"ListItem\",\"position\":1,\"name\":\"Accueil\",\"item\":\"https:\\\/\\\/www.renouvelle.be\\\/fr\\\/\"},{\"@type\":\"ListItem\",\"position\":2,\"name\":\"Agenda\",\"item\":\"https:\\\/\\\/www.renouvelle.be\\\/fr\\\/agenda\\\/\"},{\"@type\":\"ListItem\",\"position\":3,\"name\":\"Annual Event Wind Europe\"}]},{\"@type\":\"WebSite\",\"@id\":\"https:\\\/\\\/www.renouvelle.be\\\/fr\\\/#website\",\"url\":\"https:\\\/\\\/www.renouvelle.be\\\/fr\\\/\",\"name\":\"Renouvelle\",\"description\":\"L&#039;actualit\u00e9 de l&#039;\u00e9nergie durable\",\"potentialAction\":[{\"@type\":\"SearchAction\",\"target\":{\"@type\":\"EntryPoint\",\"urlTemplate\":\"https:\\\/\\\/www.renouvelle.be\\\/fr\\\/?s={search_term_string}\"},\"query-input\":{\"@type\":\"PropertyValueSpecification\",\"valueRequired\":true,\"valueName\":\"search_term_string\"}}],\"inLanguage\":\"fr-FR\"}]}<\/script>\n<!-- \/ Yoast SEO plugin. -->","yoast_head_json":{"title":"Annual Event Wind Europe - Renouvelle","robots":{"index":"index","follow":"follow","max-snippet":"max-snippet:-1","max-image-preview":"max-image-preview:large","max-video-preview":"max-video-preview:-1"},"canonical":"https:\/\/www.renouvelle.be\/fr\/agenda\/annual-event-wind-europe\/","og_locale":"fr_FR","og_type":"article","og_title":"Annual Event Wind Europe - Renouvelle","og_description":"Avec plus de 50 sessions et plus de 250 intervenants sur trois jours, des cha\u00eenes d&rsquo;approvisionnement aux autorisations, en passant par les r\u00e9seaux et la durabilit\u00e9, les finances et l&rsquo;\u00e9valuation des ressources, la conf\u00e9rence de cette ann\u00e9e est riche en contenu sur tous les aspects de l&rsquo;\u00e9nergie \u00e9olienne d&rsquo;aujourd&rsquo;hui &#8211; avec des contributions de l&rsquo;ensemble du secteur, de la politique, des ONG et d&rsquo;ailleurs.","og_url":"https:\/\/www.renouvelle.be\/fr\/agenda\/annual-event-wind-europe\/","og_site_name":"Renouvelle","article_modified_time":"2023-02-28T10:47:26+00:00","twitter_card":"summary_large_image","schema":{"@context":"https:\/\/schema.org","@graph":[{"@type":"WebPage","@id":"https:\/\/www.renouvelle.be\/fr\/agenda\/annual-event-wind-europe\/","url":"https:\/\/www.renouvelle.be\/fr\/agenda\/annual-event-wind-europe\/","name":"Annual Event Wind Europe - Renouvelle","isPartOf":{"@id":"https:\/\/www.renouvelle.be\/fr\/#website"},"datePublished":"2023-02-28T10:47:05+00:00","dateModified":"2023-02-28T10:47:26+00:00","breadcrumb":{"@id":"https:\/\/www.renouvelle.be\/fr\/agenda\/annual-event-wind-europe\/#breadcrumb"},"inLanguage":"fr-FR","potentialAction":[{"@type":"ReadAction","target":["https:\/\/www.renouvelle.be\/fr\/agenda\/annual-event-wind-europe\/"]}]},{"@type":"BreadcrumbList","@id":"https:\/\/www.renouvelle.be\/fr\/agenda\/annual-event-wind-europe\/#breadcrumb","itemListElement":[{"@type":"ListItem","position":1,"name":"Accueil","item":"https:\/\/www.renouvelle.be\/fr\/"},{"@type":"ListItem","position":2,"name":"Agenda","item":"https:\/\/www.renouvelle.be\/fr\/agenda\/"},{"@type":"ListItem","position":3,"name":"Annual Event Wind Europe"}]},{"@type":"WebSite","@id":"https:\/\/www.renouvelle.be\/fr\/#website","url":"https:\/\/www.renouvelle.be\/fr\/","name":"Renouvelle","description":"L&#039;actualit\u00e9 de l&#039;\u00e9nergie durable","potentialAction":[{"@type":"SearchAction","target":{"@type":"EntryPoint","urlTemplate":"https:\/\/www.renouvelle.be\/fr\/?s={search_term_string}"},"query-input":{"@type":"PropertyValueSpecification","valueRequired":true,"valueName":"search_term_string"}}],"inLanguage":"fr-FR"}]}},"_links":{"self":[{"href":"https:\/\/www.renouvelle.be\/fr\/wp-json\/wp\/v2\/agenda\/9111","targetHints":{"allow":["GET"]}}],"collection":[{"href":"https:\/\/www.renouvelle.be\/fr\/wp-json\/wp\/v2\/agenda"}],"about":[{"href":"https:\/\/www.renouvelle.be\/fr\/wp-json\/wp\/v2\/types\/agenda"}],"version-history":[{"count":2,"href":"https:\/\/www.renouvelle.be\/fr\/wp-json\/wp\/v2\/agenda\/9111\/revisions"}],"predecessor-version":[{"id":9113,"href":"https:\/\/www.renouvelle.be\/fr\/wp-json\/wp\/v2\/agenda\/9111\/revisions\/9113"}],"wp:attachment":[{"href":"https:\/\/www.renouvelle.be\/fr\/wp-json\/wp\/v2\/media?parent=9111"}],"wp:term":[{"taxonomy":"event","embeddable":true,"href":"https:\/\/www.renouvelle.be\/fr\/wp-json\/wp\/v2\/event?post=9111"}],"curies":[{"name":"wp","href":"https:\/\/api.w.org\/{rel}","templated":true}]}}

<p>Avec plus de 50 sessions et plus de 250 intervenants sur trois jours, des chaînes d&rsquo;approvisionnement aux autorisations, en passant par les réseaux et la durabilité, les finances et l&rsquo;évaluation des ressources, la conférence de cette année est riche en contenu sur tous les aspects de l&rsquo;énergie éolienne d&rsquo;aujourd&rsquo;hui &#8211; avec des contributions de l&rsquo;ensemble du secteur, de la politique, des ONG et d&rsquo;ailleurs. </p>

<!-- This site is optimized with the Yoast SEO plugin v27.5 - https://yoast.com/product/yoast-seo-wordpress/ -->
<title>Annual Event Wind Europe - Renouvelle</title>
<meta name="robots" content="index, follow, max-snippet:-1, max-image-preview:large, max-video-preview:-1" />
<link rel="canonical" href="https://www.renouvelle.be/fr/agenda/annual-event-wind-europe/" />
<meta property="og:locale" content="fr_FR" />
<meta property="og:type" content="article" />
<meta property="og:title" content="Annual Event Wind Europe - Renouvelle" />
<meta property="og:description" content="Avec plus de 50 sessions et plus de 250 intervenants sur trois jours, des chaînes d&rsquo;approvisionnement aux autorisations, en passant par les réseaux et la durabilité, les finances et l&rsquo;évaluation des ressources, la conférence de cette année est riche en contenu sur tous les aspects de l&rsquo;énergie éolienne d&rsquo;aujourd&rsquo;hui &#8211; avec des contributions de l&rsquo;ensemble du secteur, de la politique, des ONG et d&rsquo;ailleurs." />
<meta property="og:url" content="https://www.renouvelle.be/fr/agenda/annual-event-wind-europe/" />
<meta property="og:site_name" content="Renouvelle" />
<meta property="article:modified_time" content="2023-02-28T10:47:26+00:00" />
<meta name="twitter:card" content="summary_large_image" />
<script type="application/ld+json" class="yoast-schema-graph">{"@context":"https:\/\/schema.org","@graph":[{"@type":"WebPage","@id":"https:\/\/www.renouvelle.be\/fr\/agenda\/annual-event-wind-europe\/","url":"https:\/\/www.renouvelle.be\/fr\/agenda\/annual-event-wind-europe\/","name":"Annual Event Wind Europe - Renouvelle","isPartOf":{"@id":"https:\/\/www.renouvelle.be\/fr\/#website"},"datePublished":"2023-02-28T10:47:05+00:00","dateModified":"2023-02-28T10:47:26+00:00","breadcrumb":{"@id":"https:\/\/www.renouvelle.be\/fr\/agenda\/annual-event-wind-europe\/#breadcrumb"},"inLanguage":"fr-FR","potentialAction":[{"@type":"ReadAction","target":["https:\/\/www.renouvelle.be\/fr\/agenda\/annual-event-wind-europe\/"]}]},{"@type":"BreadcrumbList","@id":"https:\/\/www.renouvelle.be\/fr\/agenda\/annual-event-wind-europe\/#breadcrumb","itemListElement":[{"@type":"ListItem","position":1,"name":"Accueil","item":"https:\/\/www.renouvelle.be\/fr\/"},{"@type":"ListItem","position":2,"name":"Agenda","item":"https:\/\/www.renouvelle.be\/fr\/agenda\/"},{"@type":"ListItem","position":3,"name":"Annual Event Wind Europe"}]},{"@type":"WebSite","@id":"https:\/\/www.renouvelle.be\/fr\/#website","url":"https:\/\/www.renouvelle.be\/fr\/","name":"Renouvelle","description":"L&#039;actualité de l&#039;énergie durable","potentialAction":[{"@type":"SearchAction","target":{"@type":"EntryPoint","urlTemplate":"https:\/\/www.renouvelle.be\/fr\/?s={search_term_string}"},"query-input":{"@type":"PropertyValueSpecification","valueRequired":true,"valueName":"search_term_string"}}],"inLanguage":"fr-FR"}]}</script>
<!-- / Yoast SEO plugin. -->

Avec plus de 50 sessions et plus de 250 intervenants sur trois jours, des chaînes d&rsquo;approvisionnement aux autorisations, en passant par les réseaux et la durabilité, les finances et l&rsquo;évaluation des ressources, la conférence de cette année est riche en contenu sur tous les aspects de l&rsquo;énergie éolienne d&rsquo;aujourd&rsquo;hui &#8211; avec des contributions de l&rsquo;ensemble du secteur, de la politique, des ONG et d&rsquo;ailleurs.

L&#039;actualité de l&#039;énergie durable
