{"id":8478,"date":"2022-10-12T15:22:48","date_gmt":"2022-10-12T13:22:48","guid":{"rendered":"https:\/\/www.renouvelle.be\/?post_type=agenda&#038;p=8478"},"modified":"2022-10-12T15:22:50","modified_gmt":"2022-10-12T13:22:50","slug":"renover-les-ecoles-une-approche-globale-du-projet-a-laction-bruxelles-environnement","status":"publish","type":"agenda","link":"https:\/\/www.renouvelle.be\/fr\/agenda\/renover-les-ecoles-une-approche-globale-du-projet-a-laction-bruxelles-environnement\/","title":{"rendered":"R\u00e9nover les \u00e9coles : Une approche globale, du projet \u00e0 l\u2019action | Bruxelles Environnement"},"content":{"rendered":"","protected":false},"featured_media":0,"template":"","meta":{"_acf_changed":false,"footnotes":""},"event":[26],"class_list":["post-8478","agenda","type-agenda","status-publish","hentry","event-seminaires-formations"],"acf":[],"yoast_head":"<!-- This site is optimized with the Yoast SEO plugin v27.5 - https:\/\/yoast.com\/product\/yoast-seo-wordpress\/ -->\n<title>R\u00e9nover les \u00e9coles : Une approche globale, du projet \u00e0 l\u2019action | Bruxelles Environnement - Renouvelle<\/title>\n<meta name=\"robots\" content=\"index, follow, max-snippet:-1, max-image-preview:large, max-video-preview:-1\" \/>\n<link rel=\"canonical\" href=\"https:\/\/www.renouvelle.be\/fr\/agenda\/renover-les-ecoles-une-approche-globale-du-projet-a-laction-bruxelles-environnement\/\" \/>\n<meta property=\"og:locale\" content=\"fr_FR\" \/>\n<meta property=\"og:type\" content=\"article\" \/>\n<meta property=\"og:title\" content=\"R\u00e9nover les \u00e9coles : Une approche globale, du projet \u00e0 l\u2019action | Bruxelles Environnement - Renouvelle\" \/>\n<meta property=\"og:url\" content=\"https:\/\/www.renouvelle.be\/fr\/agenda\/renover-les-ecoles-une-approche-globale-du-projet-a-laction-bruxelles-environnement\/\" \/>\n<meta property=\"og:site_name\" content=\"Renouvelle\" \/>\n<meta property=\"article:modified_time\" content=\"2022-10-12T13:22:50+00:00\" \/>\n<meta name=\"twitter:card\" content=\"summary_large_image\" \/>\n<script type=\"application\/ld+json\" class=\"yoast-schema-graph\">{\"@context\":\"https:\\\/\\\/schema.org\",\"@graph\":[{\"@type\":\"WebPage\",\"@id\":\"https:\\\/\\\/www.renouvelle.be\\\/fr\\\/agenda\\\/renover-les-ecoles-une-approche-globale-du-projet-a-laction-bruxelles-environnement\\\/\",\"url\":\"https:\\\/\\\/www.renouvelle.be\\\/fr\\\/agenda\\\/renover-les-ecoles-une-approche-globale-du-projet-a-laction-bruxelles-environnement\\\/\",\"name\":\"R\u00e9nover les \u00e9coles : Une approche globale, du projet \u00e0 l\u2019action | Bruxelles Environnement - Renouvelle\",\"isPartOf\":{\"@id\":\"https:\\\/\\\/www.renouvelle.be\\\/fr\\\/#website\"},\"datePublished\":\"2022-10-12T13:22:48+00:00\",\"dateModified\":\"2022-10-12T13:22:50+00:00\",\"breadcrumb\":{\"@id\":\"https:\\\/\\\/www.renouvelle.be\\\/fr\\\/agenda\\\/renover-les-ecoles-une-approche-globale-du-projet-a-laction-bruxelles-environnement\\\/#breadcrumb\"},\"inLanguage\":\"fr-FR\",\"potentialAction\":[{\"@type\":\"ReadAction\",\"target\":[\"https:\\\/\\\/www.renouvelle.be\\\/fr\\\/agenda\\\/renover-les-ecoles-une-approche-globale-du-projet-a-laction-bruxelles-environnement\\\/\"]}]},{\"@type\":\"BreadcrumbList\",\"@id\":\"https:\\\/\\\/www.renouvelle.be\\\/fr\\\/agenda\\\/renover-les-ecoles-une-approche-globale-du-projet-a-laction-bruxelles-environnement\\\/#breadcrumb\",\"itemListElement\":[{\"@type\":\"ListItem\",\"position\":1,\"name\":\"Accueil\",\"item\":\"https:\\\/\\\/www.renouvelle.be\\\/fr\\\/\"},{\"@type\":\"ListItem\",\"position\":2,\"name\":\"Agenda\",\"item\":\"https:\\\/\\\/www.renouvelle.be\\\/fr\\\/agenda\\\/\"},{\"@type\":\"ListItem\",\"position\":3,\"name\":\"R\u00e9nover les \u00e9coles : Une approche globale, du projet \u00e0 l\u2019action | Bruxelles Environnement\"}]},{\"@type\":\"WebSite\",\"@id\":\"https:\\\/\\\/www.renouvelle.be\\\/fr\\\/#website\",\"url\":\"https:\\\/\\\/www.renouvelle.be\\\/fr\\\/\",\"name\":\"Renouvelle\",\"description\":\"L&#039;actualit\u00e9 de l&#039;\u00e9nergie durable\",\"potentialAction\":[{\"@type\":\"SearchAction\",\"target\":{\"@type\":\"EntryPoint\",\"urlTemplate\":\"https:\\\/\\\/www.renouvelle.be\\\/fr\\\/?s={search_term_string}\"},\"query-input\":{\"@type\":\"PropertyValueSpecification\",\"valueRequired\":true,\"valueName\":\"search_term_string\"}}],\"inLanguage\":\"fr-FR\"}]}<\/script>\n<!-- \/ Yoast SEO plugin. -->","yoast_head_json":{"title":"R\u00e9nover les \u00e9coles : Une approche globale, du projet \u00e0 l\u2019action | Bruxelles Environnement - Renouvelle","robots":{"index":"index","follow":"follow","max-snippet":"max-snippet:-1","max-image-preview":"max-image-preview:large","max-video-preview":"max-video-preview:-1"},"canonical":"https:\/\/www.renouvelle.be\/fr\/agenda\/renover-les-ecoles-une-approche-globale-du-projet-a-laction-bruxelles-environnement\/","og_locale":"fr_FR","og_type":"article","og_title":"R\u00e9nover les \u00e9coles : Une approche globale, du projet \u00e0 l\u2019action | Bruxelles Environnement - Renouvelle","og_url":"https:\/\/www.renouvelle.be\/fr\/agenda\/renover-les-ecoles-une-approche-globale-du-projet-a-laction-bruxelles-environnement\/","og_site_name":"Renouvelle","article_modified_time":"2022-10-12T13:22:50+00:00","twitter_card":"summary_large_image","schema":{"@context":"https:\/\/schema.org","@graph":[{"@type":"WebPage","@id":"https:\/\/www.renouvelle.be\/fr\/agenda\/renover-les-ecoles-une-approche-globale-du-projet-a-laction-bruxelles-environnement\/","url":"https:\/\/www.renouvelle.be\/fr\/agenda\/renover-les-ecoles-une-approche-globale-du-projet-a-laction-bruxelles-environnement\/","name":"R\u00e9nover les \u00e9coles : Une approche globale, du projet \u00e0 l\u2019action | Bruxelles Environnement - Renouvelle","isPartOf":{"@id":"https:\/\/www.renouvelle.be\/fr\/#website"},"datePublished":"2022-10-12T13:22:48+00:00","dateModified":"2022-10-12T13:22:50+00:00","breadcrumb":{"@id":"https:\/\/www.renouvelle.be\/fr\/agenda\/renover-les-ecoles-une-approche-globale-du-projet-a-laction-bruxelles-environnement\/#breadcrumb"},"inLanguage":"fr-FR","potentialAction":[{"@type":"ReadAction","target":["https:\/\/www.renouvelle.be\/fr\/agenda\/renover-les-ecoles-une-approche-globale-du-projet-a-laction-bruxelles-environnement\/"]}]},{"@type":"BreadcrumbList","@id":"https:\/\/www.renouvelle.be\/fr\/agenda\/renover-les-ecoles-une-approche-globale-du-projet-a-laction-bruxelles-environnement\/#breadcrumb","itemListElement":[{"@type":"ListItem","position":1,"name":"Accueil","item":"https:\/\/www.renouvelle.be\/fr\/"},{"@type":"ListItem","position":2,"name":"Agenda","item":"https:\/\/www.renouvelle.be\/fr\/agenda\/"},{"@type":"ListItem","position":3,"name":"R\u00e9nover les \u00e9coles : Une approche globale, du projet \u00e0 l\u2019action | Bruxelles Environnement"}]},{"@type":"WebSite","@id":"https:\/\/www.renouvelle.be\/fr\/#website","url":"https:\/\/www.renouvelle.be\/fr\/","name":"Renouvelle","description":"L&#039;actualit\u00e9 de l&#039;\u00e9nergie durable","potentialAction":[{"@type":"SearchAction","target":{"@type":"EntryPoint","urlTemplate":"https:\/\/www.renouvelle.be\/fr\/?s={search_term_string}"},"query-input":{"@type":"PropertyValueSpecification","valueRequired":true,"valueName":"search_term_string"}}],"inLanguage":"fr-FR"}]}},"_links":{"self":[{"href":"https:\/\/www.renouvelle.be\/fr\/wp-json\/wp\/v2\/agenda\/8478","targetHints":{"allow":["GET"]}}],"collection":[{"href":"https:\/\/www.renouvelle.be\/fr\/wp-json\/wp\/v2\/agenda"}],"about":[{"href":"https:\/\/www.renouvelle.be\/fr\/wp-json\/wp\/v2\/types\/agenda"}],"version-history":[{"count":2,"href":"https:\/\/www.renouvelle.be\/fr\/wp-json\/wp\/v2\/agenda\/8478\/revisions"}],"predecessor-version":[{"id":8480,"href":"https:\/\/www.renouvelle.be\/fr\/wp-json\/wp\/v2\/agenda\/8478\/revisions\/8480"}],"wp:attachment":[{"href":"https:\/\/www.renouvelle.be\/fr\/wp-json\/wp\/v2\/media?parent=8478"}],"wp:term":[{"taxonomy":"event","embeddable":true,"href":"https:\/\/www.renouvelle.be\/fr\/wp-json\/wp\/v2\/event?post=8478"}],"curies":[{"name":"wp","href":"https:\/\/api.w.org\/{rel}","templated":true}]}}

Rénover les écoles : Une approche globale, du projet à l’action | Bruxelles Environnement

<!-- This site is optimized with the Yoast SEO plugin v27.5 - https://yoast.com/product/yoast-seo-wordpress/ -->
<title>Rénover les écoles : Une approche globale, du projet à l’action | Bruxelles Environnement - Renouvelle</title>
<meta name="robots" content="index, follow, max-snippet:-1, max-image-preview:large, max-video-preview:-1" />
<link rel="canonical" href="https://www.renouvelle.be/fr/agenda/renover-les-ecoles-une-approche-globale-du-projet-a-laction-bruxelles-environnement/" />
<meta property="og:locale" content="fr_FR" />
<meta property="og:type" content="article" />
<meta property="og:title" content="Rénover les écoles : Une approche globale, du projet à l’action | Bruxelles Environnement - Renouvelle" />
<meta property="og:url" content="https://www.renouvelle.be/fr/agenda/renover-les-ecoles-une-approche-globale-du-projet-a-laction-bruxelles-environnement/" />
<meta property="og:site_name" content="Renouvelle" />
<meta property="article:modified_time" content="2022-10-12T13:22:50+00:00" />
<meta name="twitter:card" content="summary_large_image" />
<script type="application/ld+json" class="yoast-schema-graph">{"@context":"https:\/\/schema.org","@graph":[{"@type":"WebPage","@id":"https:\/\/www.renouvelle.be\/fr\/agenda\/renover-les-ecoles-une-approche-globale-du-projet-a-laction-bruxelles-environnement\/","url":"https:\/\/www.renouvelle.be\/fr\/agenda\/renover-les-ecoles-une-approche-globale-du-projet-a-laction-bruxelles-environnement\/","name":"Rénover les écoles : Une approche globale, du projet à l’action | Bruxelles Environnement - Renouvelle","isPartOf":{"@id":"https:\/\/www.renouvelle.be\/fr\/#website"},"datePublished":"2022-10-12T13:22:48+00:00","dateModified":"2022-10-12T13:22:50+00:00","breadcrumb":{"@id":"https:\/\/www.renouvelle.be\/fr\/agenda\/renover-les-ecoles-une-approche-globale-du-projet-a-laction-bruxelles-environnement\/#breadcrumb"},"inLanguage":"fr-FR","potentialAction":[{"@type":"ReadAction","target":["https:\/\/www.renouvelle.be\/fr\/agenda\/renover-les-ecoles-une-approche-globale-du-projet-a-laction-bruxelles-environnement\/"]}]},{"@type":"BreadcrumbList","@id":"https:\/\/www.renouvelle.be\/fr\/agenda\/renover-les-ecoles-une-approche-globale-du-projet-a-laction-bruxelles-environnement\/#breadcrumb","itemListElement":[{"@type":"ListItem","position":1,"name":"Accueil","item":"https:\/\/www.renouvelle.be\/fr\/"},{"@type":"ListItem","position":2,"name":"Agenda","item":"https:\/\/www.renouvelle.be\/fr\/agenda\/"},{"@type":"ListItem","position":3,"name":"Rénover les écoles : Une approche globale, du projet à l’action | Bruxelles Environnement"}]},{"@type":"WebSite","@id":"https:\/\/www.renouvelle.be\/fr\/#website","url":"https:\/\/www.renouvelle.be\/fr\/","name":"Renouvelle","description":"L&#039;actualité de l&#039;énergie durable","potentialAction":[{"@type":"SearchAction","target":{"@type":"EntryPoint","urlTemplate":"https:\/\/www.renouvelle.be\/fr\/?s={search_term_string}"},"query-input":{"@type":"PropertyValueSpecification","valueRequired":true,"valueName":"search_term_string"}}],"inLanguage":"fr-FR"}]}</script>
<!-- / Yoast SEO plugin. -->

Rénover les écoles : Une approche globale, du projet à l’action | Bruxelles Environnement - Renouvelle

L&#039;actualité de l&#039;énergie durable
