{"id":7721,"date":"2022-01-27T15:12:33","date_gmt":"2022-01-27T14:12:33","guid":{"rendered":"https:\/\/www.renouvelle.be\/?post_type=agenda&#038;p=7721"},"modified":"2022-01-27T15:12:34","modified_gmt":"2022-01-27T14:12:34","slug":"tour-de-la-biomethanisation-2022","status":"publish","type":"agenda","link":"https:\/\/www.renouvelle.be\/fr\/agenda\/tour-de-la-biomethanisation-2022\/","title":{"rendered":"Tour de la biom\u00e9thanisation 2022"},"content":{"rendered":"\n<p><strong>En 2022, ValBiom vous propose de partir \u00e0 la d\u00e9couverte des projets et initiatives des pays limitrophes \u00e0 notre belle r\u00e9gion wallonne. Rendez-vous les 22 f\u00e9vrier, 8 et 22 mars 2022, de 10h30 \u00e0 12h00, en ligne. Save-the-dates !<\/strong><\/p>\n\n\n\n<p>Pour cette \u00e9dition, le Tour se penche sur le volet de la pertinence environnementale des unit\u00e9s de biom\u00e9thanisation. Influence sur le plan carbone et perspectives d&rsquo;\u00e9volution de la fili\u00e8re seront explor\u00e9es lors de 3 visites en France et en Allemagne.<\/p>\n\n\n\n<p>Voici les trois webinaires :<\/p>\n\n\n\n<figure class=\"wp-block-table\"><table><tbody><tr><td><strong>Unit\u00e9 du Bois Joly<\/strong><br><strong>Haute-Sa\u00f4ne, France<\/strong><br><strong>22 f\u00e9vrier<\/strong> \u00a0<br><br> <img decoding=\"async\" width=\"152\" src=\"https:\/\/mcusercontent.com\/e4694527fbc0069caacccdac4\/images\/67a32547-a1fb-fbc8-fcd2-bea6420cc1f7.png\"><a href=\"https:\/\/valbiom.us8.list-manage.com\/track\/click?u=e4694527fbc0069caacccdac4&amp;id=f5fa93072c&amp;e=39b1b21a0e\" target=\"_blank\" rel=\"noreferrer noopener\"><\/a> \u00a0 <br><em>Les effluents d&rsquo;\u00e9levage en biom\u00e9thanisation : une valeur s\u00fbre !\u00a0<\/em><\/td><\/tr><\/tbody><\/table><\/figure>\n\n\n\n<figure class=\"wp-block-table\"><table><tbody><tr><td><strong>Unit\u00e9 De Couchaumont<br>Les Vosges, France<br>08 mars<\/strong> \u00a0<br><br> <img decoding=\"async\" width=\"164\" src=\"https:\/\/mcusercontent.com\/e4694527fbc0069caacccdac4\/images\/fcf830d9-edd3-1451-c580-5b84019529cd.png\"><a href=\"https:\/\/valbiom.us8.list-manage.com\/track\/click?u=e4694527fbc0069caacccdac4&amp;id=bd8e417e0b&amp;e=39b1b21a0e\" target=\"_blank\" rel=\"noreferrer noopener\"><\/a> \u00a0 <br><em>Cultures d\u00e9di\u00e9es : produire mieux pour produire plus<\/em><\/td><\/tr><\/tbody><\/table><\/figure>\n\n\n\n<figure class=\"wp-block-table\"><table><tbody><tr><td><strong>Unit\u00e9 \u00e0 confirmer<br>Allemagne<br>22 mars<\/strong> \u00a0<br><br> <img decoding=\"async\" width=\"164\" src=\"https:\/\/mcusercontent.com\/e4694527fbc0069caacccdac4\/images\/5ba5767b-c2e7-c108-bc56-b1a1893a6ed3.png\"><a href=\"https:\/\/valbiom.us8.list-manage.com\/track\/click?u=e4694527fbc0069caacccdac4&amp;id=60e80a752c&amp;e=39b1b21a0e\" target=\"_blank\" rel=\"noreferrer noopener\"><\/a> \u00a0 <br><em>Les \u00e9missions fugitives : quel impact\u00a0? Comment les contr\u00f4ler ?<\/em><\/td><\/tr><\/tbody><\/table><\/figure>\n\n\n\n<p><em>Ev\u00e9nement gratuit, inscription obligatoire.<\/em><\/p>\n","protected":false},"featured_media":0,"template":"","meta":{"_acf_changed":false,"footnotes":""},"event":[25],"class_list":["post-7721","agenda","type-agenda","status-publish","hentry","event-webinaire"],"acf":[],"yoast_head":"<!-- This site is optimized with the Yoast SEO plugin v27.5 - https:\/\/yoast.com\/product\/yoast-seo-wordpress\/ -->\n<title>Tour de la biom\u00e9thanisation 2022 - Renouvelle<\/title>\n<meta name=\"robots\" content=\"index, follow, max-snippet:-1, max-image-preview:large, max-video-preview:-1\" \/>\n<link rel=\"canonical\" href=\"https:\/\/www.renouvelle.be\/fr\/agenda\/tour-de-la-biomethanisation-2022\/\" \/>\n<meta property=\"og:locale\" content=\"fr_FR\" \/>\n<meta property=\"og:type\" content=\"article\" \/>\n<meta property=\"og:title\" content=\"Tour de la biom\u00e9thanisation 2022 - Renouvelle\" \/>\n<meta property=\"og:description\" content=\"En 2022, ValBiom vous propose de partir \u00e0 la d\u00e9couverte des projets et initiatives des pays limitrophes \u00e0 notre belle r\u00e9gion wallonne. Rendez-vous les 22 f\u00e9vrier, 8 et 22 mars 2022, de 10h30 \u00e0 12h00, en ligne. Save-the-dates ! Pour cette \u00e9dition, le Tour se penche sur le volet de la pertinence environnementale des unit\u00e9s de biom\u00e9thanisation. Influence sur le plan carbone et perspectives d&rsquo;\u00e9volution de la fili\u00e8re seront explor\u00e9es lors de 3 visites en France et en Allemagne. Voici les trois webinaires : Unit\u00e9 du Bois JolyHaute-Sa\u00f4ne, France22 f\u00e9vrier \u00a0 \u00a0 Les effluents d&rsquo;\u00e9levage en biom\u00e9thanisation : une valeur s\u00fbre !\u00a0 Unit\u00e9 De CouchaumontLes Vosges, France08 mars \u00a0 \u00a0 Cultures d\u00e9di\u00e9es : produire mieux pour produire plus Unit\u00e9 \u00e0 confirmerAllemagne22 mars \u00a0 \u00a0 Les \u00e9missions fugitives : quel impact\u00a0? Comment les contr\u00f4ler ? Ev\u00e9nement gratuit, inscription obligatoire.\" \/>\n<meta property=\"og:url\" content=\"https:\/\/www.renouvelle.be\/fr\/agenda\/tour-de-la-biomethanisation-2022\/\" \/>\n<meta property=\"og:site_name\" content=\"Renouvelle\" \/>\n<meta property=\"article:modified_time\" content=\"2022-01-27T14:12:34+00:00\" \/>\n<meta property=\"og:image\" content=\"https:\/\/mcusercontent.com\/e4694527fbc0069caacccdac4\/images\/67a32547-a1fb-fbc8-fcd2-bea6420cc1f7.png\" \/>\n<meta name=\"twitter:card\" content=\"summary_large_image\" \/>\n<script type=\"application\/ld+json\" class=\"yoast-schema-graph\">{\"@context\":\"https:\\\/\\\/schema.org\",\"@graph\":[{\"@type\":\"WebPage\",\"@id\":\"https:\\\/\\\/www.renouvelle.be\\\/fr\\\/agenda\\\/tour-de-la-biomethanisation-2022\\\/\",\"url\":\"https:\\\/\\\/www.renouvelle.be\\\/fr\\\/agenda\\\/tour-de-la-biomethanisation-2022\\\/\",\"name\":\"Tour de la biom\u00e9thanisation 2022 - Renouvelle\",\"isPartOf\":{\"@id\":\"https:\\\/\\\/www.renouvelle.be\\\/fr\\\/#website\"},\"primaryImageOfPage\":{\"@id\":\"https:\\\/\\\/www.renouvelle.be\\\/fr\\\/agenda\\\/tour-de-la-biomethanisation-2022\\\/#primaryimage\"},\"image\":{\"@id\":\"https:\\\/\\\/www.renouvelle.be\\\/fr\\\/agenda\\\/tour-de-la-biomethanisation-2022\\\/#primaryimage\"},\"thumbnailUrl\":\"https:\\\/\\\/mcusercontent.com\\\/e4694527fbc0069caacccdac4\\\/images\\\/67a32547-a1fb-fbc8-fcd2-bea6420cc1f7.png\",\"datePublished\":\"2022-01-27T14:12:33+00:00\",\"dateModified\":\"2022-01-27T14:12:34+00:00\",\"breadcrumb\":{\"@id\":\"https:\\\/\\\/www.renouvelle.be\\\/fr\\\/agenda\\\/tour-de-la-biomethanisation-2022\\\/#breadcrumb\"},\"inLanguage\":\"fr-FR\",\"potentialAction\":[{\"@type\":\"ReadAction\",\"target\":[\"https:\\\/\\\/www.renouvelle.be\\\/fr\\\/agenda\\\/tour-de-la-biomethanisation-2022\\\/\"]}]},{\"@type\":\"ImageObject\",\"inLanguage\":\"fr-FR\",\"@id\":\"https:\\\/\\\/www.renouvelle.be\\\/fr\\\/agenda\\\/tour-de-la-biomethanisation-2022\\\/#primaryimage\",\"url\":\"https:\\\/\\\/mcusercontent.com\\\/e4694527fbc0069caacccdac4\\\/images\\\/67a32547-a1fb-fbc8-fcd2-bea6420cc1f7.png\",\"contentUrl\":\"https:\\\/\\\/mcusercontent.com\\\/e4694527fbc0069caacccdac4\\\/images\\\/67a32547-a1fb-fbc8-fcd2-bea6420cc1f7.png\"},{\"@type\":\"BreadcrumbList\",\"@id\":\"https:\\\/\\\/www.renouvelle.be\\\/fr\\\/agenda\\\/tour-de-la-biomethanisation-2022\\\/#breadcrumb\",\"itemListElement\":[{\"@type\":\"ListItem\",\"position\":1,\"name\":\"Accueil\",\"item\":\"https:\\\/\\\/www.renouvelle.be\\\/fr\\\/\"},{\"@type\":\"ListItem\",\"position\":2,\"name\":\"Agenda\",\"item\":\"https:\\\/\\\/www.renouvelle.be\\\/fr\\\/agenda\\\/\"},{\"@type\":\"ListItem\",\"position\":3,\"name\":\"Tour de la biom\u00e9thanisation 2022\"}]},{\"@type\":\"WebSite\",\"@id\":\"https:\\\/\\\/www.renouvelle.be\\\/fr\\\/#website\",\"url\":\"https:\\\/\\\/www.renouvelle.be\\\/fr\\\/\",\"name\":\"Renouvelle\",\"description\":\"L&#039;actualit\u00e9 de l&#039;\u00e9nergie durable\",\"potentialAction\":[{\"@type\":\"SearchAction\",\"target\":{\"@type\":\"EntryPoint\",\"urlTemplate\":\"https:\\\/\\\/www.renouvelle.be\\\/fr\\\/?s={search_term_string}\"},\"query-input\":{\"@type\":\"PropertyValueSpecification\",\"valueRequired\":true,\"valueName\":\"search_term_string\"}}],\"inLanguage\":\"fr-FR\"}]}<\/script>\n<!-- \/ Yoast SEO plugin. -->","yoast_head_json":{"title":"Tour de la biom\u00e9thanisation 2022 - Renouvelle","robots":{"index":"index","follow":"follow","max-snippet":"max-snippet:-1","max-image-preview":"max-image-preview:large","max-video-preview":"max-video-preview:-1"},"canonical":"https:\/\/www.renouvelle.be\/fr\/agenda\/tour-de-la-biomethanisation-2022\/","og_locale":"fr_FR","og_type":"article","og_title":"Tour de la biom\u00e9thanisation 2022 - Renouvelle","og_description":"En 2022, ValBiom vous propose de partir \u00e0 la d\u00e9couverte des projets et initiatives des pays limitrophes \u00e0 notre belle r\u00e9gion wallonne. Rendez-vous les 22 f\u00e9vrier, 8 et 22 mars 2022, de 10h30 \u00e0 12h00, en ligne. Save-the-dates ! Pour cette \u00e9dition, le Tour se penche sur le volet de la pertinence environnementale des unit\u00e9s de biom\u00e9thanisation. Influence sur le plan carbone et perspectives d&rsquo;\u00e9volution de la fili\u00e8re seront explor\u00e9es lors de 3 visites en France et en Allemagne. Voici les trois webinaires : Unit\u00e9 du Bois JolyHaute-Sa\u00f4ne, France22 f\u00e9vrier \u00a0 \u00a0 Les effluents d&rsquo;\u00e9levage en biom\u00e9thanisation : une valeur s\u00fbre !\u00a0 Unit\u00e9 De CouchaumontLes Vosges, France08 mars \u00a0 \u00a0 Cultures d\u00e9di\u00e9es : produire mieux pour produire plus Unit\u00e9 \u00e0 confirmerAllemagne22 mars \u00a0 \u00a0 Les \u00e9missions fugitives : quel impact\u00a0? Comment les contr\u00f4ler ? Ev\u00e9nement gratuit, inscription obligatoire.","og_url":"https:\/\/www.renouvelle.be\/fr\/agenda\/tour-de-la-biomethanisation-2022\/","og_site_name":"Renouvelle","article_modified_time":"2022-01-27T14:12:34+00:00","og_image":[{"url":"https:\/\/mcusercontent.com\/e4694527fbc0069caacccdac4\/images\/67a32547-a1fb-fbc8-fcd2-bea6420cc1f7.png","type":"","width":"","height":""}],"twitter_card":"summary_large_image","schema":{"@context":"https:\/\/schema.org","@graph":[{"@type":"WebPage","@id":"https:\/\/www.renouvelle.be\/fr\/agenda\/tour-de-la-biomethanisation-2022\/","url":"https:\/\/www.renouvelle.be\/fr\/agenda\/tour-de-la-biomethanisation-2022\/","name":"Tour de la biom\u00e9thanisation 2022 - Renouvelle","isPartOf":{"@id":"https:\/\/www.renouvelle.be\/fr\/#website"},"primaryImageOfPage":{"@id":"https:\/\/www.renouvelle.be\/fr\/agenda\/tour-de-la-biomethanisation-2022\/#primaryimage"},"image":{"@id":"https:\/\/www.renouvelle.be\/fr\/agenda\/tour-de-la-biomethanisation-2022\/#primaryimage"},"thumbnailUrl":"https:\/\/mcusercontent.com\/e4694527fbc0069caacccdac4\/images\/67a32547-a1fb-fbc8-fcd2-bea6420cc1f7.png","datePublished":"2022-01-27T14:12:33+00:00","dateModified":"2022-01-27T14:12:34+00:00","breadcrumb":{"@id":"https:\/\/www.renouvelle.be\/fr\/agenda\/tour-de-la-biomethanisation-2022\/#breadcrumb"},"inLanguage":"fr-FR","potentialAction":[{"@type":"ReadAction","target":["https:\/\/www.renouvelle.be\/fr\/agenda\/tour-de-la-biomethanisation-2022\/"]}]},{"@type":"ImageObject","inLanguage":"fr-FR","@id":"https:\/\/www.renouvelle.be\/fr\/agenda\/tour-de-la-biomethanisation-2022\/#primaryimage","url":"https:\/\/mcusercontent.com\/e4694527fbc0069caacccdac4\/images\/67a32547-a1fb-fbc8-fcd2-bea6420cc1f7.png","contentUrl":"https:\/\/mcusercontent.com\/e4694527fbc0069caacccdac4\/images\/67a32547-a1fb-fbc8-fcd2-bea6420cc1f7.png"},{"@type":"BreadcrumbList","@id":"https:\/\/www.renouvelle.be\/fr\/agenda\/tour-de-la-biomethanisation-2022\/#breadcrumb","itemListElement":[{"@type":"ListItem","position":1,"name":"Accueil","item":"https:\/\/www.renouvelle.be\/fr\/"},{"@type":"ListItem","position":2,"name":"Agenda","item":"https:\/\/www.renouvelle.be\/fr\/agenda\/"},{"@type":"ListItem","position":3,"name":"Tour de la biom\u00e9thanisation 2022"}]},{"@type":"WebSite","@id":"https:\/\/www.renouvelle.be\/fr\/#website","url":"https:\/\/www.renouvelle.be\/fr\/","name":"Renouvelle","description":"L&#039;actualit\u00e9 de l&#039;\u00e9nergie durable","potentialAction":[{"@type":"SearchAction","target":{"@type":"EntryPoint","urlTemplate":"https:\/\/www.renouvelle.be\/fr\/?s={search_term_string}"},"query-input":{"@type":"PropertyValueSpecification","valueRequired":true,"valueName":"search_term_string"}}],"inLanguage":"fr-FR"}]}},"_links":{"self":[{"href":"https:\/\/www.renouvelle.be\/fr\/wp-json\/wp\/v2\/agenda\/7721","targetHints":{"allow":["GET"]}}],"collection":[{"href":"https:\/\/www.renouvelle.be\/fr\/wp-json\/wp\/v2\/agenda"}],"about":[{"href":"https:\/\/www.renouvelle.be\/fr\/wp-json\/wp\/v2\/types\/agenda"}],"version-history":[{"count":2,"href":"https:\/\/www.renouvelle.be\/fr\/wp-json\/wp\/v2\/agenda\/7721\/revisions"}],"predecessor-version":[{"id":7723,"href":"https:\/\/www.renouvelle.be\/fr\/wp-json\/wp\/v2\/agenda\/7721\/revisions\/7723"}],"wp:attachment":[{"href":"https:\/\/www.renouvelle.be\/fr\/wp-json\/wp\/v2\/media?parent=7721"}],"wp:term":[{"taxonomy":"event","embeddable":true,"href":"https:\/\/www.renouvelle.be\/fr\/wp-json\/wp\/v2\/event?post=7721"}],"curies":[{"name":"wp","href":"https:\/\/api.w.org\/{rel}","templated":true}]}}

Tour de la biométhanisation 2022

<p><strong>En 2022, ValBiom vous propose de partir à la découverte des projets et initiatives des pays limitrophes à notre belle région wallonne. Rendez-vous les 22 février, 8 et 22 mars 2022, de 10h30 à 12h00, en ligne. Save-the-dates !</strong></p>



<p>Pour cette édition, le Tour se penche sur le volet de la pertinence environnementale des unités de biométhanisation. Influence sur le plan carbone et perspectives d&rsquo;évolution de la filière seront explorées lors de 3 visites en France et en Allemagne.</p>



<p>Voici les trois webinaires :</p>



<figure class="wp-block-table"><table><tbody><tr><td><strong>Unité du Bois Joly</strong><br><strong>Haute-Saône, France</strong><br><strong>22 février</strong>  <br><br> <img decoding="async" width="152" src="https://mcusercontent.com/e4694527fbc0069caacccdac4/images/67a32547-a1fb-fbc8-fcd2-bea6420cc1f7.png"><a href="https://valbiom.us8.list-manage.com/track/click?u=e4694527fbc0069caacccdac4&amp;id=f5fa93072c&amp;e=39b1b21a0e" target="_blank" rel="noreferrer noopener"></a>   <br><em>Les effluents d&rsquo;élevage en biométhanisation : une valeur sûre ! </em></td></tr></tbody></table></figure>



<figure class="wp-block-table"><table><tbody><tr><td><strong>Unité De Couchaumont<br>Les Vosges, France<br>08 mars</strong>  <br><br> <img decoding="async" width="164" src="https://mcusercontent.com/e4694527fbc0069caacccdac4/images/fcf830d9-edd3-1451-c580-5b84019529cd.png"><a href="https://valbiom.us8.list-manage.com/track/click?u=e4694527fbc0069caacccdac4&amp;id=bd8e417e0b&amp;e=39b1b21a0e" target="_blank" rel="noreferrer noopener"></a>   <br><em>Cultures dédiées : produire mieux pour produire plus</em></td></tr></tbody></table></figure>



<figure class="wp-block-table"><table><tbody><tr><td><strong>Unité à confirmer<br>Allemagne<br>22 mars</strong>  <br><br> <img decoding="async" width="164" src="https://mcusercontent.com/e4694527fbc0069caacccdac4/images/5ba5767b-c2e7-c108-bc56-b1a1893a6ed3.png"><a href="https://valbiom.us8.list-manage.com/track/click?u=e4694527fbc0069caacccdac4&amp;id=60e80a752c&amp;e=39b1b21a0e" target="_blank" rel="noreferrer noopener"></a>   <br><em>Les émissions fugitives : quel impact ? Comment les contrôler ?</em></td></tr></tbody></table></figure>



<p><em>Evénement gratuit, inscription obligatoire.</em></p>

<!-- This site is optimized with the Yoast SEO plugin v27.5 - https://yoast.com/product/yoast-seo-wordpress/ -->
<title>Tour de la biométhanisation 2022 - Renouvelle</title>
<meta name="robots" content="index, follow, max-snippet:-1, max-image-preview:large, max-video-preview:-1" />
<link rel="canonical" href="https://www.renouvelle.be/fr/agenda/tour-de-la-biomethanisation-2022/" />
<meta property="og:locale" content="fr_FR" />
<meta property="og:type" content="article" />
<meta property="og:title" content="Tour de la biométhanisation 2022 - Renouvelle" />
<meta property="og:description" content="En 2022, ValBiom vous propose de partir à la découverte des projets et initiatives des pays limitrophes à notre belle région wallonne. Rendez-vous les 22 février, 8 et 22 mars 2022, de 10h30 à 12h00, en ligne. Save-the-dates ! Pour cette édition, le Tour se penche sur le volet de la pertinence environnementale des unités de biométhanisation. Influence sur le plan carbone et perspectives d&rsquo;évolution de la filière seront explorées lors de 3 visites en France et en Allemagne. Voici les trois webinaires : Unité du Bois JolyHaute-Saône, France22 février     Les effluents d&rsquo;élevage en biométhanisation : une valeur sûre !  Unité De CouchaumontLes Vosges, France08 mars     Cultures dédiées : produire mieux pour produire plus Unité à confirmerAllemagne22 mars     Les émissions fugitives : quel impact ? Comment les contrôler ? Evénement gratuit, inscription obligatoire." />
<meta property="og:url" content="https://www.renouvelle.be/fr/agenda/tour-de-la-biomethanisation-2022/" />
<meta property="og:site_name" content="Renouvelle" />
<meta property="article:modified_time" content="2022-01-27T14:12:34+00:00" />
<meta property="og:image" content="https://mcusercontent.com/e4694527fbc0069caacccdac4/images/67a32547-a1fb-fbc8-fcd2-bea6420cc1f7.png" />
<meta name="twitter:card" content="summary_large_image" />
<script type="application/ld+json" class="yoast-schema-graph">{"@context":"https:\/\/schema.org","@graph":[{"@type":"WebPage","@id":"https:\/\/www.renouvelle.be\/fr\/agenda\/tour-de-la-biomethanisation-2022\/","url":"https:\/\/www.renouvelle.be\/fr\/agenda\/tour-de-la-biomethanisation-2022\/","name":"Tour de la biométhanisation 2022 - Renouvelle","isPartOf":{"@id":"https:\/\/www.renouvelle.be\/fr\/#website"},"primaryImageOfPage":{"@id":"https:\/\/www.renouvelle.be\/fr\/agenda\/tour-de-la-biomethanisation-2022\/#primaryimage"},"image":{"@id":"https:\/\/www.renouvelle.be\/fr\/agenda\/tour-de-la-biomethanisation-2022\/#primaryimage"},"thumbnailUrl":"https:\/\/mcusercontent.com\/e4694527fbc0069caacccdac4\/images\/67a32547-a1fb-fbc8-fcd2-bea6420cc1f7.png","datePublished":"2022-01-27T14:12:33+00:00","dateModified":"2022-01-27T14:12:34+00:00","breadcrumb":{"@id":"https:\/\/www.renouvelle.be\/fr\/agenda\/tour-de-la-biomethanisation-2022\/#breadcrumb"},"inLanguage":"fr-FR","potentialAction":[{"@type":"ReadAction","target":["https:\/\/www.renouvelle.be\/fr\/agenda\/tour-de-la-biomethanisation-2022\/"]}]},{"@type":"ImageObject","inLanguage":"fr-FR","@id":"https:\/\/www.renouvelle.be\/fr\/agenda\/tour-de-la-biomethanisation-2022\/#primaryimage","url":"https:\/\/mcusercontent.com\/e4694527fbc0069caacccdac4\/images\/67a32547-a1fb-fbc8-fcd2-bea6420cc1f7.png","contentUrl":"https:\/\/mcusercontent.com\/e4694527fbc0069caacccdac4\/images\/67a32547-a1fb-fbc8-fcd2-bea6420cc1f7.png"},{"@type":"BreadcrumbList","@id":"https:\/\/www.renouvelle.be\/fr\/agenda\/tour-de-la-biomethanisation-2022\/#breadcrumb","itemListElement":[{"@type":"ListItem","position":1,"name":"Accueil","item":"https:\/\/www.renouvelle.be\/fr\/"},{"@type":"ListItem","position":2,"name":"Agenda","item":"https:\/\/www.renouvelle.be\/fr\/agenda\/"},{"@type":"ListItem","position":3,"name":"Tour de la biométhanisation 2022"}]},{"@type":"WebSite","@id":"https:\/\/www.renouvelle.be\/fr\/#website","url":"https:\/\/www.renouvelle.be\/fr\/","name":"Renouvelle","description":"L&#039;actualité de l&#039;énergie durable","potentialAction":[{"@type":"SearchAction","target":{"@type":"EntryPoint","urlTemplate":"https:\/\/www.renouvelle.be\/fr\/?s={search_term_string}"},"query-input":{"@type":"PropertyValueSpecification","valueRequired":true,"valueName":"search_term_string"}}],"inLanguage":"fr-FR"}]}</script>
<!-- / Yoast SEO plugin. -->

Tour de la biométhanisation 2022 - Renouvelle

En 2022, ValBiom vous propose de partir à la découverte des projets et initiatives des pays limitrophes à notre belle région wallonne. Rendez-vous les 22 février, 8 et 22 mars 2022, de 10h30 à 12h00, en ligne. Save-the-dates ! Pour cette édition, le Tour se penche sur le volet de la pertinence environnementale des unités de biométhanisation. Influence sur le plan carbone et perspectives d&rsquo;évolution de la filière seront explorées lors de 3 visites en France et en Allemagne. Voici les trois webinaires : Unité du Bois JolyHaute-Saône, France22 février     Les effluents d&rsquo;élevage en biométhanisation : une valeur sûre !  Unité De CouchaumontLes Vosges, France08 mars     Cultures dédiées : produire mieux pour produire plus Unité à confirmerAllemagne22 mars     Les émissions fugitives : quel impact ? Comment les contrôler ? Evénement gratuit, inscription obligatoire.

L&#039;actualité de l&#039;énergie durable
