{"id":16531,"date":"2026-03-17T16:47:02","date_gmt":"2026-03-17T15:47:02","guid":{"rendered":"https:\/\/www.renouvelle.be\/?post_type=agenda&#038;p=16531"},"modified":"2026-03-17T16:47:04","modified_gmt":"2026-03-17T15:47:04","slug":"homegrade-pourquoi-et-comment-isoler-thermiquement-son-habitation","status":"publish","type":"agenda","link":"https:\/\/www.renouvelle.be\/fr\/agenda\/homegrade-pourquoi-et-comment-isoler-thermiquement-son-habitation\/","title":{"rendered":"Homegrade : pourquoi et comment isoler thermiquement son habitation ?"},"content":{"rendered":"\n<p>Homegrade vous propose un webinaire qui abordera les raisons d\u2019isoler son b\u00e2timent et les notions d\u2019isolation, d\u2019\u00e9tanch\u00e9it\u00e9 \u00e0 l\u2019air et de ventilation afin de bien comprendre comment isoler les diff\u00e9rentes parois du b\u00e2timent. <\/p>\n\n\n\n<p>Il s\u2019agira d\u2019une pr\u00e9sentation globale et qui n&rsquo;entrera pas dans les d\u00e9tails techniques de chaque isolation de paroi.<\/p>\n\n\n\n<p>Le webinaire aura lieu le 21 mai 2026 : inscriptions sur <a href=\"https:\/\/us06web.zoom.us\/webinar\/register\/6317732392691\/WN_xrVEJU_0T2ibfVs5x1qsSQ#\/registration\" type=\"link\" id=\"https:\/\/us06web.zoom.us\/webinar\/register\/6317732392691\/WN_xrVEJU_0T2ibfVs5x1qsSQ#\/registration\" target=\"_blank\" rel=\"noreferrer noopener\">ce lien<\/a>.<\/p>\n","protected":false},"featured_media":0,"template":"","meta":{"_acf_changed":false,"footnotes":""},"event":[25],"class_list":["post-16531","agenda","type-agenda","status-publish","hentry","event-webinaire"],"acf":[],"yoast_head":"<!-- This site is optimized with the Yoast SEO plugin v27.5 - https:\/\/yoast.com\/product\/yoast-seo-wordpress\/ -->\n<title>Homegrade : pourquoi et comment isoler thermiquement son habitation ? - Renouvelle<\/title>\n<meta name=\"robots\" content=\"index, follow, max-snippet:-1, max-image-preview:large, max-video-preview:-1\" \/>\n<link rel=\"canonical\" href=\"https:\/\/www.renouvelle.be\/fr\/agenda\/homegrade-pourquoi-et-comment-isoler-thermiquement-son-habitation\/\" \/>\n<meta property=\"og:locale\" content=\"fr_FR\" \/>\n<meta property=\"og:type\" content=\"article\" \/>\n<meta property=\"og:title\" content=\"Homegrade : pourquoi et comment isoler thermiquement son habitation ? - Renouvelle\" \/>\n<meta property=\"og:description\" content=\"Homegrade vous propose un webinaire qui abordera les raisons d\u2019isoler son b\u00e2timent et les notions d\u2019isolation, d\u2019\u00e9tanch\u00e9it\u00e9 \u00e0 l\u2019air et de ventilation afin de bien comprendre comment isoler les diff\u00e9rentes parois du b\u00e2timent. Il s\u2019agira d\u2019une pr\u00e9sentation globale et qui n&rsquo;entrera pas dans les d\u00e9tails techniques de chaque isolation de paroi. Le webinaire aura lieu le 21 mai 2026 : inscriptions sur ce lien.\" \/>\n<meta property=\"og:url\" content=\"https:\/\/www.renouvelle.be\/fr\/agenda\/homegrade-pourquoi-et-comment-isoler-thermiquement-son-habitation\/\" \/>\n<meta property=\"og:site_name\" content=\"Renouvelle\" \/>\n<meta property=\"article:modified_time\" content=\"2026-03-17T15:47:04+00:00\" \/>\n<meta name=\"twitter:card\" content=\"summary_large_image\" \/>\n<script type=\"application\/ld+json\" class=\"yoast-schema-graph\">{\"@context\":\"https:\\\/\\\/schema.org\",\"@graph\":[{\"@type\":\"WebPage\",\"@id\":\"https:\\\/\\\/www.renouvelle.be\\\/fr\\\/agenda\\\/homegrade-pourquoi-et-comment-isoler-thermiquement-son-habitation\\\/\",\"url\":\"https:\\\/\\\/www.renouvelle.be\\\/fr\\\/agenda\\\/homegrade-pourquoi-et-comment-isoler-thermiquement-son-habitation\\\/\",\"name\":\"Homegrade : pourquoi et comment isoler thermiquement son habitation ? - Renouvelle\",\"isPartOf\":{\"@id\":\"https:\\\/\\\/www.renouvelle.be\\\/fr\\\/#website\"},\"datePublished\":\"2026-03-17T15:47:02+00:00\",\"dateModified\":\"2026-03-17T15:47:04+00:00\",\"breadcrumb\":{\"@id\":\"https:\\\/\\\/www.renouvelle.be\\\/fr\\\/agenda\\\/homegrade-pourquoi-et-comment-isoler-thermiquement-son-habitation\\\/#breadcrumb\"},\"inLanguage\":\"fr-FR\",\"potentialAction\":[{\"@type\":\"ReadAction\",\"target\":[\"https:\\\/\\\/www.renouvelle.be\\\/fr\\\/agenda\\\/homegrade-pourquoi-et-comment-isoler-thermiquement-son-habitation\\\/\"]}]},{\"@type\":\"BreadcrumbList\",\"@id\":\"https:\\\/\\\/www.renouvelle.be\\\/fr\\\/agenda\\\/homegrade-pourquoi-et-comment-isoler-thermiquement-son-habitation\\\/#breadcrumb\",\"itemListElement\":[{\"@type\":\"ListItem\",\"position\":1,\"name\":\"Accueil\",\"item\":\"https:\\\/\\\/www.renouvelle.be\\\/fr\\\/\"},{\"@type\":\"ListItem\",\"position\":2,\"name\":\"Agenda\",\"item\":\"https:\\\/\\\/www.renouvelle.be\\\/fr\\\/agenda\\\/\"},{\"@type\":\"ListItem\",\"position\":3,\"name\":\"Homegrade : pourquoi et comment isoler thermiquement son habitation ?\"}]},{\"@type\":\"WebSite\",\"@id\":\"https:\\\/\\\/www.renouvelle.be\\\/fr\\\/#website\",\"url\":\"https:\\\/\\\/www.renouvelle.be\\\/fr\\\/\",\"name\":\"Renouvelle\",\"description\":\"L&#039;actualit\u00e9 de l&#039;\u00e9nergie durable\",\"potentialAction\":[{\"@type\":\"SearchAction\",\"target\":{\"@type\":\"EntryPoint\",\"urlTemplate\":\"https:\\\/\\\/www.renouvelle.be\\\/fr\\\/?s={search_term_string}\"},\"query-input\":{\"@type\":\"PropertyValueSpecification\",\"valueRequired\":true,\"valueName\":\"search_term_string\"}}],\"inLanguage\":\"fr-FR\"}]}<\/script>\n<!-- \/ Yoast SEO plugin. -->","yoast_head_json":{"title":"Homegrade : pourquoi et comment isoler thermiquement son habitation ? - Renouvelle","robots":{"index":"index","follow":"follow","max-snippet":"max-snippet:-1","max-image-preview":"max-image-preview:large","max-video-preview":"max-video-preview:-1"},"canonical":"https:\/\/www.renouvelle.be\/fr\/agenda\/homegrade-pourquoi-et-comment-isoler-thermiquement-son-habitation\/","og_locale":"fr_FR","og_type":"article","og_title":"Homegrade : pourquoi et comment isoler thermiquement son habitation ? - Renouvelle","og_description":"Homegrade vous propose un webinaire qui abordera les raisons d\u2019isoler son b\u00e2timent et les notions d\u2019isolation, d\u2019\u00e9tanch\u00e9it\u00e9 \u00e0 l\u2019air et de ventilation afin de bien comprendre comment isoler les diff\u00e9rentes parois du b\u00e2timent. Il s\u2019agira d\u2019une pr\u00e9sentation globale et qui n&rsquo;entrera pas dans les d\u00e9tails techniques de chaque isolation de paroi. Le webinaire aura lieu le 21 mai 2026 : inscriptions sur ce lien.","og_url":"https:\/\/www.renouvelle.be\/fr\/agenda\/homegrade-pourquoi-et-comment-isoler-thermiquement-son-habitation\/","og_site_name":"Renouvelle","article_modified_time":"2026-03-17T15:47:04+00:00","twitter_card":"summary_large_image","schema":{"@context":"https:\/\/schema.org","@graph":[{"@type":"WebPage","@id":"https:\/\/www.renouvelle.be\/fr\/agenda\/homegrade-pourquoi-et-comment-isoler-thermiquement-son-habitation\/","url":"https:\/\/www.renouvelle.be\/fr\/agenda\/homegrade-pourquoi-et-comment-isoler-thermiquement-son-habitation\/","name":"Homegrade : pourquoi et comment isoler thermiquement son habitation ? - Renouvelle","isPartOf":{"@id":"https:\/\/www.renouvelle.be\/fr\/#website"},"datePublished":"2026-03-17T15:47:02+00:00","dateModified":"2026-03-17T15:47:04+00:00","breadcrumb":{"@id":"https:\/\/www.renouvelle.be\/fr\/agenda\/homegrade-pourquoi-et-comment-isoler-thermiquement-son-habitation\/#breadcrumb"},"inLanguage":"fr-FR","potentialAction":[{"@type":"ReadAction","target":["https:\/\/www.renouvelle.be\/fr\/agenda\/homegrade-pourquoi-et-comment-isoler-thermiquement-son-habitation\/"]}]},{"@type":"BreadcrumbList","@id":"https:\/\/www.renouvelle.be\/fr\/agenda\/homegrade-pourquoi-et-comment-isoler-thermiquement-son-habitation\/#breadcrumb","itemListElement":[{"@type":"ListItem","position":1,"name":"Accueil","item":"https:\/\/www.renouvelle.be\/fr\/"},{"@type":"ListItem","position":2,"name":"Agenda","item":"https:\/\/www.renouvelle.be\/fr\/agenda\/"},{"@type":"ListItem","position":3,"name":"Homegrade : pourquoi et comment isoler thermiquement son habitation ?"}]},{"@type":"WebSite","@id":"https:\/\/www.renouvelle.be\/fr\/#website","url":"https:\/\/www.renouvelle.be\/fr\/","name":"Renouvelle","description":"L&#039;actualit\u00e9 de l&#039;\u00e9nergie durable","potentialAction":[{"@type":"SearchAction","target":{"@type":"EntryPoint","urlTemplate":"https:\/\/www.renouvelle.be\/fr\/?s={search_term_string}"},"query-input":{"@type":"PropertyValueSpecification","valueRequired":true,"valueName":"search_term_string"}}],"inLanguage":"fr-FR"}]}},"_links":{"self":[{"href":"https:\/\/www.renouvelle.be\/fr\/wp-json\/wp\/v2\/agenda\/16531","targetHints":{"allow":["GET"]}}],"collection":[{"href":"https:\/\/www.renouvelle.be\/fr\/wp-json\/wp\/v2\/agenda"}],"about":[{"href":"https:\/\/www.renouvelle.be\/fr\/wp-json\/wp\/v2\/types\/agenda"}],"version-history":[{"count":1,"href":"https:\/\/www.renouvelle.be\/fr\/wp-json\/wp\/v2\/agenda\/16531\/revisions"}],"predecessor-version":[{"id":16532,"href":"https:\/\/www.renouvelle.be\/fr\/wp-json\/wp\/v2\/agenda\/16531\/revisions\/16532"}],"wp:attachment":[{"href":"https:\/\/www.renouvelle.be\/fr\/wp-json\/wp\/v2\/media?parent=16531"}],"wp:term":[{"taxonomy":"event","embeddable":true,"href":"https:\/\/www.renouvelle.be\/fr\/wp-json\/wp\/v2\/event?post=16531"}],"curies":[{"name":"wp","href":"https:\/\/api.w.org\/{rel}","templated":true}]}}

<p>Homegrade vous propose un webinaire qui abordera les raisons d’isoler son bâtiment et les notions d’isolation, d’étanchéité à l’air et de ventilation afin de bien comprendre comment isoler les différentes parois du bâtiment. </p>



<p>Il s’agira d’une présentation globale et qui n&rsquo;entrera pas dans les détails techniques de chaque isolation de paroi.</p>



<p>Le webinaire aura lieu le 21 mai 2026 : inscriptions sur <a href="https://us06web.zoom.us/webinar/register/6317732392691/WN_xrVEJU_0T2ibfVs5x1qsSQ#/registration" type="link" id="https://us06web.zoom.us/webinar/register/6317732392691/WN_xrVEJU_0T2ibfVs5x1qsSQ#/registration" target="_blank" rel="noreferrer noopener">ce lien</a>.</p>

<!-- This site is optimized with the Yoast SEO plugin v27.5 - https://yoast.com/product/yoast-seo-wordpress/ -->
<title>Homegrade : pourquoi et comment isoler thermiquement son habitation ? - Renouvelle</title>
<meta name="robots" content="index, follow, max-snippet:-1, max-image-preview:large, max-video-preview:-1" />
<link rel="canonical" href="https://www.renouvelle.be/fr/agenda/homegrade-pourquoi-et-comment-isoler-thermiquement-son-habitation/" />
<meta property="og:locale" content="fr_FR" />
<meta property="og:type" content="article" />
<meta property="og:title" content="Homegrade : pourquoi et comment isoler thermiquement son habitation ? - Renouvelle" />
<meta property="og:description" content="Homegrade vous propose un webinaire qui abordera les raisons d’isoler son bâtiment et les notions d’isolation, d’étanchéité à l’air et de ventilation afin de bien comprendre comment isoler les différentes parois du bâtiment. Il s’agira d’une présentation globale et qui n&rsquo;entrera pas dans les détails techniques de chaque isolation de paroi. Le webinaire aura lieu le 21 mai 2026 : inscriptions sur ce lien." />
<meta property="og:url" content="https://www.renouvelle.be/fr/agenda/homegrade-pourquoi-et-comment-isoler-thermiquement-son-habitation/" />
<meta property="og:site_name" content="Renouvelle" />
<meta property="article:modified_time" content="2026-03-17T15:47:04+00:00" />
<meta name="twitter:card" content="summary_large_image" />
<script type="application/ld+json" class="yoast-schema-graph">{"@context":"https:\/\/schema.org","@graph":[{"@type":"WebPage","@id":"https:\/\/www.renouvelle.be\/fr\/agenda\/homegrade-pourquoi-et-comment-isoler-thermiquement-son-habitation\/","url":"https:\/\/www.renouvelle.be\/fr\/agenda\/homegrade-pourquoi-et-comment-isoler-thermiquement-son-habitation\/","name":"Homegrade : pourquoi et comment isoler thermiquement son habitation ? - Renouvelle","isPartOf":{"@id":"https:\/\/www.renouvelle.be\/fr\/#website"},"datePublished":"2026-03-17T15:47:02+00:00","dateModified":"2026-03-17T15:47:04+00:00","breadcrumb":{"@id":"https:\/\/www.renouvelle.be\/fr\/agenda\/homegrade-pourquoi-et-comment-isoler-thermiquement-son-habitation\/#breadcrumb"},"inLanguage":"fr-FR","potentialAction":[{"@type":"ReadAction","target":["https:\/\/www.renouvelle.be\/fr\/agenda\/homegrade-pourquoi-et-comment-isoler-thermiquement-son-habitation\/"]}]},{"@type":"BreadcrumbList","@id":"https:\/\/www.renouvelle.be\/fr\/agenda\/homegrade-pourquoi-et-comment-isoler-thermiquement-son-habitation\/#breadcrumb","itemListElement":[{"@type":"ListItem","position":1,"name":"Accueil","item":"https:\/\/www.renouvelle.be\/fr\/"},{"@type":"ListItem","position":2,"name":"Agenda","item":"https:\/\/www.renouvelle.be\/fr\/agenda\/"},{"@type":"ListItem","position":3,"name":"Homegrade : pourquoi et comment isoler thermiquement son habitation ?"}]},{"@type":"WebSite","@id":"https:\/\/www.renouvelle.be\/fr\/#website","url":"https:\/\/www.renouvelle.be\/fr\/","name":"Renouvelle","description":"L&#039;actualité de l&#039;énergie durable","potentialAction":[{"@type":"SearchAction","target":{"@type":"EntryPoint","urlTemplate":"https:\/\/www.renouvelle.be\/fr\/?s={search_term_string}"},"query-input":{"@type":"PropertyValueSpecification","valueRequired":true,"valueName":"search_term_string"}}],"inLanguage":"fr-FR"}]}</script>
<!-- / Yoast SEO plugin. -->

Homegrade vous propose un webinaire qui abordera les raisons d’isoler son bâtiment et les notions d’isolation, d’étanchéité à l’air et de ventilation afin de bien comprendre comment isoler les différentes parois du bâtiment. Il s’agira d’une présentation globale et qui n&rsquo;entrera pas dans les détails techniques de chaque isolation de paroi. Le webinaire aura lieu le 21 mai 2026 : inscriptions sur ce lien.

L&#039;actualité de l&#039;énergie durable
