{"id":13550,"date":"2024-08-27T11:47:48","date_gmt":"2024-08-27T09:47:48","guid":{"rendered":"https:\/\/www.renouvelle.be\/?post_type=agenda&#038;p=13550"},"modified":"2024-08-27T11:47:58","modified_gmt":"2024-08-27T09:47:58","slug":"formation-exigences-peb-en-renovation","status":"publish","type":"agenda","link":"https:\/\/www.renouvelle.be\/fr\/agenda\/formation-exigences-peb-en-renovation\/","title":{"rendered":"Formation : Exigences PEB en r\u00e9novation"},"content":{"rendered":"\n<p>Une vaste strat\u00e9gie de r\u00e9novation du b\u00e2ti est actuellement mise en place partout en Europe, pour rendre le secteur climatiquement neutre d&rsquo;ici 2050. Bruxelles Environnement propose une formation aux professionnels du b\u00e2timents et de la ville afin de les aider \u00e0 y voir plus clair.<\/p>\n\n\n\n<p>Lors de la formation, plusieurs options de r\u00e9novation, conciliant objectifs \u00e0 atteindre et sp\u00e9cificit\u00e9s du b\u00e2ti urbain, seront pr\u00e9sent\u00e9es. Les th\u00e8mes abord\u00e9s iront de l&rsquo;isolation \u00e0 la ventilation en passant par le chauffage et les \u00e9nergies renouvelables.<\/p>\n\n\n\n<p>La formation aura lieu sur le site de Tour &amp; Taxis, fin novembre et d\u00e9but d\u00e9cembre, \u00e0 ces dates (toute la journ\u00e9e) :<br>25\/11\/2024<br>02\/12\/2024<br>09\/12\/2024<br><br>Prix et programme <a href=\"https:\/\/environnement.brussels\/pro\/agenda\/exigences-peb-en-renovation\" target=\"_blank\" rel=\"noreferrer noopener\">ici<\/a>.<\/p>\n","protected":false},"featured_media":0,"template":"","meta":{"_acf_changed":false,"footnotes":""},"event":[26],"class_list":["post-13550","agenda","type-agenda","status-publish","hentry","event-seminaires-formations"],"acf":[],"yoast_head":"<!-- This site is optimized with the Yoast SEO plugin v27.5 - https:\/\/yoast.com\/product\/yoast-seo-wordpress\/ -->\n<title>Formation : Exigences PEB en r\u00e9novation - Renouvelle<\/title>\n<meta name=\"robots\" content=\"index, follow, max-snippet:-1, max-image-preview:large, max-video-preview:-1\" \/>\n<link rel=\"canonical\" href=\"https:\/\/www.renouvelle.be\/fr\/agenda\/formation-exigences-peb-en-renovation\/\" \/>\n<meta property=\"og:locale\" content=\"fr_FR\" \/>\n<meta property=\"og:type\" content=\"article\" \/>\n<meta property=\"og:title\" content=\"Formation : Exigences PEB en r\u00e9novation - Renouvelle\" \/>\n<meta property=\"og:description\" content=\"Une vaste strat\u00e9gie de r\u00e9novation du b\u00e2ti est actuellement mise en place partout en Europe, pour rendre le secteur climatiquement neutre d&rsquo;ici 2050. Bruxelles Environnement propose une formation aux professionnels du b\u00e2timents et de la ville afin de les aider \u00e0 y voir plus clair. Lors de la formation, plusieurs options de r\u00e9novation, conciliant objectifs \u00e0 atteindre et sp\u00e9cificit\u00e9s du b\u00e2ti urbain, seront pr\u00e9sent\u00e9es. Les th\u00e8mes abord\u00e9s iront de l&rsquo;isolation \u00e0 la ventilation en passant par le chauffage et les \u00e9nergies renouvelables. La formation aura lieu sur le site de Tour &amp; Taxis, fin novembre et d\u00e9but d\u00e9cembre, \u00e0 ces dates (toute la journ\u00e9e) :25\/11\/202402\/12\/202409\/12\/2024 Prix et programme ici.\" \/>\n<meta property=\"og:url\" content=\"https:\/\/www.renouvelle.be\/fr\/agenda\/formation-exigences-peb-en-renovation\/\" \/>\n<meta property=\"og:site_name\" content=\"Renouvelle\" \/>\n<meta property=\"article:modified_time\" content=\"2024-08-27T09:47:58+00:00\" \/>\n<meta name=\"twitter:card\" content=\"summary_large_image\" \/>\n<script type=\"application\/ld+json\" class=\"yoast-schema-graph\">{\"@context\":\"https:\\\/\\\/schema.org\",\"@graph\":[{\"@type\":\"WebPage\",\"@id\":\"https:\\\/\\\/www.renouvelle.be\\\/fr\\\/agenda\\\/formation-exigences-peb-en-renovation\\\/\",\"url\":\"https:\\\/\\\/www.renouvelle.be\\\/fr\\\/agenda\\\/formation-exigences-peb-en-renovation\\\/\",\"name\":\"Formation : Exigences PEB en r\u00e9novation - Renouvelle\",\"isPartOf\":{\"@id\":\"https:\\\/\\\/www.renouvelle.be\\\/fr\\\/#website\"},\"datePublished\":\"2024-08-27T09:47:48+00:00\",\"dateModified\":\"2024-08-27T09:47:58+00:00\",\"breadcrumb\":{\"@id\":\"https:\\\/\\\/www.renouvelle.be\\\/fr\\\/agenda\\\/formation-exigences-peb-en-renovation\\\/#breadcrumb\"},\"inLanguage\":\"fr-FR\",\"potentialAction\":[{\"@type\":\"ReadAction\",\"target\":[\"https:\\\/\\\/www.renouvelle.be\\\/fr\\\/agenda\\\/formation-exigences-peb-en-renovation\\\/\"]}]},{\"@type\":\"BreadcrumbList\",\"@id\":\"https:\\\/\\\/www.renouvelle.be\\\/fr\\\/agenda\\\/formation-exigences-peb-en-renovation\\\/#breadcrumb\",\"itemListElement\":[{\"@type\":\"ListItem\",\"position\":1,\"name\":\"Accueil\",\"item\":\"https:\\\/\\\/www.renouvelle.be\\\/fr\\\/\"},{\"@type\":\"ListItem\",\"position\":2,\"name\":\"Agenda\",\"item\":\"https:\\\/\\\/www.renouvelle.be\\\/fr\\\/agenda\\\/\"},{\"@type\":\"ListItem\",\"position\":3,\"name\":\"Formation : Exigences PEB en r\u00e9novation\"}]},{\"@type\":\"WebSite\",\"@id\":\"https:\\\/\\\/www.renouvelle.be\\\/fr\\\/#website\",\"url\":\"https:\\\/\\\/www.renouvelle.be\\\/fr\\\/\",\"name\":\"Renouvelle\",\"description\":\"L&#039;actualit\u00e9 de l&#039;\u00e9nergie durable\",\"potentialAction\":[{\"@type\":\"SearchAction\",\"target\":{\"@type\":\"EntryPoint\",\"urlTemplate\":\"https:\\\/\\\/www.renouvelle.be\\\/fr\\\/?s={search_term_string}\"},\"query-input\":{\"@type\":\"PropertyValueSpecification\",\"valueRequired\":true,\"valueName\":\"search_term_string\"}}],\"inLanguage\":\"fr-FR\"}]}<\/script>\n<!-- \/ Yoast SEO plugin. -->","yoast_head_json":{"title":"Formation : Exigences PEB en r\u00e9novation - Renouvelle","robots":{"index":"index","follow":"follow","max-snippet":"max-snippet:-1","max-image-preview":"max-image-preview:large","max-video-preview":"max-video-preview:-1"},"canonical":"https:\/\/www.renouvelle.be\/fr\/agenda\/formation-exigences-peb-en-renovation\/","og_locale":"fr_FR","og_type":"article","og_title":"Formation : Exigences PEB en r\u00e9novation - Renouvelle","og_description":"Une vaste strat\u00e9gie de r\u00e9novation du b\u00e2ti est actuellement mise en place partout en Europe, pour rendre le secteur climatiquement neutre d&rsquo;ici 2050. Bruxelles Environnement propose une formation aux professionnels du b\u00e2timents et de la ville afin de les aider \u00e0 y voir plus clair. Lors de la formation, plusieurs options de r\u00e9novation, conciliant objectifs \u00e0 atteindre et sp\u00e9cificit\u00e9s du b\u00e2ti urbain, seront pr\u00e9sent\u00e9es. Les th\u00e8mes abord\u00e9s iront de l&rsquo;isolation \u00e0 la ventilation en passant par le chauffage et les \u00e9nergies renouvelables. La formation aura lieu sur le site de Tour &amp; Taxis, fin novembre et d\u00e9but d\u00e9cembre, \u00e0 ces dates (toute la journ\u00e9e) :25\/11\/202402\/12\/202409\/12\/2024 Prix et programme ici.","og_url":"https:\/\/www.renouvelle.be\/fr\/agenda\/formation-exigences-peb-en-renovation\/","og_site_name":"Renouvelle","article_modified_time":"2024-08-27T09:47:58+00:00","twitter_card":"summary_large_image","schema":{"@context":"https:\/\/schema.org","@graph":[{"@type":"WebPage","@id":"https:\/\/www.renouvelle.be\/fr\/agenda\/formation-exigences-peb-en-renovation\/","url":"https:\/\/www.renouvelle.be\/fr\/agenda\/formation-exigences-peb-en-renovation\/","name":"Formation : Exigences PEB en r\u00e9novation - Renouvelle","isPartOf":{"@id":"https:\/\/www.renouvelle.be\/fr\/#website"},"datePublished":"2024-08-27T09:47:48+00:00","dateModified":"2024-08-27T09:47:58+00:00","breadcrumb":{"@id":"https:\/\/www.renouvelle.be\/fr\/agenda\/formation-exigences-peb-en-renovation\/#breadcrumb"},"inLanguage":"fr-FR","potentialAction":[{"@type":"ReadAction","target":["https:\/\/www.renouvelle.be\/fr\/agenda\/formation-exigences-peb-en-renovation\/"]}]},{"@type":"BreadcrumbList","@id":"https:\/\/www.renouvelle.be\/fr\/agenda\/formation-exigences-peb-en-renovation\/#breadcrumb","itemListElement":[{"@type":"ListItem","position":1,"name":"Accueil","item":"https:\/\/www.renouvelle.be\/fr\/"},{"@type":"ListItem","position":2,"name":"Agenda","item":"https:\/\/www.renouvelle.be\/fr\/agenda\/"},{"@type":"ListItem","position":3,"name":"Formation : Exigences PEB en r\u00e9novation"}]},{"@type":"WebSite","@id":"https:\/\/www.renouvelle.be\/fr\/#website","url":"https:\/\/www.renouvelle.be\/fr\/","name":"Renouvelle","description":"L&#039;actualit\u00e9 de l&#039;\u00e9nergie durable","potentialAction":[{"@type":"SearchAction","target":{"@type":"EntryPoint","urlTemplate":"https:\/\/www.renouvelle.be\/fr\/?s={search_term_string}"},"query-input":{"@type":"PropertyValueSpecification","valueRequired":true,"valueName":"search_term_string"}}],"inLanguage":"fr-FR"}]}},"_links":{"self":[{"href":"https:\/\/www.renouvelle.be\/fr\/wp-json\/wp\/v2\/agenda\/13550","targetHints":{"allow":["GET"]}}],"collection":[{"href":"https:\/\/www.renouvelle.be\/fr\/wp-json\/wp\/v2\/agenda"}],"about":[{"href":"https:\/\/www.renouvelle.be\/fr\/wp-json\/wp\/v2\/types\/agenda"}],"version-history":[{"count":1,"href":"https:\/\/www.renouvelle.be\/fr\/wp-json\/wp\/v2\/agenda\/13550\/revisions"}],"predecessor-version":[{"id":13551,"href":"https:\/\/www.renouvelle.be\/fr\/wp-json\/wp\/v2\/agenda\/13550\/revisions\/13551"}],"wp:attachment":[{"href":"https:\/\/www.renouvelle.be\/fr\/wp-json\/wp\/v2\/media?parent=13550"}],"wp:term":[{"taxonomy":"event","embeddable":true,"href":"https:\/\/www.renouvelle.be\/fr\/wp-json\/wp\/v2\/event?post=13550"}],"curies":[{"name":"wp","href":"https:\/\/api.w.org\/{rel}","templated":true}]}}

Formation : Exigences PEB en rénovation

<p>Une vaste stratégie de rénovation du bâti est actuellement mise en place partout en Europe, pour rendre le secteur climatiquement neutre d&rsquo;ici 2050. Bruxelles Environnement propose une formation aux professionnels du bâtiments et de la ville afin de les aider à y voir plus clair.</p>



<p>Lors de la formation, plusieurs options de rénovation, conciliant objectifs à atteindre et spécificités du bâti urbain, seront présentées. Les thèmes abordés iront de l&rsquo;isolation à la ventilation en passant par le chauffage et les énergies renouvelables.</p>



<p>La formation aura lieu sur le site de Tour &amp; Taxis, fin novembre et début décembre, à ces dates (toute la journée) :<br>25/11/2024<br>02/12/2024<br>09/12/2024<br><br>Prix et programme <a href="https://environnement.brussels/pro/agenda/exigences-peb-en-renovation" target="_blank" rel="noreferrer noopener">ici</a>.</p>

<!-- This site is optimized with the Yoast SEO plugin v27.5 - https://yoast.com/product/yoast-seo-wordpress/ -->
<title>Formation : Exigences PEB en rénovation - Renouvelle</title>
<meta name="robots" content="index, follow, max-snippet:-1, max-image-preview:large, max-video-preview:-1" />
<link rel="canonical" href="https://www.renouvelle.be/fr/agenda/formation-exigences-peb-en-renovation/" />
<meta property="og:locale" content="fr_FR" />
<meta property="og:type" content="article" />
<meta property="og:title" content="Formation : Exigences PEB en rénovation - Renouvelle" />
<meta property="og:description" content="Une vaste stratégie de rénovation du bâti est actuellement mise en place partout en Europe, pour rendre le secteur climatiquement neutre d&rsquo;ici 2050. Bruxelles Environnement propose une formation aux professionnels du bâtiments et de la ville afin de les aider à y voir plus clair. Lors de la formation, plusieurs options de rénovation, conciliant objectifs à atteindre et spécificités du bâti urbain, seront présentées. Les thèmes abordés iront de l&rsquo;isolation à la ventilation en passant par le chauffage et les énergies renouvelables. La formation aura lieu sur le site de Tour &amp; Taxis, fin novembre et début décembre, à ces dates (toute la journée) :25/11/202402/12/202409/12/2024 Prix et programme ici." />
<meta property="og:url" content="https://www.renouvelle.be/fr/agenda/formation-exigences-peb-en-renovation/" />
<meta property="og:site_name" content="Renouvelle" />
<meta property="article:modified_time" content="2024-08-27T09:47:58+00:00" />
<meta name="twitter:card" content="summary_large_image" />
<script type="application/ld+json" class="yoast-schema-graph">{"@context":"https:\/\/schema.org","@graph":[{"@type":"WebPage","@id":"https:\/\/www.renouvelle.be\/fr\/agenda\/formation-exigences-peb-en-renovation\/","url":"https:\/\/www.renouvelle.be\/fr\/agenda\/formation-exigences-peb-en-renovation\/","name":"Formation : Exigences PEB en rénovation - Renouvelle","isPartOf":{"@id":"https:\/\/www.renouvelle.be\/fr\/#website"},"datePublished":"2024-08-27T09:47:48+00:00","dateModified":"2024-08-27T09:47:58+00:00","breadcrumb":{"@id":"https:\/\/www.renouvelle.be\/fr\/agenda\/formation-exigences-peb-en-renovation\/#breadcrumb"},"inLanguage":"fr-FR","potentialAction":[{"@type":"ReadAction","target":["https:\/\/www.renouvelle.be\/fr\/agenda\/formation-exigences-peb-en-renovation\/"]}]},{"@type":"BreadcrumbList","@id":"https:\/\/www.renouvelle.be\/fr\/agenda\/formation-exigences-peb-en-renovation\/#breadcrumb","itemListElement":[{"@type":"ListItem","position":1,"name":"Accueil","item":"https:\/\/www.renouvelle.be\/fr\/"},{"@type":"ListItem","position":2,"name":"Agenda","item":"https:\/\/www.renouvelle.be\/fr\/agenda\/"},{"@type":"ListItem","position":3,"name":"Formation : Exigences PEB en rénovation"}]},{"@type":"WebSite","@id":"https:\/\/www.renouvelle.be\/fr\/#website","url":"https:\/\/www.renouvelle.be\/fr\/","name":"Renouvelle","description":"L&#039;actualité de l&#039;énergie durable","potentialAction":[{"@type":"SearchAction","target":{"@type":"EntryPoint","urlTemplate":"https:\/\/www.renouvelle.be\/fr\/?s={search_term_string}"},"query-input":{"@type":"PropertyValueSpecification","valueRequired":true,"valueName":"search_term_string"}}],"inLanguage":"fr-FR"}]}</script>
<!-- / Yoast SEO plugin. -->

Formation : Exigences PEB en rénovation - Renouvelle

Une vaste stratégie de rénovation du bâti est actuellement mise en place partout en Europe, pour rendre le secteur climatiquement neutre d&rsquo;ici 2050. Bruxelles Environnement propose une formation aux professionnels du bâtiments et de la ville afin de les aider à y voir plus clair. Lors de la formation, plusieurs options de rénovation, conciliant objectifs à atteindre et spécificités du bâti urbain, seront présentées. Les thèmes abordés iront de l&rsquo;isolation à la ventilation en passant par le chauffage et les énergies renouvelables. La formation aura lieu sur le site de Tour &amp; Taxis, fin novembre et début décembre, à ces dates (toute la journée) :25/11/202402/12/202409/12/2024 Prix et programme ici.

L&#039;actualité de l&#039;énergie durable
