{"id":12900,"date":"2024-04-23T15:46:16","date_gmt":"2024-04-23T13:46:16","guid":{"rendered":"https:\/\/www.renouvelle.be\/?post_type=agenda&#038;p=12900"},"modified":"2024-04-23T15:47:34","modified_gmt":"2024-04-23T13:47:34","slug":"intersolar-europe-lexposition-leader-mondial-pour-lindustrie-solaire","status":"publish","type":"agenda","link":"https:\/\/www.renouvelle.be\/fr\/agenda\/intersolar-europe-lexposition-leader-mondial-pour-lindustrie-solaire\/","title":{"rendered":"Intersolar Europe, l&rsquo;exposition leader mondial pour l&rsquo;industrie solaire"},"content":{"rendered":"\n<p>Intersolar est un salon professionnel sp\u00e9cialis\u00e9 dans le domaine de l&rsquo;\u00e9nergie solaire. Cette s\u00e9rie d&rsquo;\u00e9v\u00e9nements met l&rsquo;accent sur le photovolta\u00efque, la technologie de production photovolta\u00efque, le stockage de l&rsquo;\u00e9nergie et l&rsquo;\u00e9nergie solaire thermique.<\/p>\n\n\n\n<p>Il aura lieu en Allemagne au Messe M\u00fcnchen de Munich, du 19 au 21 juin 2024. <br>Inscription payante <a href=\"https:\/\/www.intersolar.de\/tickets\" target=\"_blank\" rel=\"noreferrer noopener\">ici<\/a>.<\/p>\n","protected":false},"featured_media":0,"template":"","meta":{"_acf_changed":false,"footnotes":""},"event":[54],"class_list":["post-12900","agenda","type-agenda","status-publish","hentry","event-evenement"],"acf":[],"yoast_head":"<!-- This site is optimized with the Yoast SEO plugin v27.5 - https:\/\/yoast.com\/product\/yoast-seo-wordpress\/ -->\n<title>Intersolar Europe, l&#039;exposition leader mondial pour l&#039;industrie solaire - Renouvelle<\/title>\n<meta name=\"robots\" content=\"index, follow, max-snippet:-1, max-image-preview:large, max-video-preview:-1\" \/>\n<link rel=\"canonical\" href=\"https:\/\/www.renouvelle.be\/fr\/agenda\/intersolar-europe-lexposition-leader-mondial-pour-lindustrie-solaire\/\" \/>\n<meta property=\"og:locale\" content=\"fr_FR\" \/>\n<meta property=\"og:type\" content=\"article\" \/>\n<meta property=\"og:title\" content=\"Intersolar Europe, l&#039;exposition leader mondial pour l&#039;industrie solaire - Renouvelle\" \/>\n<meta property=\"og:description\" content=\"Intersolar est un salon professionnel sp\u00e9cialis\u00e9 dans le domaine de l&rsquo;\u00e9nergie solaire. Cette s\u00e9rie d&rsquo;\u00e9v\u00e9nements met l&rsquo;accent sur le photovolta\u00efque, la technologie de production photovolta\u00efque, le stockage de l&rsquo;\u00e9nergie et l&rsquo;\u00e9nergie solaire thermique. Il aura lieu en Allemagne au Messe M\u00fcnchen de Munich, du 19 au 21 juin 2024. Inscription payante ici.\" \/>\n<meta property=\"og:url\" content=\"https:\/\/www.renouvelle.be\/fr\/agenda\/intersolar-europe-lexposition-leader-mondial-pour-lindustrie-solaire\/\" \/>\n<meta property=\"og:site_name\" content=\"Renouvelle\" \/>\n<meta property=\"article:modified_time\" content=\"2024-04-23T13:47:34+00:00\" \/>\n<meta name=\"twitter:card\" content=\"summary_large_image\" \/>\n<script type=\"application\/ld+json\" class=\"yoast-schema-graph\">{\"@context\":\"https:\\\/\\\/schema.org\",\"@graph\":[{\"@type\":\"WebPage\",\"@id\":\"https:\\\/\\\/www.renouvelle.be\\\/fr\\\/agenda\\\/intersolar-europe-lexposition-leader-mondial-pour-lindustrie-solaire\\\/\",\"url\":\"https:\\\/\\\/www.renouvelle.be\\\/fr\\\/agenda\\\/intersolar-europe-lexposition-leader-mondial-pour-lindustrie-solaire\\\/\",\"name\":\"Intersolar Europe, l'exposition leader mondial pour l'industrie solaire - Renouvelle\",\"isPartOf\":{\"@id\":\"https:\\\/\\\/www.renouvelle.be\\\/fr\\\/#website\"},\"datePublished\":\"2024-04-23T13:46:16+00:00\",\"dateModified\":\"2024-04-23T13:47:34+00:00\",\"breadcrumb\":{\"@id\":\"https:\\\/\\\/www.renouvelle.be\\\/fr\\\/agenda\\\/intersolar-europe-lexposition-leader-mondial-pour-lindustrie-solaire\\\/#breadcrumb\"},\"inLanguage\":\"fr-FR\",\"potentialAction\":[{\"@type\":\"ReadAction\",\"target\":[\"https:\\\/\\\/www.renouvelle.be\\\/fr\\\/agenda\\\/intersolar-europe-lexposition-leader-mondial-pour-lindustrie-solaire\\\/\"]}]},{\"@type\":\"BreadcrumbList\",\"@id\":\"https:\\\/\\\/www.renouvelle.be\\\/fr\\\/agenda\\\/intersolar-europe-lexposition-leader-mondial-pour-lindustrie-solaire\\\/#breadcrumb\",\"itemListElement\":[{\"@type\":\"ListItem\",\"position\":1,\"name\":\"Accueil\",\"item\":\"https:\\\/\\\/www.renouvelle.be\\\/fr\\\/\"},{\"@type\":\"ListItem\",\"position\":2,\"name\":\"Agenda\",\"item\":\"https:\\\/\\\/www.renouvelle.be\\\/fr\\\/agenda\\\/\"},{\"@type\":\"ListItem\",\"position\":3,\"name\":\"Intersolar Europe, l&rsquo;exposition leader mondial pour l&rsquo;industrie solaire\"}]},{\"@type\":\"WebSite\",\"@id\":\"https:\\\/\\\/www.renouvelle.be\\\/fr\\\/#website\",\"url\":\"https:\\\/\\\/www.renouvelle.be\\\/fr\\\/\",\"name\":\"Renouvelle\",\"description\":\"L&#039;actualit\u00e9 de l&#039;\u00e9nergie durable\",\"potentialAction\":[{\"@type\":\"SearchAction\",\"target\":{\"@type\":\"EntryPoint\",\"urlTemplate\":\"https:\\\/\\\/www.renouvelle.be\\\/fr\\\/?s={search_term_string}\"},\"query-input\":{\"@type\":\"PropertyValueSpecification\",\"valueRequired\":true,\"valueName\":\"search_term_string\"}}],\"inLanguage\":\"fr-FR\"}]}<\/script>\n<!-- \/ Yoast SEO plugin. -->","yoast_head_json":{"title":"Intersolar Europe, l'exposition leader mondial pour l'industrie solaire - Renouvelle","robots":{"index":"index","follow":"follow","max-snippet":"max-snippet:-1","max-image-preview":"max-image-preview:large","max-video-preview":"max-video-preview:-1"},"canonical":"https:\/\/www.renouvelle.be\/fr\/agenda\/intersolar-europe-lexposition-leader-mondial-pour-lindustrie-solaire\/","og_locale":"fr_FR","og_type":"article","og_title":"Intersolar Europe, l'exposition leader mondial pour l'industrie solaire - Renouvelle","og_description":"Intersolar est un salon professionnel sp\u00e9cialis\u00e9 dans le domaine de l&rsquo;\u00e9nergie solaire. Cette s\u00e9rie d&rsquo;\u00e9v\u00e9nements met l&rsquo;accent sur le photovolta\u00efque, la technologie de production photovolta\u00efque, le stockage de l&rsquo;\u00e9nergie et l&rsquo;\u00e9nergie solaire thermique. Il aura lieu en Allemagne au Messe M\u00fcnchen de Munich, du 19 au 21 juin 2024. Inscription payante ici.","og_url":"https:\/\/www.renouvelle.be\/fr\/agenda\/intersolar-europe-lexposition-leader-mondial-pour-lindustrie-solaire\/","og_site_name":"Renouvelle","article_modified_time":"2024-04-23T13:47:34+00:00","twitter_card":"summary_large_image","schema":{"@context":"https:\/\/schema.org","@graph":[{"@type":"WebPage","@id":"https:\/\/www.renouvelle.be\/fr\/agenda\/intersolar-europe-lexposition-leader-mondial-pour-lindustrie-solaire\/","url":"https:\/\/www.renouvelle.be\/fr\/agenda\/intersolar-europe-lexposition-leader-mondial-pour-lindustrie-solaire\/","name":"Intersolar Europe, l'exposition leader mondial pour l'industrie solaire - Renouvelle","isPartOf":{"@id":"https:\/\/www.renouvelle.be\/fr\/#website"},"datePublished":"2024-04-23T13:46:16+00:00","dateModified":"2024-04-23T13:47:34+00:00","breadcrumb":{"@id":"https:\/\/www.renouvelle.be\/fr\/agenda\/intersolar-europe-lexposition-leader-mondial-pour-lindustrie-solaire\/#breadcrumb"},"inLanguage":"fr-FR","potentialAction":[{"@type":"ReadAction","target":["https:\/\/www.renouvelle.be\/fr\/agenda\/intersolar-europe-lexposition-leader-mondial-pour-lindustrie-solaire\/"]}]},{"@type":"BreadcrumbList","@id":"https:\/\/www.renouvelle.be\/fr\/agenda\/intersolar-europe-lexposition-leader-mondial-pour-lindustrie-solaire\/#breadcrumb","itemListElement":[{"@type":"ListItem","position":1,"name":"Accueil","item":"https:\/\/www.renouvelle.be\/fr\/"},{"@type":"ListItem","position":2,"name":"Agenda","item":"https:\/\/www.renouvelle.be\/fr\/agenda\/"},{"@type":"ListItem","position":3,"name":"Intersolar Europe, l&rsquo;exposition leader mondial pour l&rsquo;industrie solaire"}]},{"@type":"WebSite","@id":"https:\/\/www.renouvelle.be\/fr\/#website","url":"https:\/\/www.renouvelle.be\/fr\/","name":"Renouvelle","description":"L&#039;actualit\u00e9 de l&#039;\u00e9nergie durable","potentialAction":[{"@type":"SearchAction","target":{"@type":"EntryPoint","urlTemplate":"https:\/\/www.renouvelle.be\/fr\/?s={search_term_string}"},"query-input":{"@type":"PropertyValueSpecification","valueRequired":true,"valueName":"search_term_string"}}],"inLanguage":"fr-FR"}]}},"_links":{"self":[{"href":"https:\/\/www.renouvelle.be\/fr\/wp-json\/wp\/v2\/agenda\/12900","targetHints":{"allow":["GET"]}}],"collection":[{"href":"https:\/\/www.renouvelle.be\/fr\/wp-json\/wp\/v2\/agenda"}],"about":[{"href":"https:\/\/www.renouvelle.be\/fr\/wp-json\/wp\/v2\/types\/agenda"}],"version-history":[{"count":2,"href":"https:\/\/www.renouvelle.be\/fr\/wp-json\/wp\/v2\/agenda\/12900\/revisions"}],"predecessor-version":[{"id":12902,"href":"https:\/\/www.renouvelle.be\/fr\/wp-json\/wp\/v2\/agenda\/12900\/revisions\/12902"}],"wp:attachment":[{"href":"https:\/\/www.renouvelle.be\/fr\/wp-json\/wp\/v2\/media?parent=12900"}],"wp:term":[{"taxonomy":"event","embeddable":true,"href":"https:\/\/www.renouvelle.be\/fr\/wp-json\/wp\/v2\/event?post=12900"}],"curies":[{"name":"wp","href":"https:\/\/api.w.org\/{rel}","templated":true}]}}

<p>Intersolar est un salon professionnel spécialisé dans le domaine de l&rsquo;énergie solaire. Cette série d&rsquo;événements met l&rsquo;accent sur le photovoltaïque, la technologie de production photovoltaïque, le stockage de l&rsquo;énergie et l&rsquo;énergie solaire thermique.</p>



<p>Il aura lieu en Allemagne au Messe München de Munich, du 19 au 21 juin 2024. <br>Inscription payante <a href="https://www.intersolar.de/tickets" target="_blank" rel="noreferrer noopener">ici</a>.</p>

<!-- This site is optimized with the Yoast SEO plugin v27.5 - https://yoast.com/product/yoast-seo-wordpress/ -->
<title>Intersolar Europe, l&#039;exposition leader mondial pour l&#039;industrie solaire - Renouvelle</title>
<meta name="robots" content="index, follow, max-snippet:-1, max-image-preview:large, max-video-preview:-1" />
<link rel="canonical" href="https://www.renouvelle.be/fr/agenda/intersolar-europe-lexposition-leader-mondial-pour-lindustrie-solaire/" />
<meta property="og:locale" content="fr_FR" />
<meta property="og:type" content="article" />
<meta property="og:title" content="Intersolar Europe, l&#039;exposition leader mondial pour l&#039;industrie solaire - Renouvelle" />
<meta property="og:description" content="Intersolar est un salon professionnel spécialisé dans le domaine de l&rsquo;énergie solaire. Cette série d&rsquo;événements met l&rsquo;accent sur le photovoltaïque, la technologie de production photovoltaïque, le stockage de l&rsquo;énergie et l&rsquo;énergie solaire thermique. Il aura lieu en Allemagne au Messe München de Munich, du 19 au 21 juin 2024. Inscription payante ici." />
<meta property="og:url" content="https://www.renouvelle.be/fr/agenda/intersolar-europe-lexposition-leader-mondial-pour-lindustrie-solaire/" />
<meta property="og:site_name" content="Renouvelle" />
<meta property="article:modified_time" content="2024-04-23T13:47:34+00:00" />
<meta name="twitter:card" content="summary_large_image" />
<script type="application/ld+json" class="yoast-schema-graph">{"@context":"https:\/\/schema.org","@graph":[{"@type":"WebPage","@id":"https:\/\/www.renouvelle.be\/fr\/agenda\/intersolar-europe-lexposition-leader-mondial-pour-lindustrie-solaire\/","url":"https:\/\/www.renouvelle.be\/fr\/agenda\/intersolar-europe-lexposition-leader-mondial-pour-lindustrie-solaire\/","name":"Intersolar Europe, l'exposition leader mondial pour l'industrie solaire - Renouvelle","isPartOf":{"@id":"https:\/\/www.renouvelle.be\/fr\/#website"},"datePublished":"2024-04-23T13:46:16+00:00","dateModified":"2024-04-23T13:47:34+00:00","breadcrumb":{"@id":"https:\/\/www.renouvelle.be\/fr\/agenda\/intersolar-europe-lexposition-leader-mondial-pour-lindustrie-solaire\/#breadcrumb"},"inLanguage":"fr-FR","potentialAction":[{"@type":"ReadAction","target":["https:\/\/www.renouvelle.be\/fr\/agenda\/intersolar-europe-lexposition-leader-mondial-pour-lindustrie-solaire\/"]}]},{"@type":"BreadcrumbList","@id":"https:\/\/www.renouvelle.be\/fr\/agenda\/intersolar-europe-lexposition-leader-mondial-pour-lindustrie-solaire\/#breadcrumb","itemListElement":[{"@type":"ListItem","position":1,"name":"Accueil","item":"https:\/\/www.renouvelle.be\/fr\/"},{"@type":"ListItem","position":2,"name":"Agenda","item":"https:\/\/www.renouvelle.be\/fr\/agenda\/"},{"@type":"ListItem","position":3,"name":"Intersolar Europe, l&rsquo;exposition leader mondial pour l&rsquo;industrie solaire"}]},{"@type":"WebSite","@id":"https:\/\/www.renouvelle.be\/fr\/#website","url":"https:\/\/www.renouvelle.be\/fr\/","name":"Renouvelle","description":"L&#039;actualité de l&#039;énergie durable","potentialAction":[{"@type":"SearchAction","target":{"@type":"EntryPoint","urlTemplate":"https:\/\/www.renouvelle.be\/fr\/?s={search_term_string}"},"query-input":{"@type":"PropertyValueSpecification","valueRequired":true,"valueName":"search_term_string"}}],"inLanguage":"fr-FR"}]}</script>
<!-- / Yoast SEO plugin. -->

Intersolar est un salon professionnel spécialisé dans le domaine de l&rsquo;énergie solaire. Cette série d&rsquo;événements met l&rsquo;accent sur le photovoltaïque, la technologie de production photovoltaïque, le stockage de l&rsquo;énergie et l&rsquo;énergie solaire thermique. Il aura lieu en Allemagne au Messe München de Munich, du 19 au 21 juin 2024. Inscription payante ici.

L&#039;actualité de l&#039;énergie durable
