{"id":12459,"date":"2024-02-26T15:09:13","date_gmt":"2024-02-26T14:09:13","guid":{"rendered":"https:\/\/www.renouvelle.be\/?post_type=agenda&#038;p=12459"},"modified":"2024-02-26T15:09:18","modified_gmt":"2024-02-26T14:09:18","slug":"renolab-soiree-dinformation-et-de-mise-a-lhonneur-des-projets-laureats-2023","status":"publish","type":"agenda","link":"https:\/\/www.renouvelle.be\/fr\/agenda\/renolab-soiree-dinformation-et-de-mise-a-lhonneur-des-projets-laureats-2023\/","title":{"rendered":"RENOLAB &#8211; Soir\u00e9e d&rsquo;information et de mise \u00e0 l&rsquo;honneur des projets laur\u00e9ats 2023"},"content":{"rendered":"\n<p>Renolab, qui s&rsquo;inscrit dans la strat\u00e9gie de r\u00e9novation Renolution, est un appel \u00e0 projet ayant pour but de participer au d\u00e9veloppement de solutions innovantes pour la r\u00e9novation durable et circulaire du b\u00e2ti bruxellois. <\/p>\n\n\n\n<p>Participez \u00e0 son \u00e9v\u00e9nement annuel d&rsquo;appel \u00e0 projet, le jeudi 21 mars, \u00e0 l&rsquo;auditorium de Bruxelles Environnement. Le programme ? Une s\u00e9ance d\u2019information<strong> <\/strong>pour les futur\u00b7es candidat\u00b7es, mise \u00e0 l\u2019honneur des laur\u00e9at\u00b7es 2023 et soir\u00e9e de networking.<\/p>\n\n\n\n<p>69 projets s\u00e9lectionn\u00e9s sont \u00e0 d\u00e9couvrir, une occasion de rencontrer les personnes qui les mettent en oeuvre \u00e9galement.<\/p>\n","protected":false},"featured_media":0,"template":"","meta":{"_acf_changed":false,"footnotes":""},"event":[54],"class_list":["post-12459","agenda","type-agenda","status-publish","hentry","event-evenement"],"acf":[],"yoast_head":"<!-- This site is optimized with the Yoast SEO plugin v27.5 - https:\/\/yoast.com\/product\/yoast-seo-wordpress\/ -->\n<title>RENOLAB - Soir\u00e9e d&#039;information et de mise \u00e0 l&#039;honneur des projets laur\u00e9ats 2023 - Renouvelle<\/title>\n<meta name=\"robots\" content=\"index, follow, max-snippet:-1, max-image-preview:large, max-video-preview:-1\" \/>\n<link rel=\"canonical\" href=\"https:\/\/www.renouvelle.be\/fr\/agenda\/renolab-soiree-dinformation-et-de-mise-a-lhonneur-des-projets-laureats-2023\/\" \/>\n<meta property=\"og:locale\" content=\"fr_FR\" \/>\n<meta property=\"og:type\" content=\"article\" \/>\n<meta property=\"og:title\" content=\"RENOLAB - Soir\u00e9e d&#039;information et de mise \u00e0 l&#039;honneur des projets laur\u00e9ats 2023 - Renouvelle\" \/>\n<meta property=\"og:description\" content=\"Renolab, qui s&rsquo;inscrit dans la strat\u00e9gie de r\u00e9novation Renolution, est un appel \u00e0 projet ayant pour but de participer au d\u00e9veloppement de solutions innovantes pour la r\u00e9novation durable et circulaire du b\u00e2ti bruxellois. Participez \u00e0 son \u00e9v\u00e9nement annuel d&rsquo;appel \u00e0 projet, le jeudi 21 mars, \u00e0 l&rsquo;auditorium de Bruxelles Environnement. Le programme ? Une s\u00e9ance d\u2019information pour les futur\u00b7es candidat\u00b7es, mise \u00e0 l\u2019honneur des laur\u00e9at\u00b7es 2023 et soir\u00e9e de networking. 69 projets s\u00e9lectionn\u00e9s sont \u00e0 d\u00e9couvrir, une occasion de rencontrer les personnes qui les mettent en oeuvre \u00e9galement.\" \/>\n<meta property=\"og:url\" content=\"https:\/\/www.renouvelle.be\/fr\/agenda\/renolab-soiree-dinformation-et-de-mise-a-lhonneur-des-projets-laureats-2023\/\" \/>\n<meta property=\"og:site_name\" content=\"Renouvelle\" \/>\n<meta property=\"article:modified_time\" content=\"2024-02-26T14:09:18+00:00\" \/>\n<meta name=\"twitter:card\" content=\"summary_large_image\" \/>\n<script type=\"application\/ld+json\" class=\"yoast-schema-graph\">{\"@context\":\"https:\\\/\\\/schema.org\",\"@graph\":[{\"@type\":\"WebPage\",\"@id\":\"https:\\\/\\\/www.renouvelle.be\\\/fr\\\/agenda\\\/renolab-soiree-dinformation-et-de-mise-a-lhonneur-des-projets-laureats-2023\\\/\",\"url\":\"https:\\\/\\\/www.renouvelle.be\\\/fr\\\/agenda\\\/renolab-soiree-dinformation-et-de-mise-a-lhonneur-des-projets-laureats-2023\\\/\",\"name\":\"RENOLAB - Soir\u00e9e d'information et de mise \u00e0 l'honneur des projets laur\u00e9ats 2023 - Renouvelle\",\"isPartOf\":{\"@id\":\"https:\\\/\\\/www.renouvelle.be\\\/fr\\\/#website\"},\"datePublished\":\"2024-02-26T14:09:13+00:00\",\"dateModified\":\"2024-02-26T14:09:18+00:00\",\"breadcrumb\":{\"@id\":\"https:\\\/\\\/www.renouvelle.be\\\/fr\\\/agenda\\\/renolab-soiree-dinformation-et-de-mise-a-lhonneur-des-projets-laureats-2023\\\/#breadcrumb\"},\"inLanguage\":\"fr-FR\",\"potentialAction\":[{\"@type\":\"ReadAction\",\"target\":[\"https:\\\/\\\/www.renouvelle.be\\\/fr\\\/agenda\\\/renolab-soiree-dinformation-et-de-mise-a-lhonneur-des-projets-laureats-2023\\\/\"]}]},{\"@type\":\"BreadcrumbList\",\"@id\":\"https:\\\/\\\/www.renouvelle.be\\\/fr\\\/agenda\\\/renolab-soiree-dinformation-et-de-mise-a-lhonneur-des-projets-laureats-2023\\\/#breadcrumb\",\"itemListElement\":[{\"@type\":\"ListItem\",\"position\":1,\"name\":\"Accueil\",\"item\":\"https:\\\/\\\/www.renouvelle.be\\\/fr\\\/\"},{\"@type\":\"ListItem\",\"position\":2,\"name\":\"Agenda\",\"item\":\"https:\\\/\\\/www.renouvelle.be\\\/fr\\\/agenda\\\/\"},{\"@type\":\"ListItem\",\"position\":3,\"name\":\"RENOLAB &#8211; Soir\u00e9e d&rsquo;information et de mise \u00e0 l&rsquo;honneur des projets laur\u00e9ats 2023\"}]},{\"@type\":\"WebSite\",\"@id\":\"https:\\\/\\\/www.renouvelle.be\\\/fr\\\/#website\",\"url\":\"https:\\\/\\\/www.renouvelle.be\\\/fr\\\/\",\"name\":\"Renouvelle\",\"description\":\"L&#039;actualit\u00e9 de l&#039;\u00e9nergie durable\",\"potentialAction\":[{\"@type\":\"SearchAction\",\"target\":{\"@type\":\"EntryPoint\",\"urlTemplate\":\"https:\\\/\\\/www.renouvelle.be\\\/fr\\\/?s={search_term_string}\"},\"query-input\":{\"@type\":\"PropertyValueSpecification\",\"valueRequired\":true,\"valueName\":\"search_term_string\"}}],\"inLanguage\":\"fr-FR\"}]}<\/script>\n<!-- \/ Yoast SEO plugin. -->","yoast_head_json":{"title":"RENOLAB - Soir\u00e9e d'information et de mise \u00e0 l'honneur des projets laur\u00e9ats 2023 - Renouvelle","robots":{"index":"index","follow":"follow","max-snippet":"max-snippet:-1","max-image-preview":"max-image-preview:large","max-video-preview":"max-video-preview:-1"},"canonical":"https:\/\/www.renouvelle.be\/fr\/agenda\/renolab-soiree-dinformation-et-de-mise-a-lhonneur-des-projets-laureats-2023\/","og_locale":"fr_FR","og_type":"article","og_title":"RENOLAB - Soir\u00e9e d'information et de mise \u00e0 l'honneur des projets laur\u00e9ats 2023 - Renouvelle","og_description":"Renolab, qui s&rsquo;inscrit dans la strat\u00e9gie de r\u00e9novation Renolution, est un appel \u00e0 projet ayant pour but de participer au d\u00e9veloppement de solutions innovantes pour la r\u00e9novation durable et circulaire du b\u00e2ti bruxellois. Participez \u00e0 son \u00e9v\u00e9nement annuel d&rsquo;appel \u00e0 projet, le jeudi 21 mars, \u00e0 l&rsquo;auditorium de Bruxelles Environnement. Le programme ? Une s\u00e9ance d\u2019information pour les futur\u00b7es candidat\u00b7es, mise \u00e0 l\u2019honneur des laur\u00e9at\u00b7es 2023 et soir\u00e9e de networking. 69 projets s\u00e9lectionn\u00e9s sont \u00e0 d\u00e9couvrir, une occasion de rencontrer les personnes qui les mettent en oeuvre \u00e9galement.","og_url":"https:\/\/www.renouvelle.be\/fr\/agenda\/renolab-soiree-dinformation-et-de-mise-a-lhonneur-des-projets-laureats-2023\/","og_site_name":"Renouvelle","article_modified_time":"2024-02-26T14:09:18+00:00","twitter_card":"summary_large_image","schema":{"@context":"https:\/\/schema.org","@graph":[{"@type":"WebPage","@id":"https:\/\/www.renouvelle.be\/fr\/agenda\/renolab-soiree-dinformation-et-de-mise-a-lhonneur-des-projets-laureats-2023\/","url":"https:\/\/www.renouvelle.be\/fr\/agenda\/renolab-soiree-dinformation-et-de-mise-a-lhonneur-des-projets-laureats-2023\/","name":"RENOLAB - Soir\u00e9e d'information et de mise \u00e0 l'honneur des projets laur\u00e9ats 2023 - Renouvelle","isPartOf":{"@id":"https:\/\/www.renouvelle.be\/fr\/#website"},"datePublished":"2024-02-26T14:09:13+00:00","dateModified":"2024-02-26T14:09:18+00:00","breadcrumb":{"@id":"https:\/\/www.renouvelle.be\/fr\/agenda\/renolab-soiree-dinformation-et-de-mise-a-lhonneur-des-projets-laureats-2023\/#breadcrumb"},"inLanguage":"fr-FR","potentialAction":[{"@type":"ReadAction","target":["https:\/\/www.renouvelle.be\/fr\/agenda\/renolab-soiree-dinformation-et-de-mise-a-lhonneur-des-projets-laureats-2023\/"]}]},{"@type":"BreadcrumbList","@id":"https:\/\/www.renouvelle.be\/fr\/agenda\/renolab-soiree-dinformation-et-de-mise-a-lhonneur-des-projets-laureats-2023\/#breadcrumb","itemListElement":[{"@type":"ListItem","position":1,"name":"Accueil","item":"https:\/\/www.renouvelle.be\/fr\/"},{"@type":"ListItem","position":2,"name":"Agenda","item":"https:\/\/www.renouvelle.be\/fr\/agenda\/"},{"@type":"ListItem","position":3,"name":"RENOLAB &#8211; Soir\u00e9e d&rsquo;information et de mise \u00e0 l&rsquo;honneur des projets laur\u00e9ats 2023"}]},{"@type":"WebSite","@id":"https:\/\/www.renouvelle.be\/fr\/#website","url":"https:\/\/www.renouvelle.be\/fr\/","name":"Renouvelle","description":"L&#039;actualit\u00e9 de l&#039;\u00e9nergie durable","potentialAction":[{"@type":"SearchAction","target":{"@type":"EntryPoint","urlTemplate":"https:\/\/www.renouvelle.be\/fr\/?s={search_term_string}"},"query-input":{"@type":"PropertyValueSpecification","valueRequired":true,"valueName":"search_term_string"}}],"inLanguage":"fr-FR"}]}},"_links":{"self":[{"href":"https:\/\/www.renouvelle.be\/fr\/wp-json\/wp\/v2\/agenda\/12459","targetHints":{"allow":["GET"]}}],"collection":[{"href":"https:\/\/www.renouvelle.be\/fr\/wp-json\/wp\/v2\/agenda"}],"about":[{"href":"https:\/\/www.renouvelle.be\/fr\/wp-json\/wp\/v2\/types\/agenda"}],"version-history":[{"count":4,"href":"https:\/\/www.renouvelle.be\/fr\/wp-json\/wp\/v2\/agenda\/12459\/revisions"}],"predecessor-version":[{"id":12463,"href":"https:\/\/www.renouvelle.be\/fr\/wp-json\/wp\/v2\/agenda\/12459\/revisions\/12463"}],"wp:attachment":[{"href":"https:\/\/www.renouvelle.be\/fr\/wp-json\/wp\/v2\/media?parent=12459"}],"wp:term":[{"taxonomy":"event","embeddable":true,"href":"https:\/\/www.renouvelle.be\/fr\/wp-json\/wp\/v2\/event?post=12459"}],"curies":[{"name":"wp","href":"https:\/\/api.w.org\/{rel}","templated":true}]}}

RENOLAB &#8211; Soirée d&rsquo;information et de mise à l&rsquo;honneur des projets lauréats 2023

<p>Renolab, qui s&rsquo;inscrit dans la stratégie de rénovation Renolution, est un appel à projet ayant pour but de participer au développement de solutions innovantes pour la rénovation durable et circulaire du bâti bruxellois. </p>



<p>Participez à son événement annuel d&rsquo;appel à projet, le jeudi 21 mars, à l&rsquo;auditorium de Bruxelles Environnement. Le programme ? Une séance d’information<strong> </strong>pour les futur·es candidat·es, mise à l’honneur des lauréat·es 2023 et soirée de networking.</p>



<p>69 projets sélectionnés sont à découvrir, une occasion de rencontrer les personnes qui les mettent en oeuvre également.</p>

<!-- This site is optimized with the Yoast SEO plugin v27.5 - https://yoast.com/product/yoast-seo-wordpress/ -->
<title>RENOLAB - Soirée d&#039;information et de mise à l&#039;honneur des projets lauréats 2023 - Renouvelle</title>
<meta name="robots" content="index, follow, max-snippet:-1, max-image-preview:large, max-video-preview:-1" />
<link rel="canonical" href="https://www.renouvelle.be/fr/agenda/renolab-soiree-dinformation-et-de-mise-a-lhonneur-des-projets-laureats-2023/" />
<meta property="og:locale" content="fr_FR" />
<meta property="og:type" content="article" />
<meta property="og:title" content="RENOLAB - Soirée d&#039;information et de mise à l&#039;honneur des projets lauréats 2023 - Renouvelle" />
<meta property="og:description" content="Renolab, qui s&rsquo;inscrit dans la stratégie de rénovation Renolution, est un appel à projet ayant pour but de participer au développement de solutions innovantes pour la rénovation durable et circulaire du bâti bruxellois. Participez à son événement annuel d&rsquo;appel à projet, le jeudi 21 mars, à l&rsquo;auditorium de Bruxelles Environnement. Le programme ? Une séance d’information pour les futur·es candidat·es, mise à l’honneur des lauréat·es 2023 et soirée de networking. 69 projets sélectionnés sont à découvrir, une occasion de rencontrer les personnes qui les mettent en oeuvre également." />
<meta property="og:url" content="https://www.renouvelle.be/fr/agenda/renolab-soiree-dinformation-et-de-mise-a-lhonneur-des-projets-laureats-2023/" />
<meta property="og:site_name" content="Renouvelle" />
<meta property="article:modified_time" content="2024-02-26T14:09:18+00:00" />
<meta name="twitter:card" content="summary_large_image" />
<script type="application/ld+json" class="yoast-schema-graph">{"@context":"https:\/\/schema.org","@graph":[{"@type":"WebPage","@id":"https:\/\/www.renouvelle.be\/fr\/agenda\/renolab-soiree-dinformation-et-de-mise-a-lhonneur-des-projets-laureats-2023\/","url":"https:\/\/www.renouvelle.be\/fr\/agenda\/renolab-soiree-dinformation-et-de-mise-a-lhonneur-des-projets-laureats-2023\/","name":"RENOLAB - Soirée d'information et de mise à l'honneur des projets lauréats 2023 - Renouvelle","isPartOf":{"@id":"https:\/\/www.renouvelle.be\/fr\/#website"},"datePublished":"2024-02-26T14:09:13+00:00","dateModified":"2024-02-26T14:09:18+00:00","breadcrumb":{"@id":"https:\/\/www.renouvelle.be\/fr\/agenda\/renolab-soiree-dinformation-et-de-mise-a-lhonneur-des-projets-laureats-2023\/#breadcrumb"},"inLanguage":"fr-FR","potentialAction":[{"@type":"ReadAction","target":["https:\/\/www.renouvelle.be\/fr\/agenda\/renolab-soiree-dinformation-et-de-mise-a-lhonneur-des-projets-laureats-2023\/"]}]},{"@type":"BreadcrumbList","@id":"https:\/\/www.renouvelle.be\/fr\/agenda\/renolab-soiree-dinformation-et-de-mise-a-lhonneur-des-projets-laureats-2023\/#breadcrumb","itemListElement":[{"@type":"ListItem","position":1,"name":"Accueil","item":"https:\/\/www.renouvelle.be\/fr\/"},{"@type":"ListItem","position":2,"name":"Agenda","item":"https:\/\/www.renouvelle.be\/fr\/agenda\/"},{"@type":"ListItem","position":3,"name":"RENOLAB &#8211; Soirée d&rsquo;information et de mise à l&rsquo;honneur des projets lauréats 2023"}]},{"@type":"WebSite","@id":"https:\/\/www.renouvelle.be\/fr\/#website","url":"https:\/\/www.renouvelle.be\/fr\/","name":"Renouvelle","description":"L&#039;actualité de l&#039;énergie durable","potentialAction":[{"@type":"SearchAction","target":{"@type":"EntryPoint","urlTemplate":"https:\/\/www.renouvelle.be\/fr\/?s={search_term_string}"},"query-input":{"@type":"PropertyValueSpecification","valueRequired":true,"valueName":"search_term_string"}}],"inLanguage":"fr-FR"}]}</script>
<!-- / Yoast SEO plugin. -->

RENOLAB - Soirée d'information et de mise à l'honneur des projets lauréats 2023 - Renouvelle

Renolab, qui s&rsquo;inscrit dans la stratégie de rénovation Renolution, est un appel à projet ayant pour but de participer au développement de solutions innovantes pour la rénovation durable et circulaire du bâti bruxellois. Participez à son événement annuel d&rsquo;appel à projet, le jeudi 21 mars, à l&rsquo;auditorium de Bruxelles Environnement. Le programme ? Une séance d’information pour les futur·es candidat·es, mise à l’honneur des lauréat·es 2023 et soirée de networking. 69 projets sélectionnés sont à découvrir, une occasion de rencontrer les personnes qui les mettent en oeuvre également.

L&#039;actualité de l&#039;énergie durable
