{"id":12015,"date":"2024-01-30T10:03:12","date_gmt":"2024-01-30T09:03:12","guid":{"rendered":"https:\/\/www.renouvelle.be\/?post_type=agenda&#038;p=12015"},"modified":"2024-01-30T10:05:57","modified_gmt":"2024-01-30T09:05:57","slug":"ember-analyse-de-la-consommation-electrique-europeenne-en-2023","status":"publish","type":"agenda","link":"https:\/\/www.renouvelle.be\/fr\/agenda\/ember-analyse-de-la-consommation-electrique-europeenne-en-2023\/","title":{"rendered":"EMBER &#8211; Analyse de la consommation \u00e9lectrique europ\u00e9enne en 2023"},"content":{"rendered":"\n<p>Participez au lancement de la huiti\u00e8me \u00e9tude annuelle d&rsquo;<a href=\"https:\/\/ember-climate.org\/\" target=\"_blank\" rel=\"noreferrer noopener\">Ember<\/a> sur l&rsquo;\u00e9lectricit\u00e9 en Europe.<\/p>\n\n\n\n<p>Au cours de l&rsquo;\u00e9v\u00e9nement, les analystes d&rsquo;Ember pr\u00e9senteront les principales conclusions du rapport, qui analyse les donn\u00e9es de production et de demande d&rsquo;\u00e9lectricit\u00e9 en ann\u00e9e pleine pour 2023 dans tous les pays de l&rsquo;UE-27 afin de comprendre les progr\u00e8s de la r\u00e9gion dans la transition des combustibles fossiles vers l&rsquo;\u00e9lectricit\u00e9 propre, fournissant ainsi la premi\u00e8re image pr\u00e9cise de la transition \u00e9lectrique europ\u00e9enne en 2023.<\/p>\n\n\n\n<p>Le webinaire aura lieu le mercredi 7 f\u00e9vrier \u00e0 9h30.<br><a href=\"https:\/\/us02web.zoom.us\/webinar\/register\/WN_g8Ic5jIEQpmuQTQ7s6fafA#\/registration\" target=\"_blank\" rel=\"noreferrer noopener\">Inscription au webinaire &#8211; Zoom<\/a><\/p>\n","protected":false},"featured_media":0,"template":"","meta":{"_acf_changed":false,"footnotes":""},"event":[25],"class_list":["post-12015","agenda","type-agenda","status-publish","hentry","event-webinaire"],"acf":[],"yoast_head":"<!-- This site is optimized with the Yoast SEO plugin v27.5 - https:\/\/yoast.com\/product\/yoast-seo-wordpress\/ -->\n<title>EMBER - Analyse de la consommation \u00e9lectrique europ\u00e9enne en 2023 - Renouvelle<\/title>\n<meta name=\"robots\" content=\"index, follow, max-snippet:-1, max-image-preview:large, max-video-preview:-1\" \/>\n<link rel=\"canonical\" href=\"https:\/\/www.renouvelle.be\/fr\/agenda\/ember-analyse-de-la-consommation-electrique-europeenne-en-2023\/\" \/>\n<meta property=\"og:locale\" content=\"fr_FR\" \/>\n<meta property=\"og:type\" content=\"article\" \/>\n<meta property=\"og:title\" content=\"EMBER - Analyse de la consommation \u00e9lectrique europ\u00e9enne en 2023 - Renouvelle\" \/>\n<meta property=\"og:description\" content=\"Participez au lancement de la huiti\u00e8me \u00e9tude annuelle d&rsquo;Ember sur l&rsquo;\u00e9lectricit\u00e9 en Europe. Au cours de l&rsquo;\u00e9v\u00e9nement, les analystes d&rsquo;Ember pr\u00e9senteront les principales conclusions du rapport, qui analyse les donn\u00e9es de production et de demande d&rsquo;\u00e9lectricit\u00e9 en ann\u00e9e pleine pour 2023 dans tous les pays de l&rsquo;UE-27 afin de comprendre les progr\u00e8s de la r\u00e9gion dans la transition des combustibles fossiles vers l&rsquo;\u00e9lectricit\u00e9 propre, fournissant ainsi la premi\u00e8re image pr\u00e9cise de la transition \u00e9lectrique europ\u00e9enne en 2023. Le webinaire aura lieu le mercredi 7 f\u00e9vrier \u00e0 9h30.Inscription au webinaire &#8211; Zoom\" \/>\n<meta property=\"og:url\" content=\"https:\/\/www.renouvelle.be\/fr\/agenda\/ember-analyse-de-la-consommation-electrique-europeenne-en-2023\/\" \/>\n<meta property=\"og:site_name\" content=\"Renouvelle\" \/>\n<meta property=\"article:modified_time\" content=\"2024-01-30T09:05:57+00:00\" \/>\n<meta name=\"twitter:card\" content=\"summary_large_image\" \/>\n<script type=\"application\/ld+json\" class=\"yoast-schema-graph\">{\"@context\":\"https:\\\/\\\/schema.org\",\"@graph\":[{\"@type\":\"WebPage\",\"@id\":\"https:\\\/\\\/www.renouvelle.be\\\/fr\\\/agenda\\\/ember-analyse-de-la-consommation-electrique-europeenne-en-2023\\\/\",\"url\":\"https:\\\/\\\/www.renouvelle.be\\\/fr\\\/agenda\\\/ember-analyse-de-la-consommation-electrique-europeenne-en-2023\\\/\",\"name\":\"EMBER - Analyse de la consommation \u00e9lectrique europ\u00e9enne en 2023 - Renouvelle\",\"isPartOf\":{\"@id\":\"https:\\\/\\\/www.renouvelle.be\\\/fr\\\/#website\"},\"datePublished\":\"2024-01-30T09:03:12+00:00\",\"dateModified\":\"2024-01-30T09:05:57+00:00\",\"breadcrumb\":{\"@id\":\"https:\\\/\\\/www.renouvelle.be\\\/fr\\\/agenda\\\/ember-analyse-de-la-consommation-electrique-europeenne-en-2023\\\/#breadcrumb\"},\"inLanguage\":\"fr-FR\",\"potentialAction\":[{\"@type\":\"ReadAction\",\"target\":[\"https:\\\/\\\/www.renouvelle.be\\\/fr\\\/agenda\\\/ember-analyse-de-la-consommation-electrique-europeenne-en-2023\\\/\"]}]},{\"@type\":\"BreadcrumbList\",\"@id\":\"https:\\\/\\\/www.renouvelle.be\\\/fr\\\/agenda\\\/ember-analyse-de-la-consommation-electrique-europeenne-en-2023\\\/#breadcrumb\",\"itemListElement\":[{\"@type\":\"ListItem\",\"position\":1,\"name\":\"Accueil\",\"item\":\"https:\\\/\\\/www.renouvelle.be\\\/fr\\\/\"},{\"@type\":\"ListItem\",\"position\":2,\"name\":\"Agenda\",\"item\":\"https:\\\/\\\/www.renouvelle.be\\\/fr\\\/agenda\\\/\"},{\"@type\":\"ListItem\",\"position\":3,\"name\":\"EMBER &#8211; Analyse de la consommation \u00e9lectrique europ\u00e9enne en 2023\"}]},{\"@type\":\"WebSite\",\"@id\":\"https:\\\/\\\/www.renouvelle.be\\\/fr\\\/#website\",\"url\":\"https:\\\/\\\/www.renouvelle.be\\\/fr\\\/\",\"name\":\"Renouvelle\",\"description\":\"L&#039;actualit\u00e9 de l&#039;\u00e9nergie durable\",\"potentialAction\":[{\"@type\":\"SearchAction\",\"target\":{\"@type\":\"EntryPoint\",\"urlTemplate\":\"https:\\\/\\\/www.renouvelle.be\\\/fr\\\/?s={search_term_string}\"},\"query-input\":{\"@type\":\"PropertyValueSpecification\",\"valueRequired\":true,\"valueName\":\"search_term_string\"}}],\"inLanguage\":\"fr-FR\"}]}<\/script>\n<!-- \/ Yoast SEO plugin. -->","yoast_head_json":{"title":"EMBER - Analyse de la consommation \u00e9lectrique europ\u00e9enne en 2023 - Renouvelle","robots":{"index":"index","follow":"follow","max-snippet":"max-snippet:-1","max-image-preview":"max-image-preview:large","max-video-preview":"max-video-preview:-1"},"canonical":"https:\/\/www.renouvelle.be\/fr\/agenda\/ember-analyse-de-la-consommation-electrique-europeenne-en-2023\/","og_locale":"fr_FR","og_type":"article","og_title":"EMBER - Analyse de la consommation \u00e9lectrique europ\u00e9enne en 2023 - Renouvelle","og_description":"Participez au lancement de la huiti\u00e8me \u00e9tude annuelle d&rsquo;Ember sur l&rsquo;\u00e9lectricit\u00e9 en Europe. Au cours de l&rsquo;\u00e9v\u00e9nement, les analystes d&rsquo;Ember pr\u00e9senteront les principales conclusions du rapport, qui analyse les donn\u00e9es de production et de demande d&rsquo;\u00e9lectricit\u00e9 en ann\u00e9e pleine pour 2023 dans tous les pays de l&rsquo;UE-27 afin de comprendre les progr\u00e8s de la r\u00e9gion dans la transition des combustibles fossiles vers l&rsquo;\u00e9lectricit\u00e9 propre, fournissant ainsi la premi\u00e8re image pr\u00e9cise de la transition \u00e9lectrique europ\u00e9enne en 2023. Le webinaire aura lieu le mercredi 7 f\u00e9vrier \u00e0 9h30.Inscription au webinaire &#8211; Zoom","og_url":"https:\/\/www.renouvelle.be\/fr\/agenda\/ember-analyse-de-la-consommation-electrique-europeenne-en-2023\/","og_site_name":"Renouvelle","article_modified_time":"2024-01-30T09:05:57+00:00","twitter_card":"summary_large_image","schema":{"@context":"https:\/\/schema.org","@graph":[{"@type":"WebPage","@id":"https:\/\/www.renouvelle.be\/fr\/agenda\/ember-analyse-de-la-consommation-electrique-europeenne-en-2023\/","url":"https:\/\/www.renouvelle.be\/fr\/agenda\/ember-analyse-de-la-consommation-electrique-europeenne-en-2023\/","name":"EMBER - Analyse de la consommation \u00e9lectrique europ\u00e9enne en 2023 - Renouvelle","isPartOf":{"@id":"https:\/\/www.renouvelle.be\/fr\/#website"},"datePublished":"2024-01-30T09:03:12+00:00","dateModified":"2024-01-30T09:05:57+00:00","breadcrumb":{"@id":"https:\/\/www.renouvelle.be\/fr\/agenda\/ember-analyse-de-la-consommation-electrique-europeenne-en-2023\/#breadcrumb"},"inLanguage":"fr-FR","potentialAction":[{"@type":"ReadAction","target":["https:\/\/www.renouvelle.be\/fr\/agenda\/ember-analyse-de-la-consommation-electrique-europeenne-en-2023\/"]}]},{"@type":"BreadcrumbList","@id":"https:\/\/www.renouvelle.be\/fr\/agenda\/ember-analyse-de-la-consommation-electrique-europeenne-en-2023\/#breadcrumb","itemListElement":[{"@type":"ListItem","position":1,"name":"Accueil","item":"https:\/\/www.renouvelle.be\/fr\/"},{"@type":"ListItem","position":2,"name":"Agenda","item":"https:\/\/www.renouvelle.be\/fr\/agenda\/"},{"@type":"ListItem","position":3,"name":"EMBER &#8211; Analyse de la consommation \u00e9lectrique europ\u00e9enne en 2023"}]},{"@type":"WebSite","@id":"https:\/\/www.renouvelle.be\/fr\/#website","url":"https:\/\/www.renouvelle.be\/fr\/","name":"Renouvelle","description":"L&#039;actualit\u00e9 de l&#039;\u00e9nergie durable","potentialAction":[{"@type":"SearchAction","target":{"@type":"EntryPoint","urlTemplate":"https:\/\/www.renouvelle.be\/fr\/?s={search_term_string}"},"query-input":{"@type":"PropertyValueSpecification","valueRequired":true,"valueName":"search_term_string"}}],"inLanguage":"fr-FR"}]}},"_links":{"self":[{"href":"https:\/\/www.renouvelle.be\/fr\/wp-json\/wp\/v2\/agenda\/12015","targetHints":{"allow":["GET"]}}],"collection":[{"href":"https:\/\/www.renouvelle.be\/fr\/wp-json\/wp\/v2\/agenda"}],"about":[{"href":"https:\/\/www.renouvelle.be\/fr\/wp-json\/wp\/v2\/types\/agenda"}],"version-history":[{"count":6,"href":"https:\/\/www.renouvelle.be\/fr\/wp-json\/wp\/v2\/agenda\/12015\/revisions"}],"predecessor-version":[{"id":12021,"href":"https:\/\/www.renouvelle.be\/fr\/wp-json\/wp\/v2\/agenda\/12015\/revisions\/12021"}],"wp:attachment":[{"href":"https:\/\/www.renouvelle.be\/fr\/wp-json\/wp\/v2\/media?parent=12015"}],"wp:term":[{"taxonomy":"event","embeddable":true,"href":"https:\/\/www.renouvelle.be\/fr\/wp-json\/wp\/v2\/event?post=12015"}],"curies":[{"name":"wp","href":"https:\/\/api.w.org\/{rel}","templated":true}]}}

EMBER &#8211; Analyse de la consommation électrique européenne en 2023

<p>Participez au lancement de la huitième étude annuelle d&rsquo;<a href="https://ember-climate.org/" target="_blank" rel="noreferrer noopener">Ember</a> sur l&rsquo;électricité en Europe.</p>



<p>Au cours de l&rsquo;événement, les analystes d&rsquo;Ember présenteront les principales conclusions du rapport, qui analyse les données de production et de demande d&rsquo;électricité en année pleine pour 2023 dans tous les pays de l&rsquo;UE-27 afin de comprendre les progrès de la région dans la transition des combustibles fossiles vers l&rsquo;électricité propre, fournissant ainsi la première image précise de la transition électrique européenne en 2023.</p>



<p>Le webinaire aura lieu le mercredi 7 février à 9h30.<br><a href="https://us02web.zoom.us/webinar/register/WN_g8Ic5jIEQpmuQTQ7s6fafA#/registration" target="_blank" rel="noreferrer noopener">Inscription au webinaire &#8211; Zoom</a></p>

<!-- This site is optimized with the Yoast SEO plugin v27.5 - https://yoast.com/product/yoast-seo-wordpress/ -->
<title>EMBER - Analyse de la consommation électrique européenne en 2023 - Renouvelle</title>
<meta name="robots" content="index, follow, max-snippet:-1, max-image-preview:large, max-video-preview:-1" />
<link rel="canonical" href="https://www.renouvelle.be/fr/agenda/ember-analyse-de-la-consommation-electrique-europeenne-en-2023/" />
<meta property="og:locale" content="fr_FR" />
<meta property="og:type" content="article" />
<meta property="og:title" content="EMBER - Analyse de la consommation électrique européenne en 2023 - Renouvelle" />
<meta property="og:description" content="Participez au lancement de la huitième étude annuelle d&rsquo;Ember sur l&rsquo;électricité en Europe. Au cours de l&rsquo;événement, les analystes d&rsquo;Ember présenteront les principales conclusions du rapport, qui analyse les données de production et de demande d&rsquo;électricité en année pleine pour 2023 dans tous les pays de l&rsquo;UE-27 afin de comprendre les progrès de la région dans la transition des combustibles fossiles vers l&rsquo;électricité propre, fournissant ainsi la première image précise de la transition électrique européenne en 2023. Le webinaire aura lieu le mercredi 7 février à 9h30.Inscription au webinaire &#8211; Zoom" />
<meta property="og:url" content="https://www.renouvelle.be/fr/agenda/ember-analyse-de-la-consommation-electrique-europeenne-en-2023/" />
<meta property="og:site_name" content="Renouvelle" />
<meta property="article:modified_time" content="2024-01-30T09:05:57+00:00" />
<meta name="twitter:card" content="summary_large_image" />
<script type="application/ld+json" class="yoast-schema-graph">{"@context":"https:\/\/schema.org","@graph":[{"@type":"WebPage","@id":"https:\/\/www.renouvelle.be\/fr\/agenda\/ember-analyse-de-la-consommation-electrique-europeenne-en-2023\/","url":"https:\/\/www.renouvelle.be\/fr\/agenda\/ember-analyse-de-la-consommation-electrique-europeenne-en-2023\/","name":"EMBER - Analyse de la consommation électrique européenne en 2023 - Renouvelle","isPartOf":{"@id":"https:\/\/www.renouvelle.be\/fr\/#website"},"datePublished":"2024-01-30T09:03:12+00:00","dateModified":"2024-01-30T09:05:57+00:00","breadcrumb":{"@id":"https:\/\/www.renouvelle.be\/fr\/agenda\/ember-analyse-de-la-consommation-electrique-europeenne-en-2023\/#breadcrumb"},"inLanguage":"fr-FR","potentialAction":[{"@type":"ReadAction","target":["https:\/\/www.renouvelle.be\/fr\/agenda\/ember-analyse-de-la-consommation-electrique-europeenne-en-2023\/"]}]},{"@type":"BreadcrumbList","@id":"https:\/\/www.renouvelle.be\/fr\/agenda\/ember-analyse-de-la-consommation-electrique-europeenne-en-2023\/#breadcrumb","itemListElement":[{"@type":"ListItem","position":1,"name":"Accueil","item":"https:\/\/www.renouvelle.be\/fr\/"},{"@type":"ListItem","position":2,"name":"Agenda","item":"https:\/\/www.renouvelle.be\/fr\/agenda\/"},{"@type":"ListItem","position":3,"name":"EMBER &#8211; Analyse de la consommation électrique européenne en 2023"}]},{"@type":"WebSite","@id":"https:\/\/www.renouvelle.be\/fr\/#website","url":"https:\/\/www.renouvelle.be\/fr\/","name":"Renouvelle","description":"L&#039;actualité de l&#039;énergie durable","potentialAction":[{"@type":"SearchAction","target":{"@type":"EntryPoint","urlTemplate":"https:\/\/www.renouvelle.be\/fr\/?s={search_term_string}"},"query-input":{"@type":"PropertyValueSpecification","valueRequired":true,"valueName":"search_term_string"}}],"inLanguage":"fr-FR"}]}</script>
<!-- / Yoast SEO plugin. -->

EMBER - Analyse de la consommation électrique européenne en 2023 - Renouvelle

Participez au lancement de la huitième étude annuelle d&rsquo;Ember sur l&rsquo;électricité en Europe. Au cours de l&rsquo;événement, les analystes d&rsquo;Ember présenteront les principales conclusions du rapport, qui analyse les données de production et de demande d&rsquo;électricité en année pleine pour 2023 dans tous les pays de l&rsquo;UE-27 afin de comprendre les progrès de la région dans la transition des combustibles fossiles vers l&rsquo;électricité propre, fournissant ainsi la première image précise de la transition électrique européenne en 2023. Le webinaire aura lieu le mercredi 7 février à 9h30.Inscription au webinaire &#8211; Zoom

L&#039;actualité de l&#039;énergie durable
