{"id":10611,"date":"2023-10-20T10:21:04","date_gmt":"2023-10-20T08:21:04","guid":{"rendered":"https:\/\/www.renouvelle.be\/?post_type=agenda&#038;p=10611"},"modified":"2023-10-20T10:21:07","modified_gmt":"2023-10-20T08:21:07","slug":"energy-transition-congress-2","status":"publish","type":"agenda","link":"https:\/\/www.renouvelle.be\/fr\/agenda\/energy-transition-congress-2\/","title":{"rendered":"ENERGY TRANSITION CONGRESS"},"content":{"rendered":"\n<p>Lors de l\u2019\u00e9dition 2022, des orateurs de renom ont inspir\u00e9 nos actions pour mettre en pratique l\u2019aspect visionnaire de la Transition Energ\u00e9tique dict\u00e9 par le Green Deal et REPowerEU.<\/p>\n\n\n\n<p>L\u2019Energy Transition Congress 2023 nous permettra de mesurer l\u2019impact de nos actions et d\u2019\u00e9mettre des revendications pour les nouvelles politiques europ\u00e9ennes, f\u00e9d\u00e9rales, r\u00e9gionales et locales !<\/p>\n","protected":false},"featured_media":0,"template":"","meta":{"_acf_changed":false,"footnotes":""},"event":[54],"class_list":["post-10611","agenda","type-agenda","status-publish","hentry","event-evenement"],"acf":[],"yoast_head":"<!-- This site is optimized with the Yoast SEO plugin v27.5 - https:\/\/yoast.com\/product\/yoast-seo-wordpress\/ -->\n<title>ENERGY TRANSITION CONGRESS - Renouvelle<\/title>\n<meta name=\"robots\" content=\"index, follow, max-snippet:-1, max-image-preview:large, max-video-preview:-1\" \/>\n<link rel=\"canonical\" href=\"https:\/\/www.renouvelle.be\/fr\/agenda\/energy-transition-congress-2\/\" \/>\n<meta property=\"og:locale\" content=\"fr_FR\" \/>\n<meta property=\"og:type\" content=\"article\" \/>\n<meta property=\"og:title\" content=\"ENERGY TRANSITION CONGRESS - Renouvelle\" \/>\n<meta property=\"og:description\" content=\"Lors de l\u2019\u00e9dition 2022, des orateurs de renom ont inspir\u00e9 nos actions pour mettre en pratique l\u2019aspect visionnaire de la Transition Energ\u00e9tique dict\u00e9 par le Green Deal et REPowerEU. L\u2019Energy Transition Congress 2023 nous permettra de mesurer l\u2019impact de nos actions et d\u2019\u00e9mettre des revendications pour les nouvelles politiques europ\u00e9ennes, f\u00e9d\u00e9rales, r\u00e9gionales et locales !\" \/>\n<meta property=\"og:url\" content=\"https:\/\/www.renouvelle.be\/fr\/agenda\/energy-transition-congress-2\/\" \/>\n<meta property=\"og:site_name\" content=\"Renouvelle\" \/>\n<meta property=\"article:modified_time\" content=\"2023-10-20T08:21:07+00:00\" \/>\n<meta name=\"twitter:card\" content=\"summary_large_image\" \/>\n<script type=\"application\/ld+json\" class=\"yoast-schema-graph\">{\"@context\":\"https:\\\/\\\/schema.org\",\"@graph\":[{\"@type\":\"WebPage\",\"@id\":\"https:\\\/\\\/www.renouvelle.be\\\/fr\\\/agenda\\\/energy-transition-congress-2\\\/\",\"url\":\"https:\\\/\\\/www.renouvelle.be\\\/fr\\\/agenda\\\/energy-transition-congress-2\\\/\",\"name\":\"ENERGY TRANSITION CONGRESS - Renouvelle\",\"isPartOf\":{\"@id\":\"https:\\\/\\\/www.renouvelle.be\\\/fr\\\/#website\"},\"datePublished\":\"2023-10-20T08:21:04+00:00\",\"dateModified\":\"2023-10-20T08:21:07+00:00\",\"breadcrumb\":{\"@id\":\"https:\\\/\\\/www.renouvelle.be\\\/fr\\\/agenda\\\/energy-transition-congress-2\\\/#breadcrumb\"},\"inLanguage\":\"fr-FR\",\"potentialAction\":[{\"@type\":\"ReadAction\",\"target\":[\"https:\\\/\\\/www.renouvelle.be\\\/fr\\\/agenda\\\/energy-transition-congress-2\\\/\"]}]},{\"@type\":\"BreadcrumbList\",\"@id\":\"https:\\\/\\\/www.renouvelle.be\\\/fr\\\/agenda\\\/energy-transition-congress-2\\\/#breadcrumb\",\"itemListElement\":[{\"@type\":\"ListItem\",\"position\":1,\"name\":\"Accueil\",\"item\":\"https:\\\/\\\/www.renouvelle.be\\\/fr\\\/\"},{\"@type\":\"ListItem\",\"position\":2,\"name\":\"Agenda\",\"item\":\"https:\\\/\\\/www.renouvelle.be\\\/fr\\\/agenda\\\/\"},{\"@type\":\"ListItem\",\"position\":3,\"name\":\"ENERGY TRANSITION CONGRESS\"}]},{\"@type\":\"WebSite\",\"@id\":\"https:\\\/\\\/www.renouvelle.be\\\/fr\\\/#website\",\"url\":\"https:\\\/\\\/www.renouvelle.be\\\/fr\\\/\",\"name\":\"Renouvelle\",\"description\":\"L&#039;actualit\u00e9 de l&#039;\u00e9nergie durable\",\"potentialAction\":[{\"@type\":\"SearchAction\",\"target\":{\"@type\":\"EntryPoint\",\"urlTemplate\":\"https:\\\/\\\/www.renouvelle.be\\\/fr\\\/?s={search_term_string}\"},\"query-input\":{\"@type\":\"PropertyValueSpecification\",\"valueRequired\":true,\"valueName\":\"search_term_string\"}}],\"inLanguage\":\"fr-FR\"}]}<\/script>\n<!-- \/ Yoast SEO plugin. -->","yoast_head_json":{"title":"ENERGY TRANSITION CONGRESS - Renouvelle","robots":{"index":"index","follow":"follow","max-snippet":"max-snippet:-1","max-image-preview":"max-image-preview:large","max-video-preview":"max-video-preview:-1"},"canonical":"https:\/\/www.renouvelle.be\/fr\/agenda\/energy-transition-congress-2\/","og_locale":"fr_FR","og_type":"article","og_title":"ENERGY TRANSITION CONGRESS - Renouvelle","og_description":"Lors de l\u2019\u00e9dition 2022, des orateurs de renom ont inspir\u00e9 nos actions pour mettre en pratique l\u2019aspect visionnaire de la Transition Energ\u00e9tique dict\u00e9 par le Green Deal et REPowerEU. L\u2019Energy Transition Congress 2023 nous permettra de mesurer l\u2019impact de nos actions et d\u2019\u00e9mettre des revendications pour les nouvelles politiques europ\u00e9ennes, f\u00e9d\u00e9rales, r\u00e9gionales et locales !","og_url":"https:\/\/www.renouvelle.be\/fr\/agenda\/energy-transition-congress-2\/","og_site_name":"Renouvelle","article_modified_time":"2023-10-20T08:21:07+00:00","twitter_card":"summary_large_image","schema":{"@context":"https:\/\/schema.org","@graph":[{"@type":"WebPage","@id":"https:\/\/www.renouvelle.be\/fr\/agenda\/energy-transition-congress-2\/","url":"https:\/\/www.renouvelle.be\/fr\/agenda\/energy-transition-congress-2\/","name":"ENERGY TRANSITION CONGRESS - Renouvelle","isPartOf":{"@id":"https:\/\/www.renouvelle.be\/fr\/#website"},"datePublished":"2023-10-20T08:21:04+00:00","dateModified":"2023-10-20T08:21:07+00:00","breadcrumb":{"@id":"https:\/\/www.renouvelle.be\/fr\/agenda\/energy-transition-congress-2\/#breadcrumb"},"inLanguage":"fr-FR","potentialAction":[{"@type":"ReadAction","target":["https:\/\/www.renouvelle.be\/fr\/agenda\/energy-transition-congress-2\/"]}]},{"@type":"BreadcrumbList","@id":"https:\/\/www.renouvelle.be\/fr\/agenda\/energy-transition-congress-2\/#breadcrumb","itemListElement":[{"@type":"ListItem","position":1,"name":"Accueil","item":"https:\/\/www.renouvelle.be\/fr\/"},{"@type":"ListItem","position":2,"name":"Agenda","item":"https:\/\/www.renouvelle.be\/fr\/agenda\/"},{"@type":"ListItem","position":3,"name":"ENERGY TRANSITION CONGRESS"}]},{"@type":"WebSite","@id":"https:\/\/www.renouvelle.be\/fr\/#website","url":"https:\/\/www.renouvelle.be\/fr\/","name":"Renouvelle","description":"L&#039;actualit\u00e9 de l&#039;\u00e9nergie durable","potentialAction":[{"@type":"SearchAction","target":{"@type":"EntryPoint","urlTemplate":"https:\/\/www.renouvelle.be\/fr\/?s={search_term_string}"},"query-input":{"@type":"PropertyValueSpecification","valueRequired":true,"valueName":"search_term_string"}}],"inLanguage":"fr-FR"}]}},"_links":{"self":[{"href":"https:\/\/www.renouvelle.be\/fr\/wp-json\/wp\/v2\/agenda\/10611","targetHints":{"allow":["GET"]}}],"collection":[{"href":"https:\/\/www.renouvelle.be\/fr\/wp-json\/wp\/v2\/agenda"}],"about":[{"href":"https:\/\/www.renouvelle.be\/fr\/wp-json\/wp\/v2\/types\/agenda"}],"version-history":[{"count":2,"href":"https:\/\/www.renouvelle.be\/fr\/wp-json\/wp\/v2\/agenda\/10611\/revisions"}],"predecessor-version":[{"id":10613,"href":"https:\/\/www.renouvelle.be\/fr\/wp-json\/wp\/v2\/agenda\/10611\/revisions\/10613"}],"wp:attachment":[{"href":"https:\/\/www.renouvelle.be\/fr\/wp-json\/wp\/v2\/media?parent=10611"}],"wp:term":[{"taxonomy":"event","embeddable":true,"href":"https:\/\/www.renouvelle.be\/fr\/wp-json\/wp\/v2\/event?post=10611"}],"curies":[{"name":"wp","href":"https:\/\/api.w.org\/{rel}","templated":true}]}}

<p>Lors de l’édition 2022, des orateurs de renom ont inspiré nos actions pour mettre en pratique l’aspect visionnaire de la Transition Energétique dicté par le Green Deal et REPowerEU.</p>



<p>L’Energy Transition Congress 2023 nous permettra de mesurer l’impact de nos actions et d’émettre des revendications pour les nouvelles politiques européennes, fédérales, régionales et locales !</p>

<!-- This site is optimized with the Yoast SEO plugin v27.5 - https://yoast.com/product/yoast-seo-wordpress/ -->
<title>ENERGY TRANSITION CONGRESS - Renouvelle</title>
<meta name="robots" content="index, follow, max-snippet:-1, max-image-preview:large, max-video-preview:-1" />
<link rel="canonical" href="https://www.renouvelle.be/fr/agenda/energy-transition-congress-2/" />
<meta property="og:locale" content="fr_FR" />
<meta property="og:type" content="article" />
<meta property="og:title" content="ENERGY TRANSITION CONGRESS - Renouvelle" />
<meta property="og:description" content="Lors de l’édition 2022, des orateurs de renom ont inspiré nos actions pour mettre en pratique l’aspect visionnaire de la Transition Energétique dicté par le Green Deal et REPowerEU. L’Energy Transition Congress 2023 nous permettra de mesurer l’impact de nos actions et d’émettre des revendications pour les nouvelles politiques européennes, fédérales, régionales et locales !" />
<meta property="og:url" content="https://www.renouvelle.be/fr/agenda/energy-transition-congress-2/" />
<meta property="og:site_name" content="Renouvelle" />
<meta property="article:modified_time" content="2023-10-20T08:21:07+00:00" />
<meta name="twitter:card" content="summary_large_image" />
<script type="application/ld+json" class="yoast-schema-graph">{"@context":"https:\/\/schema.org","@graph":[{"@type":"WebPage","@id":"https:\/\/www.renouvelle.be\/fr\/agenda\/energy-transition-congress-2\/","url":"https:\/\/www.renouvelle.be\/fr\/agenda\/energy-transition-congress-2\/","name":"ENERGY TRANSITION CONGRESS - Renouvelle","isPartOf":{"@id":"https:\/\/www.renouvelle.be\/fr\/#website"},"datePublished":"2023-10-20T08:21:04+00:00","dateModified":"2023-10-20T08:21:07+00:00","breadcrumb":{"@id":"https:\/\/www.renouvelle.be\/fr\/agenda\/energy-transition-congress-2\/#breadcrumb"},"inLanguage":"fr-FR","potentialAction":[{"@type":"ReadAction","target":["https:\/\/www.renouvelle.be\/fr\/agenda\/energy-transition-congress-2\/"]}]},{"@type":"BreadcrumbList","@id":"https:\/\/www.renouvelle.be\/fr\/agenda\/energy-transition-congress-2\/#breadcrumb","itemListElement":[{"@type":"ListItem","position":1,"name":"Accueil","item":"https:\/\/www.renouvelle.be\/fr\/"},{"@type":"ListItem","position":2,"name":"Agenda","item":"https:\/\/www.renouvelle.be\/fr\/agenda\/"},{"@type":"ListItem","position":3,"name":"ENERGY TRANSITION CONGRESS"}]},{"@type":"WebSite","@id":"https:\/\/www.renouvelle.be\/fr\/#website","url":"https:\/\/www.renouvelle.be\/fr\/","name":"Renouvelle","description":"L&#039;actualité de l&#039;énergie durable","potentialAction":[{"@type":"SearchAction","target":{"@type":"EntryPoint","urlTemplate":"https:\/\/www.renouvelle.be\/fr\/?s={search_term_string}"},"query-input":{"@type":"PropertyValueSpecification","valueRequired":true,"valueName":"search_term_string"}}],"inLanguage":"fr-FR"}]}</script>
<!-- / Yoast SEO plugin. -->

Lors de l’édition 2022, des orateurs de renom ont inspiré nos actions pour mettre en pratique l’aspect visionnaire de la Transition Energétique dicté par le Green Deal et REPowerEU. L’Energy Transition Congress 2023 nous permettra de mesurer l’impact de nos actions et d’émettre des revendications pour les nouvelles politiques européennes, fédérales, régionales et locales !

L&#039;actualité de l&#039;énergie durable
