{"version":"1.0","provider_name":"Renouvelle","provider_url":"https:\/\/www.renouvelle.be\/fr\/","author_name":"Energie Commune","author_url":"https:\/\/www.renouvelle.be\/fr\/author\/apere\/","title":"Tripler l\u2019\u00e9olien en mer du Nord - Renouvelle","type":"rich","width":600,"height":338,"html":"<blockquote class=\"wp-embedded-content\" data-secret=\"FRkVWz5HFA\"><a href=\"https:\/\/www.renouvelle.be\/fr\/tripler-leolien-en-mer-du-nod\/\">Tripler l\u2019\u00e9olien en mer du Nord<\/a><\/blockquote><iframe sandbox=\"allow-scripts\" security=\"restricted\" src=\"https:\/\/www.renouvelle.be\/fr\/tripler-leolien-en-mer-du-nod\/embed\/#?secret=FRkVWz5HFA\" width=\"600\" height=\"338\" title=\"\u00ab\u00a0Tripler l\u2019\u00e9olien en mer du Nord\u00a0\u00bb &#8212; Renouvelle\" data-secret=\"FRkVWz5HFA\" frameborder=\"0\" marginwidth=\"0\" marginheight=\"0\" scrolling=\"no\" class=\"wp-embedded-content\"><\/iframe><script type=\"text\/javascript\">\n\/* <![CDATA[ *\/\n\/*! This file is auto-generated *\/\n!function(d,l){\"use strict\";l.querySelector&&d.addEventListener&&\"undefined\"!=typeof URL&&(d.wp=d.wp||{},d.wp.receiveEmbedMessage||(d.wp.receiveEmbedMessage=function(e){var t=e.data;if((t||t.secret||t.message||t.value)&&!\/[^a-zA-Z0-9]\/.test(t.secret)){for(var s,r,n,a=l.querySelectorAll('iframe[data-secret=\"'+t.secret+'\"]'),o=l.querySelectorAll('blockquote[data-secret=\"'+t.secret+'\"]'),c=new RegExp(\"^https?:$\",\"i\"),i=0;i<o.length;i++)o[i].style.display=\"none\";for(i=0;i<a.length;i++)s=a[i],e.source===s.contentWindow&&(s.removeAttribute(\"style\"),\"height\"===t.message?(1e3<(r=parseInt(t.value,10))?r=1e3:~~r<200&&(r=200),s.height=r):\"link\"===t.message&&(r=new URL(s.getAttribute(\"src\")),n=new URL(t.value),c.test(n.protocol))&&n.host===r.host&&l.activeElement===s&&(d.top.location.href=t.value))}},d.addEventListener(\"message\",d.wp.receiveEmbedMessage,!1),l.addEventListener(\"DOMContentLoaded\",function(){for(var e,t,s=l.querySelectorAll(\"iframe.wp-embedded-content\"),r=0;r<s.length;r++)(t=(e=s[r]).getAttribute(\"data-secret\"))||(t=Math.random().toString(36).substring(2,12),e.src+=\"#?secret=\"+t,e.setAttribute(\"data-secret\",t)),e.contentWindow.postMessage({message:\"ready\",secret:t},\"*\")},!1)))}(window,document);\n\/\/# sourceURL=https:\/\/www.renouvelle.be\/wp-includes\/js\/wp-embed.min.js\n\/* ]]> *\/\n<\/script>\n","thumbnail_url":"https:\/\/www.renouvelle.be\/wp-content\/uploads\/2021\/10\/offshore2.jpg","thumbnail_width":700,"thumbnail_height":465,"description":"Le gouvernement f\u00e9d\u00e9ral souhaite tripler la capacit\u00e9 actuelle des \u00e9oliennes en mer pour la porter \u00e0 5,7 GW.&nbsp; Deux zones sont actuellement d\u00e9di\u00e9es aux parcs offshore en mer du Nord belge (illustration ci-dessous). La premi\u00e8re zone comporte 9 parcs \u00e9oliens, tous op\u00e9rationnels depuis 2020, pour une puissance totale install\u00e9e de 2,2 Gw.&nbsp; La deuxi\u00e8me zone, baptis\u00e9e \u201cPrincesse Elizabeth\u201d, qui fera bient\u00f4t d\u2019un appel d\u2019offres, devait initialement accueillir 2 GW : le gouvernement a d\u00e9cid\u00e9 d\u2019augmenter l\u2019objectif \u00e0 3,5 GW.&nbsp; Cela pourra se faire gr\u00e2ce \u00e0 des \u00e9oliennes plus hautes et plus puissantes, suivant les progr\u00e8s actuels de la technologie \u00e9olienne offshore.&nbsp; Au total, l\u2019\u00e9olien maritime atteindra d\u2019ici 2030 une capacit\u00e9 suffisante pour couvrir la totalit\u00e9 de la consommation d&rsquo;\u00e9lectricit\u00e9 de tous les m\u00e9nages belges.&nbsp; Avec cette extension, les parcs \u00e9oliens en mer reprendraient alors le flambeau des centrales nucl\u00e9aires en tant que principale source de production d\u2019\u00e9lectricit\u00e9 dans le pays.&nbsp; Ce d\u00e9veloppement pourra se faire avec tr\u00e8s peu de subsides. Mont\u00e9e en puissance Cette mont\u00e9e en puissance de l&rsquo;\u00e9olien offshore s&rsquo;explique notamment par les progr\u00e8s technologiques fulgurants ces derni\u00e8res ann\u00e9es : la plupart des turbines belges actuelles affichent 3 MW, avec un record \u00e0 9,5 MW ; mais demain on installera des machines de 13 \u00e0 15 MW voire plus. Par ailleurs, la deuxi\u00e8me zone offshore pr\u00e9voit la construction d&rsquo;une \u00eele \u00e9nerg\u00e9tique (hub), qui permettra l&rsquo;interconnexion avec les parcs \u00e9oliens offshore des pays voisins (Pays-Bas, Grande-Bretagne, Danemark, &#8230;), ce qui permettra une grande s\u00e9curit\u00e9 d&rsquo;approvisionnement en \u00e9olien (lire notre article La Belgique bient\u00f4t interconnect\u00e9e avec le Danemark ?). Faire baisser le co\u00fbt de l&rsquo;\u00e9lectricit\u00e9 Le Bureau du Plan a pr\u00e9cis\u00e9ment publi\u00e9 une \u00e9tude sur l\u2019interconnexion avec les parcs \u00e9oliens offshore des pays voisins. Conclusions&nbsp;: Une \u00eele \u00e9nerg\u00e9tique ferait baisser les &hellip; Continue reading \"\""}

Tripler l’éolien en mer du Nord - Renouvelle

<blockquote class="wp-embedded-content" data-secret="FRkVWz5HFA"><a href="https://www.renouvelle.be/fr/tripler-leolien-en-mer-du-nod/">Tripler l’éolien en mer du Nord</a></blockquote><iframe sandbox="allow-scripts" security="restricted" src="https://www.renouvelle.be/fr/tripler-leolien-en-mer-du-nod/embed/#?secret=FRkVWz5HFA" width="600" height="338" title="« Tripler l’éolien en mer du Nord » &#8212; Renouvelle" data-secret="FRkVWz5HFA" frameborder="0" marginwidth="0" marginheight="0" scrolling="no" class="wp-embedded-content"></iframe><script type="text/javascript">
/* <![CDATA[ */
/*! This file is auto-generated */
!function(d,l){"use strict";l.querySelector&&d.addEventListener&&"undefined"!=typeof URL&&(d.wp=d.wp||{},d.wp.receiveEmbedMessage||(d.wp.receiveEmbedMessage=function(e){var t=e.data;if((t||t.secret||t.message||t.value)&&!/[^a-zA-Z0-9]/.test(t.secret)){for(var s,r,n,a=l.querySelectorAll('iframe[data-secret="'+t.secret+'"]'),o=l.querySelectorAll('blockquote[data-secret="'+t.secret+'"]'),c=new RegExp("^https?:$","i"),i=0;i<o.length;i++)o[i].style.display="none";for(i=0;i<a.length;i++)s=a[i],e.source===s.contentWindow&&(s.removeAttribute("style"),"height"===t.message?(1e3<(r=parseInt(t.value,10))?r=1e3:~~r<200&&(r=200),s.height=r):"link"===t.message&&(r=new URL(s.getAttribute("src")),n=new URL(t.value),c.test(n.protocol))&&n.host===r.host&&l.activeElement===s&&(d.top.location.href=t.value))}},d.addEventListener("message",d.wp.receiveEmbedMessage,!1),l.addEventListener("DOMContentLoaded",function(){for(var e,t,s=l.querySelectorAll("iframe.wp-embedded-content"),r=0;r<s.length;r++)(t=(e=s[r]).getAttribute("data-secret"))||(t=Math.random().toString(36).substring(2,12),e.src+="#?secret="+t,e.setAttribute("data-secret",t)),e.contentWindow.postMessage({message:"ready",secret:t},"*")},!1)))}(window,document);
//# sourceURL=https://www.renouvelle.be/wp-includes/js/wp-embed.min.js
/* ]]> */
</script>

Le gouvernement fédéral souhaite tripler la capacité actuelle des éoliennes en mer pour la porter à 5,7 GW.&nbsp; Deux zones sont actuellement dédiées aux parcs offshore en mer du Nord belge (illustration ci-dessous). La première zone comporte 9 parcs éoliens, tous opérationnels depuis 2020, pour une puissance totale installée de 2,2 Gw.&nbsp; La deuxième zone, baptisée “Princesse Elizabeth”, qui fera bientôt d’un appel d’offres, devait initialement accueillir 2 GW : le gouvernement a décidé d’augmenter l’objectif à 3,5 GW.&nbsp; Cela pourra se faire grâce à des éoliennes plus hautes et plus puissantes, suivant les progrès actuels de la technologie éolienne offshore.&nbsp; Au total, l’éolien maritime atteindra d’ici 2030 une capacité suffisante pour couvrir la totalité de la consommation d&rsquo;électricité de tous les ménages belges.&nbsp; Avec cette extension, les parcs éoliens en mer reprendraient alors le flambeau des centrales nucléaires en tant que principale source de production d’électricité dans le pays.&nbsp; Ce développement pourra se faire avec très peu de subsides. Montée en puissance Cette montée en puissance de l&rsquo;éolien offshore s&rsquo;explique notamment par les progrès technologiques fulgurants ces dernières années : la plupart des turbines belges actuelles affichent 3 MW, avec un record à 9,5 MW ; mais demain on installera des machines de 13 à 15 MW voire plus. Par ailleurs, la deuxième zone offshore prévoit la construction d&rsquo;une île énergétique (hub), qui permettra l&rsquo;interconnexion avec les parcs éoliens offshore des pays voisins (Pays-Bas, Grande-Bretagne, Danemark, &#8230;), ce qui permettra une grande sécurité d&rsquo;approvisionnement en éolien (lire notre article La Belgique bientôt interconnectée avec le Danemark ?). Faire baisser le coût de l&rsquo;électricité Le Bureau du Plan a précisément publié une étude sur l’interconnexion avec les parcs éoliens offshore des pays voisins. Conclusions&nbsp;: Une île énergétique ferait baisser les &hellip; Continue reading ""
