{"version":"1.0","provider_name":"Renouvelle","provider_url":"https:\/\/www.renouvelle.be\/fr\/","author_name":"Energie Commune","author_url":"https:\/\/www.renouvelle.be\/fr\/author\/apere\/","title":"Territoires et climat : la transition sera d\u2019abord culturelle ! - Renouvelle","type":"rich","width":600,"height":338,"html":"<blockquote class=\"wp-embedded-content\" data-secret=\"tDvNNIvEzy\"><a href=\"https:\/\/www.renouvelle.be\/fr\/territoires-et-climat-la-transition-sera-dabord-culturelle\/\">Territoires et climat : la transition sera d\u2019abord culturelle !<\/a><\/blockquote><iframe sandbox=\"allow-scripts\" security=\"restricted\" src=\"https:\/\/www.renouvelle.be\/fr\/territoires-et-climat-la-transition-sera-dabord-culturelle\/embed\/#?secret=tDvNNIvEzy\" width=\"600\" height=\"338\" title=\"\u00ab\u00a0Territoires et climat : la transition sera d\u2019abord culturelle !\u00a0\u00bb &#8212; Renouvelle\" data-secret=\"tDvNNIvEzy\" frameborder=\"0\" marginwidth=\"0\" marginheight=\"0\" scrolling=\"no\" class=\"wp-embedded-content\"><\/iframe><script type=\"text\/javascript\">\n\/* <![CDATA[ *\/\n\/*! This file is auto-generated *\/\n!function(d,l){\"use strict\";l.querySelector&&d.addEventListener&&\"undefined\"!=typeof URL&&(d.wp=d.wp||{},d.wp.receiveEmbedMessage||(d.wp.receiveEmbedMessage=function(e){var t=e.data;if((t||t.secret||t.message||t.value)&&!\/[^a-zA-Z0-9]\/.test(t.secret)){for(var s,r,n,a=l.querySelectorAll('iframe[data-secret=\"'+t.secret+'\"]'),o=l.querySelectorAll('blockquote[data-secret=\"'+t.secret+'\"]'),c=new RegExp(\"^https?:$\",\"i\"),i=0;i<o.length;i++)o[i].style.display=\"none\";for(i=0;i<a.length;i++)s=a[i],e.source===s.contentWindow&&(s.removeAttribute(\"style\"),\"height\"===t.message?(1e3<(r=parseInt(t.value,10))?r=1e3:~~r<200&&(r=200),s.height=r):\"link\"===t.message&&(r=new URL(s.getAttribute(\"src\")),n=new URL(t.value),c.test(n.protocol))&&n.host===r.host&&l.activeElement===s&&(d.top.location.href=t.value))}},d.addEventListener(\"message\",d.wp.receiveEmbedMessage,!1),l.addEventListener(\"DOMContentLoaded\",function(){for(var e,t,s=l.querySelectorAll(\"iframe.wp-embedded-content\"),r=0;r<s.length;r++)(t=(e=s[r]).getAttribute(\"data-secret\"))||(t=Math.random().toString(36).substring(2,12),e.src+=\"#?secret=\"+t,e.setAttribute(\"data-secret\",t)),e.contentWindow.postMessage({message:\"ready\",secret:t},\"*\")},!1)))}(window,document);\n\/\/# sourceURL=https:\/\/www.renouvelle.be\/wp-includes\/js\/wp-embed.min.js\n\/* ]]> *\/\n<\/script>\n","thumbnail_url":"https:\/\/www.renouvelle.be\/wp-content\/uploads\/2021\/02\/istock-866608444-scaled.jpg","thumbnail_width":2560,"thumbnail_height":1920,"description":"Du mythe de la croissance verte au r\u00e9cit de l\u2019effondrement La mani\u00e8re dont une commune ou un groupe de communes aborde la transition \u00e9nerg\u00e9tique d\u00e9pend \u00e9norm\u00e9ment du prisme de lecture des enjeux auxquels leur territoire devra faire face dans les prochaines d\u00e9cennies. Le prisme actuellement dominant est celui d\u2019une r\u00e9volution industrielle verte. Il est bas\u00e9 sur la croyance en notre capacit\u00e9 de maintenir \u00e0 flots notre syst\u00e8me \u00e9conomique et financier bas\u00e9 sur la croissance tout en rencontrant des objectifs ambitieux de r\u00e9duction des \u00e9missions de gaz \u00e0 effet de serre. Il en r\u00e9sulte une vision principalement technologique de la transition. Les strat\u00e9gies qui en d\u00e9coulent se concentrent presque uniquement sur l\u2019am\u00e9lioration de l\u2019efficacit\u00e9 \u00e9nerg\u00e9tique (des b\u00e2timents, des proc\u00e9d\u00e9s industriels, des v\u00e9hicules, etc.) et le d\u00e9veloppement des \u00e9nergies renouvelables. Le principal argument utilis\u00e9 pour promotionner ces strat\u00e9gies est celui du d\u00e9veloppement \u00e9conomique du territoire \u00e0 travers la cr\u00e9ation d\u2019emplois verts, la diversification des activit\u00e9s et la r\u00e9duction de la facture \u00e9nerg\u00e9tique des acteurs locaux. Pourtant, cela fait plus de quarante ans qu\u2019il est scientifiquement d\u00e9montr\u00e9 que cette vision n\u2019est pas tenable dans un monde fini et nous m\u00e8nera in\u00e9vitablement dans le mur. Une des \u00e9tudes les plus robustes en la mati\u00e8re est certainement celle r\u00e9alis\u00e9e en 1972 par une \u00e9quipe de chercheurs de l\u2019Institut de technologie du Massachusetts \u00e0 la demande du Club de Rome et intitul\u00e9e Les limites \u00e0 la croissance (dans un monde fini). Le mod\u00e8le World 3 qu\u2019ils ont d\u00e9velopp\u00e9 &#8211; et r\u00e9actualis\u00e9 en 2012 &#8211; permet une simulation informatique des interactions entre population, croissance industrielle, production de nourriture et limites des \u00e9cosyst\u00e8mes terrestres. Le graphique ci-dessous montre une corr\u00e9lation entre les tendances pr\u00e9dites en 1972 par les chercheurs et les \u00e9volutions r\u00e9elles observ\u00e9es jusqu\u2019en 2000. Et si &hellip; Continue reading \"\""}

Du mythe de la croissance verte au récit de l’effondrement La manière dont une commune ou un groupe de communes aborde la transition énergétique dépend énormément du prisme de lecture des enjeux auxquels leur territoire devra faire face dans les prochaines décennies. Le prisme actuellement dominant est celui d’une révolution industrielle verte. Il est basé sur la croyance en notre capacité de maintenir à flots notre système économique et financier basé sur la croissance tout en rencontrant des objectifs ambitieux de réduction des émissions de gaz à effet de serre. Il en résulte une vision principalement technologique de la transition. Les stratégies qui en découlent se concentrent presque uniquement sur l’amélioration de l’efficacité énergétique (des bâtiments, des procédés industriels, des véhicules, etc.) et le développement des énergies renouvelables. Le principal argument utilisé pour promotionner ces stratégies est celui du développement économique du territoire à travers la création d’emplois verts, la diversification des activités et la réduction de la facture énergétique des acteurs locaux. Pourtant, cela fait plus de quarante ans qu’il est scientifiquement démontré que cette vision n’est pas tenable dans un monde fini et nous mènera inévitablement dans le mur. Une des études les plus robustes en la matière est certainement celle réalisée en 1972 par une équipe de chercheurs de l’Institut de technologie du Massachusetts à la demande du Club de Rome et intitulée Les limites à la croissance (dans un monde fini). Le modèle World 3 qu’ils ont développé &#8211; et réactualisé en 2012 &#8211; permet une simulation informatique des interactions entre population, croissance industrielle, production de nourriture et limites des écosystèmes terrestres. Le graphique ci-dessous montre une corrélation entre les tendances prédites en 1972 par les chercheurs et les évolutions réelles observées jusqu’en 2000. Et si &hellip; Continue reading ""
