{"version":"1.0","provider_name":"Renouvelle","provider_url":"https:\/\/www.renouvelle.be\/fr\/","author_name":"Energie Commune","author_url":"https:\/\/www.renouvelle.be\/fr\/author\/apere\/","title":"D'o\u00f9 l'int\u00e9r\u00eat du bifacial vertical dans l\u2019agrivolta\u00efsme - Renouvelle","type":"rich","width":600,"height":338,"html":"<blockquote class=\"wp-embedded-content\" data-secret=\"RdCOrJnDAr\"><a href=\"https:\/\/www.renouvelle.be\/fr\/le-bifacial-vertical-dans-lagrivoltaisme\/\">D&rsquo;o\u00f9 l&rsquo;int\u00e9r\u00eat du bifacial vertical dans l\u2019agrivolta\u00efsme<\/a><\/blockquote><iframe sandbox=\"allow-scripts\" security=\"restricted\" src=\"https:\/\/www.renouvelle.be\/fr\/le-bifacial-vertical-dans-lagrivoltaisme\/embed\/#?secret=RdCOrJnDAr\" width=\"600\" height=\"338\" title=\"\u00ab\u00a0D&rsquo;o\u00f9 l&rsquo;int\u00e9r\u00eat du bifacial vertical dans l\u2019agrivolta\u00efsme\u00a0\u00bb &#8212; Renouvelle\" data-secret=\"RdCOrJnDAr\" frameborder=\"0\" marginwidth=\"0\" marginheight=\"0\" scrolling=\"no\" class=\"wp-embedded-content\"><\/iframe><script type=\"text\/javascript\">\n\/* <![CDATA[ *\/\n\/*! This file is auto-generated *\/\n!function(d,l){\"use strict\";l.querySelector&&d.addEventListener&&\"undefined\"!=typeof URL&&(d.wp=d.wp||{},d.wp.receiveEmbedMessage||(d.wp.receiveEmbedMessage=function(e){var t=e.data;if((t||t.secret||t.message||t.value)&&!\/[^a-zA-Z0-9]\/.test(t.secret)){for(var s,r,n,a=l.querySelectorAll('iframe[data-secret=\"'+t.secret+'\"]'),o=l.querySelectorAll('blockquote[data-secret=\"'+t.secret+'\"]'),c=new RegExp(\"^https?:$\",\"i\"),i=0;i<o.length;i++)o[i].style.display=\"none\";for(i=0;i<a.length;i++)s=a[i],e.source===s.contentWindow&&(s.removeAttribute(\"style\"),\"height\"===t.message?(1e3<(r=parseInt(t.value,10))?r=1e3:~~r<200&&(r=200),s.height=r):\"link\"===t.message&&(r=new URL(s.getAttribute(\"src\")),n=new URL(t.value),c.test(n.protocol))&&n.host===r.host&&l.activeElement===s&&(d.top.location.href=t.value))}},d.addEventListener(\"message\",d.wp.receiveEmbedMessage,!1),l.addEventListener(\"DOMContentLoaded\",function(){for(var e,t,s=l.querySelectorAll(\"iframe.wp-embedded-content\"),r=0;r<s.length;r++)(t=(e=s[r]).getAttribute(\"data-secret\"))||(t=Math.random().toString(36).substring(2,12),e.src+=\"#?secret=\"+t,e.setAttribute(\"data-secret\",t)),e.contentWindow.postMessage({message:\"ready\",secret:t},\"*\")},!1)))}(window,document);\n\/\/# sourceURL=https:\/\/www.renouvelle.be\/wp-includes\/js\/wp-embed.min.js\n\/* ]]> *\/\n<\/script>\n","thumbnail_url":"https:\/\/www.renouvelle.be\/wp-content\/uploads\/2021\/03\/Cows-between-module-rows.jpeg","thumbnail_width":1920,"thumbnail_height":1278,"description":"Dans un pr\u00e9c\u00e9dent article, nous avions vu qu\u2019installer du photovolta\u00efque,&nbsp;sur des b\u00e2timents ou des terrains agricoles,&nbsp;permet de combiner deux activit\u00e9s : produire de l\u2019\u00e9lectricit\u00e9 et d\u00e9velopper une culture ou un \u00e9levage.&nbsp;&nbsp; Nous en avions conclu que les syst\u00e8mes&nbsp;photovolta\u00efques&nbsp;sur des toitures de b\u00e2timents agricoles restaient le meilleur compromis d\u2019un point&nbsp;de&nbsp;vue&nbsp;production et co\u00fbt d\u2019installation par&nbsp;unit\u00e9 de&nbsp;surface utilis\u00e9e.&nbsp;En effet,&nbsp;les d\u00e9penses d\u2019investissement sont&nbsp;r\u00e9duites, et l\u2019activit\u00e9&nbsp;d\u2019\u00e9levage&nbsp;est maintenue \u00e0 l\u2019identique.&nbsp;&nbsp; Pour l\u2019int\u00e9gration du&nbsp;photovolta\u00efque&nbsp;au-dessus des surfaces mara\u00eech\u00e8res, la n\u00e9cessit\u00e9 d\u2019espacer les rang\u00e9es de panneaux&nbsp;engendrait un co\u00fbt d\u2019installation plus \u00e9lev\u00e9 pour une plus faible production par m\u00b2 de terre cultiv\u00e9e.&nbsp;Dans ce dernier cas,&nbsp;la production de l\u00e9gumes&nbsp;pouvait,&nbsp;suivant la vari\u00e9t\u00e9,&nbsp;\u00eatre&nbsp;l\u00e9g\u00e8rement r\u00e9duite par un plus faible percement des rayons solaire sur le sol&nbsp;(lire notre article&nbsp;Agrivolta\u00efsme : Quelles applications possibles en Belgique ?).&nbsp; Mais il existe une troisi\u00e8me technique assez particuli\u00e8re, qui commence \u00e0 se d\u00e9velopper dans nos pays voisins&nbsp;: des panneaux bifaciaux verticaux sur des champs agricoles&nbsp;(voir illustration ci-dessus). Cette technique&nbsp;int\u00e9gr\u00e9e \u00e0 l\u2019agriculture&nbsp;poss\u00e8de des avantages et inconv\u00e9nients que nous expliquons ci-apr\u00e8s.&nbsp; Le bifacial vertical,&nbsp;pour une production&nbsp;\u00e9lectrique&nbsp;d\u00e9cal\u00e9e&nbsp;dans la journ\u00e9e&nbsp; La technologie bifaciale&nbsp;permet de produire de l\u2019\u00e9lectricit\u00e9 \u00e0 partir des deux faces du panneau, ce qui le rend plus performant&nbsp;(voir&nbsp;Photovolta\u00efque\u202f: le bifacial promis \u00e0 un bel avenir.).&nbsp;&nbsp; Cette bifacialit\u00e9 est g\u00e9n\u00e9ralement utilis\u00e9e&nbsp;pour des projets \u00e0 structure fixe ou&nbsp;tracking, disposant d\u2019une inclinaison entre 30\u00b0 et 60\u00b0 pour garantir une l\u00e9g\u00e8re production suppl\u00e9mentaire de la face arri\u00e8re.&nbsp;&nbsp; Mais dans le cas de l\u2019agrivolta\u00efsme, les panneaux peuvent \u00eatre mis \u00e0 la verticale pour r\u00e9duire l\u2019emprise des structures sur le sol. Les rang\u00e9es de panneaux peuvent \u00eatre espac\u00e9e de&nbsp;7 \u00e0 15&nbsp;m entre elles pour r\u00e9duire l\u2019effet de l\u2019ombrage port\u00e9 sur les panneaux&nbsp;et permettre aux&nbsp;engins agricoles de man\u0153uvrer sans probl\u00e8me&nbsp;(exemple ci-dessous).&nbsp; La verticalit\u00e9 de ces panneaux et leur orientation&nbsp;auront&nbsp;une&nbsp;incidence&nbsp;sur la production&nbsp;journali\u00e8re&nbsp;d\u2019\u00e9lectricit\u00e9.&nbsp;Si on les&nbsp;oriente face avant (la plus productive) &hellip; Continue reading \"\""}

D'où l'intérêt du bifacial vertical dans l’agrivoltaïsme - Renouvelle

<blockquote class="wp-embedded-content" data-secret="RdCOrJnDAr"><a href="https://www.renouvelle.be/fr/le-bifacial-vertical-dans-lagrivoltaisme/">D&rsquo;où l&rsquo;intérêt du bifacial vertical dans l’agrivoltaïsme</a></blockquote><iframe sandbox="allow-scripts" security="restricted" src="https://www.renouvelle.be/fr/le-bifacial-vertical-dans-lagrivoltaisme/embed/#?secret=RdCOrJnDAr" width="600" height="338" title="« D&rsquo;où l&rsquo;intérêt du bifacial vertical dans l’agrivoltaïsme » &#8212; Renouvelle" data-secret="RdCOrJnDAr" frameborder="0" marginwidth="0" marginheight="0" scrolling="no" class="wp-embedded-content"></iframe><script type="text/javascript">
/* <![CDATA[ */
/*! This file is auto-generated */
!function(d,l){"use strict";l.querySelector&&d.addEventListener&&"undefined"!=typeof URL&&(d.wp=d.wp||{},d.wp.receiveEmbedMessage||(d.wp.receiveEmbedMessage=function(e){var t=e.data;if((t||t.secret||t.message||t.value)&&!/[^a-zA-Z0-9]/.test(t.secret)){for(var s,r,n,a=l.querySelectorAll('iframe[data-secret="'+t.secret+'"]'),o=l.querySelectorAll('blockquote[data-secret="'+t.secret+'"]'),c=new RegExp("^https?:$","i"),i=0;i<o.length;i++)o[i].style.display="none";for(i=0;i<a.length;i++)s=a[i],e.source===s.contentWindow&&(s.removeAttribute("style"),"height"===t.message?(1e3<(r=parseInt(t.value,10))?r=1e3:~~r<200&&(r=200),s.height=r):"link"===t.message&&(r=new URL(s.getAttribute("src")),n=new URL(t.value),c.test(n.protocol))&&n.host===r.host&&l.activeElement===s&&(d.top.location.href=t.value))}},d.addEventListener("message",d.wp.receiveEmbedMessage,!1),l.addEventListener("DOMContentLoaded",function(){for(var e,t,s=l.querySelectorAll("iframe.wp-embedded-content"),r=0;r<s.length;r++)(t=(e=s[r]).getAttribute("data-secret"))||(t=Math.random().toString(36).substring(2,12),e.src+="#?secret="+t,e.setAttribute("data-secret",t)),e.contentWindow.postMessage({message:"ready",secret:t},"*")},!1)))}(window,document);
//# sourceURL=https://www.renouvelle.be/wp-includes/js/wp-embed.min.js
/* ]]> */
</script>

Dans un précédent article, nous avions vu qu’installer du photovoltaïque,&nbsp;sur des bâtiments ou des terrains agricoles,&nbsp;permet de combiner deux activités : produire de l’électricité et développer une culture ou un élevage.&nbsp;&nbsp; Nous en avions conclu que les systèmes&nbsp;photovoltaïques&nbsp;sur des toitures de bâtiments agricoles restaient le meilleur compromis d’un point&nbsp;de&nbsp;vue&nbsp;production et coût d’installation par&nbsp;unité de&nbsp;surface utilisée.&nbsp;En effet,&nbsp;les dépenses d’investissement sont&nbsp;réduites, et l’activité&nbsp;d’élevage&nbsp;est maintenue à l’identique.&nbsp;&nbsp; Pour l’intégration du&nbsp;photovoltaïque&nbsp;au-dessus des surfaces maraîchères, la nécessité d’espacer les rangées de panneaux&nbsp;engendrait un coût d’installation plus élevé pour une plus faible production par m² de terre cultivée.&nbsp;Dans ce dernier cas,&nbsp;la production de légumes&nbsp;pouvait,&nbsp;suivant la variété,&nbsp;être&nbsp;légèrement réduite par un plus faible percement des rayons solaire sur le sol&nbsp;(lire notre article&nbsp;Agrivoltaïsme : Quelles applications possibles en Belgique ?).&nbsp; Mais il existe une troisième technique assez particulière, qui commence à se développer dans nos pays voisins&nbsp;: des panneaux bifaciaux verticaux sur des champs agricoles&nbsp;(voir illustration ci-dessus). Cette technique&nbsp;intégrée à l’agriculture&nbsp;possède des avantages et inconvénients que nous expliquons ci-après.&nbsp; Le bifacial vertical,&nbsp;pour une production&nbsp;électrique&nbsp;décalée&nbsp;dans la journée&nbsp; La technologie bifaciale&nbsp;permet de produire de l’électricité à partir des deux faces du panneau, ce qui le rend plus performant&nbsp;(voir&nbsp;Photovoltaïque : le bifacial promis à un bel avenir.).&nbsp;&nbsp; Cette bifacialité est généralement utilisée&nbsp;pour des projets à structure fixe ou&nbsp;tracking, disposant d’une inclinaison entre 30° et 60° pour garantir une légère production supplémentaire de la face arrière.&nbsp;&nbsp; Mais dans le cas de l’agrivoltaïsme, les panneaux peuvent être mis à la verticale pour réduire l’emprise des structures sur le sol. Les rangées de panneaux peuvent être espacée de&nbsp;7 à 15&nbsp;m entre elles pour réduire l’effet de l’ombrage porté sur les panneaux&nbsp;et permettre aux&nbsp;engins agricoles de manœuvrer sans problème&nbsp;(exemple ci-dessous).&nbsp; La verticalité de ces panneaux et leur orientation&nbsp;auront&nbsp;une&nbsp;incidence&nbsp;sur la production&nbsp;journalière&nbsp;d’électricité.&nbsp;Si on les&nbsp;oriente face avant (la plus productive) &hellip; Continue reading ""
