{"version":"1.0","provider_name":"Renouvelle","provider_url":"https:\/\/www.renouvelle.be\/fr\/","author_name":"Energie Commune","author_url":"https:\/\/www.renouvelle.be\/fr\/author\/apere\/","title":"La Wallonie veut encourager le transport fluvial - Renouvelle","type":"rich","width":600,"height":338,"html":"<blockquote class=\"wp-embedded-content\" data-secret=\"JXOmkpDukn\"><a href=\"https:\/\/www.renouvelle.be\/fr\/la-wallonie-veut-encourager-le-transport-fluvial\/\">La Wallonie veut encourager le transport fluvial<\/a><\/blockquote><iframe sandbox=\"allow-scripts\" security=\"restricted\" src=\"https:\/\/www.renouvelle.be\/fr\/la-wallonie-veut-encourager-le-transport-fluvial\/embed\/#?secret=JXOmkpDukn\" width=\"600\" height=\"338\" title=\"\u00ab\u00a0La Wallonie veut encourager le transport fluvial\u00a0\u00bb &#8212; Renouvelle\" data-secret=\"JXOmkpDukn\" frameborder=\"0\" marginwidth=\"0\" marginheight=\"0\" scrolling=\"no\" class=\"wp-embedded-content\"><\/iframe><script type=\"text\/javascript\">\n\/* <![CDATA[ *\/\n\/*! This file is auto-generated *\/\n!function(d,l){\"use strict\";l.querySelector&&d.addEventListener&&\"undefined\"!=typeof URL&&(d.wp=d.wp||{},d.wp.receiveEmbedMessage||(d.wp.receiveEmbedMessage=function(e){var t=e.data;if((t||t.secret||t.message||t.value)&&!\/[^a-zA-Z0-9]\/.test(t.secret)){for(var s,r,n,a=l.querySelectorAll('iframe[data-secret=\"'+t.secret+'\"]'),o=l.querySelectorAll('blockquote[data-secret=\"'+t.secret+'\"]'),c=new RegExp(\"^https?:$\",\"i\"),i=0;i<o.length;i++)o[i].style.display=\"none\";for(i=0;i<a.length;i++)s=a[i],e.source===s.contentWindow&&(s.removeAttribute(\"style\"),\"height\"===t.message?(1e3<(r=parseInt(t.value,10))?r=1e3:~~r<200&&(r=200),s.height=r):\"link\"===t.message&&(r=new URL(s.getAttribute(\"src\")),n=new URL(t.value),c.test(n.protocol))&&n.host===r.host&&l.activeElement===s&&(d.top.location.href=t.value))}},d.addEventListener(\"message\",d.wp.receiveEmbedMessage,!1),l.addEventListener(\"DOMContentLoaded\",function(){for(var e,t,s=l.querySelectorAll(\"iframe.wp-embedded-content\"),r=0;r<s.length;r++)(t=(e=s[r]).getAttribute(\"data-secret\"))||(t=Math.random().toString(36).substring(2,12),e.src+=\"#?secret=\"+t,e.setAttribute(\"data-secret\",t)),e.contentWindow.postMessage({message:\"ready\",secret:t},\"*\")},!1)))}(window,document);\n\/\/# sourceURL=https:\/\/www.renouvelle.be\/wp-includes\/js\/wp-embed.min.js\n\/* ]]> *\/\n<\/script>\n","thumbnail_url":"https:\/\/www.renouvelle.be\/wp-content\/uploads\/2021\/04\/iStock-1300299356-scaled.jpg","thumbnail_width":2560,"thumbnail_height":1555,"description":"En Wallonie, le transport de marchandises repr\u00e9sente 10% de notre mobilit\u00e9. Or ce trafic&nbsp;se fait principalement par route (84%),&nbsp;tandis qu\u2019une petite partie du fret circule par chemin de fer (9%) et par voie fluviale (7%).&nbsp; Les camions sont ainsi responsables de 99 % des \u00e9missions de CO2 du transport terrestre de marchandises, sans compter les autres nuisances pour les habitants : pollution, bruit, vibration,&nbsp;embouteillages, \u2026&nbsp; Et ce transport routier est en croissance :&nbsp;si l\u2019on n\u2019agit pas,&nbsp;il devrait repr\u00e9senter, en 2040,&nbsp;79.5 milliards de&nbsp;tonnes.kilom\u00e8tre, avec une hausse de 20% du trafic !&nbsp; Consciente de ces enjeux, la Wallonie a r\u00e9cemment adopt\u00e9 une&nbsp;Strat\u00e9gie&nbsp;R\u00e9gionale de Mobilit\u00e9 d\u00e9di\u00e9 aux marchandises.&nbsp; Si aucuns objectifs chiffr\u00e9s ne sont fix\u00e9s, cette strat\u00e9gie d\u00e9montre la volont\u00e9 de&nbsp;d\u00e9velopper&nbsp;les modes de transport alternatifs \u00e0 la route&nbsp;afin de r\u00e9duire de mani\u00e8re significative&nbsp;ses \u00e9missions de gaz \u00e0 effet de serre d\u2019ici 2030.&nbsp; Car le transport de&nbsp;marchandises&nbsp;par trains et par&nbsp;bateaux&nbsp;s\u2019av\u00e8re nettement moins \u00e9nergivore et plus \u00e9cologique.&nbsp; La Wallonie compte 450 km de voies navigables&nbsp;et&nbsp;1 665 km de voies ferr\u00e9es reli\u00e9es \u00e0 toute l\u2019Europe.&nbsp;&nbsp; A ce titre, la r\u00e9ouverture en 2022 du&nbsp;Canal Cond\u00e9-Pommer\u0153ul&nbsp;&#8211; ferm\u00e9 durant 40 ans \u2013 offrira un acc\u00e8s&nbsp;fluvial&nbsp;direct entre les bassins \u00e9conomiques wallons et le nord de la France avec la perspective, \u00e0 terme, d\u2019une liaison \u00e0 grand gabarit vers Paris.&nbsp; Sur les voies navigables&nbsp;wallonnes, on constate une diminution du nombre de bateaux, mais une augmentation du tonnage de ces derniers (+ 23 %). Il y a donc moins de circulation, mais plus de \u00ab\u00a0poids lourds\u00a0\u00bb sur nos cours d&rsquo;eau. Cela est li\u00e9 aux am\u00e9liorations op\u00e9r\u00e9es sur nos voies navigables pour permettre le passage de&nbsp;bateaux plus larges.&nbsp; Ces bateaux transportent en majorit\u00e9 des mat\u00e9riaux de construction.&nbsp; Voici des illustrations qui r\u00e9sument bien l\u2019int\u00e9r\u00eat du transport fluvial.&nbsp; Une&nbsp;gestion plus complexe&nbsp; Encore faut-il encourager &hellip; Continue reading \"\""}

En Wallonie, le transport de marchandises représente 10% de notre mobilité. Or ce trafic&nbsp;se fait principalement par route (84%),&nbsp;tandis qu’une petite partie du fret circule par chemin de fer (9%) et par voie fluviale (7%).&nbsp; Les camions sont ainsi responsables de 99 % des émissions de CO2 du transport terrestre de marchandises, sans compter les autres nuisances pour les habitants : pollution, bruit, vibration,&nbsp;embouteillages, …&nbsp; Et ce transport routier est en croissance :&nbsp;si l’on n’agit pas,&nbsp;il devrait représenter, en 2040,&nbsp;79.5 milliards de&nbsp;tonnes.kilomètre, avec une hausse de 20% du trafic !&nbsp; Consciente de ces enjeux, la Wallonie a récemment adopté une&nbsp;Stratégie&nbsp;Régionale de Mobilité dédié aux marchandises.&nbsp; Si aucuns objectifs chiffrés ne sont fixés, cette stratégie démontre la volonté de&nbsp;développer&nbsp;les modes de transport alternatifs à la route&nbsp;afin de réduire de manière significative&nbsp;ses émissions de gaz à effet de serre d’ici 2030.&nbsp; Car le transport de&nbsp;marchandises&nbsp;par trains et par&nbsp;bateaux&nbsp;s’avère nettement moins énergivore et plus écologique.&nbsp; La Wallonie compte 450 km de voies navigables&nbsp;et&nbsp;1 665 km de voies ferrées reliées à toute l’Europe.&nbsp;&nbsp; A ce titre, la réouverture en 2022 du&nbsp;Canal Condé-Pommerœul&nbsp;&#8211; fermé durant 40 ans – offrira un accès&nbsp;fluvial&nbsp;direct entre les bassins économiques wallons et le nord de la France avec la perspective, à terme, d’une liaison à grand gabarit vers Paris.&nbsp; Sur les voies navigables&nbsp;wallonnes, on constate une diminution du nombre de bateaux, mais une augmentation du tonnage de ces derniers (+ 23 %). Il y a donc moins de circulation, mais plus de « poids lourds » sur nos cours d&rsquo;eau. Cela est lié aux améliorations opérées sur nos voies navigables pour permettre le passage de&nbsp;bateaux plus larges.&nbsp; Ces bateaux transportent en majorité des matériaux de construction.&nbsp; Voici des illustrations qui résument bien l’intérêt du transport fluvial.&nbsp; Une&nbsp;gestion plus complexe&nbsp; Encore faut-il encourager &hellip; Continue reading ""
