{"version":"1.0","provider_name":"Renouvelle","provider_url":"https:\/\/www.renouvelle.be\/fr\/","author_name":"Energie Commune","author_url":"https:\/\/www.renouvelle.be\/fr\/author\/apere\/","title":"La Belgique et l\u2019Allemagne sont d\u00e9sormais interconnect\u00e9es - Renouvelle","type":"rich","width":600,"height":338,"html":"<blockquote class=\"wp-embedded-content\" data-secret=\"feeYn2dxvQ\"><a href=\"https:\/\/www.renouvelle.be\/fr\/la-belgique-et-lallemagne-sont-desormais-interconnectees\/\">La Belgique et l\u2019Allemagne sont d\u00e9sormais interconnect\u00e9es<\/a><\/blockquote><iframe sandbox=\"allow-scripts\" security=\"restricted\" src=\"https:\/\/www.renouvelle.be\/fr\/la-belgique-et-lallemagne-sont-desormais-interconnectees\/embed\/#?secret=feeYn2dxvQ\" width=\"600\" height=\"338\" title=\"\u00ab\u00a0La Belgique et l\u2019Allemagne sont d\u00e9sormais interconnect\u00e9es\u00a0\u00bb &#8212; Renouvelle\" data-secret=\"feeYn2dxvQ\" frameborder=\"0\" marginwidth=\"0\" marginheight=\"0\" scrolling=\"no\" class=\"wp-embedded-content\"><\/iframe><script type=\"text\/javascript\">\n\/* <![CDATA[ *\/\n\/*! This file is auto-generated *\/\n!function(d,l){\"use strict\";l.querySelector&&d.addEventListener&&\"undefined\"!=typeof URL&&(d.wp=d.wp||{},d.wp.receiveEmbedMessage||(d.wp.receiveEmbedMessage=function(e){var t=e.data;if((t||t.secret||t.message||t.value)&&!\/[^a-zA-Z0-9]\/.test(t.secret)){for(var s,r,n,a=l.querySelectorAll('iframe[data-secret=\"'+t.secret+'\"]'),o=l.querySelectorAll('blockquote[data-secret=\"'+t.secret+'\"]'),c=new RegExp(\"^https?:$\",\"i\"),i=0;i<o.length;i++)o[i].style.display=\"none\";for(i=0;i<a.length;i++)s=a[i],e.source===s.contentWindow&&(s.removeAttribute(\"style\"),\"height\"===t.message?(1e3<(r=parseInt(t.value,10))?r=1e3:~~r<200&&(r=200),s.height=r):\"link\"===t.message&&(r=new URL(s.getAttribute(\"src\")),n=new URL(t.value),c.test(n.protocol))&&n.host===r.host&&l.activeElement===s&&(d.top.location.href=t.value))}},d.addEventListener(\"message\",d.wp.receiveEmbedMessage,!1),l.addEventListener(\"DOMContentLoaded\",function(){for(var e,t,s=l.querySelectorAll(\"iframe.wp-embedded-content\"),r=0;r<s.length;r++)(t=(e=s[r]).getAttribute(\"data-secret\"))||(t=Math.random().toString(36).substring(2,12),e.src+=\"#?secret=\"+t,e.setAttribute(\"data-secret\",t)),e.contentWindow.postMessage({message:\"ready\",secret:t},\"*\")},!1)))}(window,document);\n\/\/# sourceURL=https:\/\/www.renouvelle.be\/wp-includes\/js\/wp-embed.min.js\n\/* ]]> *\/\n<\/script>\n","thumbnail_url":"https:\/\/www.renouvelle.be\/wp-content\/uploads\/2021\/02\/alegro3.png","thumbnail_width":928,"thumbnail_height":458,"description":"Le groupe Elia, gestionnaire du r\u00e9seau belge haute tension, poursuit ses chantiers strat\u00e9giques d\u2019interconnexion entre la Belgique et ses pays voisins.&nbsp; Fin 2018 \u00e9tait inaugur\u00e9e l\u2019interconnexion sous-marine Nemo Link avec le Royaume Uni, permettant l\u2019\u00e9change de 1 GW suppl\u00e9mentaire entre les deux pays (lire notre article La Belgique et le Royaume Uni sont d\u00e9sormais interconnect\u00e9s).&nbsp; Fin 2020 sera inaugur\u00e9e l\u2019interconnexion ALEGrO avec l\u2019Allemagne, permettant \u00e9galement de faire circuler 1 GW suppl\u00e9mentaire entre les deux pays \u2013 soit entre 8 et 20% de la puissance en \u00e9lectricit\u00e9 consomm\u00e9e en Belgique en journ\u00e9e en fonction qu\u2019il s\u2019agisse d\u2019une journ\u00e9e d\u2019hiver \u00e0 forte consommation ou, inversement, d\u2019\u00e9t\u00e9 \u00e0 faible consommation. La liaison souterraine s\u2019\u00e9tend sur 90 km \u2013 dont 49 en Belgique \u2013 et relie les stations de conversion de Lixhe (Belgique) et de Oberzier (Allemagne) &#8211; illustration ci-dessous.&nbsp; Pour permettre l\u2019importation ou exportation souterraine d\u2019\u00e9lectricit\u00e9 entre les deux pays, le choix a \u00e9t\u00e9 fait de travailler en courant continu : il faut donc transformer le courant alternatif (utilis\u00e9 sur le r\u00e9seau haute-tension) en courant continu, ce qui se fait dans les stations de conversion \u00e0 chaque extr\u00e9mit\u00e9 de la liaison souterraine \u2013 illustration ci-dessous. L\u2019\u00e9change d\u2019\u00e9lectricit\u00e9 se fait instantan\u00e9ment et \u00e0 double direction.&nbsp; &nbsp; Le projet ALEGrO a n\u00e9cessit\u00e9 un investissement colossal de 500 millions \u20ac et 10 ans de travaux. La liaison sera op\u00e9rationnelle mi-novembre 2020.&nbsp; La station de conversion de Lixhe, une infrastructure in\u00e9dite en Wallonie. Photo: Elia.&nbsp; &nbsp; Mieux int\u00e9grer, techniquement, les renouvelables&nbsp; &nbsp; Les interconnexions entre les r\u00e9seaux europ\u00e9ens offrent au moins trois avantages : elles augmentent la s\u00e9curit\u00e9 d\u2019approvisionnement, harmonisent les prix de l\u2019\u00e9lectricit\u00e9 au niveau europ\u00e9en en les poussant, pour l\u2019instant, \u00e0 la baisse et permettent de transporter les surplus des productions renouvelables locales vers les &hellip; Continue reading \"\""}

La Belgique et l’Allemagne sont désormais interconnectées - Renouvelle

<blockquote class="wp-embedded-content" data-secret="feeYn2dxvQ"><a href="https://www.renouvelle.be/fr/la-belgique-et-lallemagne-sont-desormais-interconnectees/">La Belgique et l’Allemagne sont désormais interconnectées</a></blockquote><iframe sandbox="allow-scripts" security="restricted" src="https://www.renouvelle.be/fr/la-belgique-et-lallemagne-sont-desormais-interconnectees/embed/#?secret=feeYn2dxvQ" width="600" height="338" title="« La Belgique et l’Allemagne sont désormais interconnectées » &#8212; Renouvelle" data-secret="feeYn2dxvQ" frameborder="0" marginwidth="0" marginheight="0" scrolling="no" class="wp-embedded-content"></iframe><script type="text/javascript">
/* <![CDATA[ */
/*! This file is auto-generated */
!function(d,l){"use strict";l.querySelector&&d.addEventListener&&"undefined"!=typeof URL&&(d.wp=d.wp||{},d.wp.receiveEmbedMessage||(d.wp.receiveEmbedMessage=function(e){var t=e.data;if((t||t.secret||t.message||t.value)&&!/[^a-zA-Z0-9]/.test(t.secret)){for(var s,r,n,a=l.querySelectorAll('iframe[data-secret="'+t.secret+'"]'),o=l.querySelectorAll('blockquote[data-secret="'+t.secret+'"]'),c=new RegExp("^https?:$","i"),i=0;i<o.length;i++)o[i].style.display="none";for(i=0;i<a.length;i++)s=a[i],e.source===s.contentWindow&&(s.removeAttribute("style"),"height"===t.message?(1e3<(r=parseInt(t.value,10))?r=1e3:~~r<200&&(r=200),s.height=r):"link"===t.message&&(r=new URL(s.getAttribute("src")),n=new URL(t.value),c.test(n.protocol))&&n.host===r.host&&l.activeElement===s&&(d.top.location.href=t.value))}},d.addEventListener("message",d.wp.receiveEmbedMessage,!1),l.addEventListener("DOMContentLoaded",function(){for(var e,t,s=l.querySelectorAll("iframe.wp-embedded-content"),r=0;r<s.length;r++)(t=(e=s[r]).getAttribute("data-secret"))||(t=Math.random().toString(36).substring(2,12),e.src+="#?secret="+t,e.setAttribute("data-secret",t)),e.contentWindow.postMessage({message:"ready",secret:t},"*")},!1)))}(window,document);
//# sourceURL=https://www.renouvelle.be/wp-includes/js/wp-embed.min.js
/* ]]> */
</script>

Le groupe Elia, gestionnaire du réseau belge haute tension, poursuit ses chantiers stratégiques d’interconnexion entre la Belgique et ses pays voisins.&nbsp; Fin 2018 était inaugurée l’interconnexion sous-marine Nemo Link avec le Royaume Uni, permettant l’échange de 1 GW supplémentaire entre les deux pays (lire notre article La Belgique et le Royaume Uni sont désormais interconnectés).&nbsp; Fin 2020 sera inaugurée l’interconnexion ALEGrO avec l’Allemagne, permettant également de faire circuler 1 GW supplémentaire entre les deux pays – soit entre 8 et 20% de la puissance en électricité consommée en Belgique en journée en fonction qu’il s’agisse d’une journée d’hiver à forte consommation ou, inversement, d’été à faible consommation. La liaison souterraine s’étend sur 90 km – dont 49 en Belgique – et relie les stations de conversion de Lixhe (Belgique) et de Oberzier (Allemagne) &#8211; illustration ci-dessous.&nbsp; Pour permettre l’importation ou exportation souterraine d’électricité entre les deux pays, le choix a été fait de travailler en courant continu : il faut donc transformer le courant alternatif (utilisé sur le réseau haute-tension) en courant continu, ce qui se fait dans les stations de conversion à chaque extrémité de la liaison souterraine – illustration ci-dessous. L’échange d’électricité se fait instantanément et à double direction.&nbsp; &nbsp; Le projet ALEGrO a nécessité un investissement colossal de 500 millions € et 10 ans de travaux. La liaison sera opérationnelle mi-novembre 2020.&nbsp; La station de conversion de Lixhe, une infrastructure inédite en Wallonie. Photo: Elia.&nbsp; &nbsp; Mieux intégrer, techniquement, les renouvelables&nbsp; &nbsp; Les interconnexions entre les réseaux européens offrent au moins trois avantages : elles augmentent la sécurité d’approvisionnement, harmonisent les prix de l’électricité au niveau européen en les poussant, pour l’instant, à la baisse et permettent de transporter les surplus des productions renouvelables locales vers les &hellip; Continue reading ""
