{"version":"1.0","provider_name":"Renouvelle","provider_url":"https:\/\/www.renouvelle.be\/fr\/","author_name":"Benjamin WILKIN","author_url":"https:\/\/www.renouvelle.be\/fr\/author\/benjaminwilkin\/","title":"Et maintenant : place \u00e0 l\u2019autoproduction ! - Renouvelle","type":"rich","width":600,"height":338,"html":"<blockquote class=\"wp-embedded-content\" data-secret=\"BOfglmQDaS\"><a href=\"https:\/\/www.renouvelle.be\/fr\/et-maintenant-place-a-lautoproduction\/\">Et maintenant : place \u00e0 l\u2019autoproduction !<\/a><\/blockquote><iframe sandbox=\"allow-scripts\" security=\"restricted\" src=\"https:\/\/www.renouvelle.be\/fr\/et-maintenant-place-a-lautoproduction\/embed\/#?secret=BOfglmQDaS\" width=\"600\" height=\"338\" title=\"\u00ab\u00a0Et maintenant : place \u00e0 l\u2019autoproduction !\u00a0\u00bb &#8212; Renouvelle\" data-secret=\"BOfglmQDaS\" frameborder=\"0\" marginwidth=\"0\" marginheight=\"0\" scrolling=\"no\" class=\"wp-embedded-content\"><\/iframe><script type=\"text\/javascript\">\n\/* <![CDATA[ *\/\n\/*! This file is auto-generated *\/\n!function(d,l){\"use strict\";l.querySelector&&d.addEventListener&&\"undefined\"!=typeof URL&&(d.wp=d.wp||{},d.wp.receiveEmbedMessage||(d.wp.receiveEmbedMessage=function(e){var t=e.data;if((t||t.secret||t.message||t.value)&&!\/[^a-zA-Z0-9]\/.test(t.secret)){for(var s,r,n,a=l.querySelectorAll('iframe[data-secret=\"'+t.secret+'\"]'),o=l.querySelectorAll('blockquote[data-secret=\"'+t.secret+'\"]'),c=new RegExp(\"^https?:$\",\"i\"),i=0;i<o.length;i++)o[i].style.display=\"none\";for(i=0;i<a.length;i++)s=a[i],e.source===s.contentWindow&&(s.removeAttribute(\"style\"),\"height\"===t.message?(1e3<(r=parseInt(t.value,10))?r=1e3:~~r<200&&(r=200),s.height=r):\"link\"===t.message&&(r=new URL(s.getAttribute(\"src\")),n=new URL(t.value),c.test(n.protocol))&&n.host===r.host&&l.activeElement===s&&(d.top.location.href=t.value))}},d.addEventListener(\"message\",d.wp.receiveEmbedMessage,!1),l.addEventListener(\"DOMContentLoaded\",function(){for(var e,t,s=l.querySelectorAll(\"iframe.wp-embedded-content\"),r=0;r<s.length;r++)(t=(e=s[r]).getAttribute(\"data-secret\"))||(t=Math.random().toString(36).substring(2,12),e.src+=\"#?secret=\"+t,e.setAttribute(\"data-secret\",t)),e.contentWindow.postMessage({message:\"ready\",secret:t},\"*\")},!1)))}(window,document);\n\/\/# sourceURL=https:\/\/www.renouvelle.be\/wp-includes\/js\/wp-embed.min.js\n\/* ]]> *\/\n<\/script>\n","thumbnail_url":"https:\/\/www.renouvelle.be\/wp-content\/uploads\/2021\/02\/autoprod.png","thumbnail_width":580,"thumbnail_height":316,"description":"Oui \u2026 et non, c\u2019est une question de point de vue Si je me place du c\u00f4t\u00e9 du prosumer, ce qui m\u2019importe, c\u2019est que l&rsquo;\u00e9lectricit\u00e9 que je consomme provienne le plus possible de mon installation photovolta\u00efque. Un peu comme si j\u2019\u00e9tais devenu mon propre fournisseur d\u2019\u00e9lectricit\u00e9 : au-del\u00e0 d\u2019une \u00e9ventuelle diminution de prix, la seule plus-value qualitative de mon nouveau fournisseur est qu\u2019il m\u2019assure une grande proportion d\u2019\u00e9nergie \u00ab verte \u00bb. Un prosumer a donc int\u00e9r\u00eat \u00e0 ce que l\u2019\u00e9lectricit\u00e9 qu\u2019il consomme soit la plus autoproduite possible. &gt; Autoproduction, mon souci est donc : d\u2019o\u00f9 vient l\u2019\u00e9lectricit\u00e9 que je consomme ? Si je me place du c\u00f4t\u00e9 du r\u00e9seau \u00e9lectrique, ce qui m\u2019importe, c\u2019est de pr\u00e9voir si j\u2019aurai assez de production, d\u2019o\u00f9 qu\u2019elle vienne, pour assurer la consommation. Les r\u00e9seaux \u00e9tant dimensionn\u00e9s en capacit\u00e9 d\u00e9croissante vers la basse tension, mon souci sp\u00e9cifique \u00ab photovolta\u00efque \u00bb est d\u2019\u00e9viter que mon r\u00e9seau soit inond\u00e9 de cette puissance solaire en plein midi (congestion, surtensions). Je souhaite donc qu\u2019un maximum de la production photovolta\u00efque d\u00e9centralis\u00e9e puisse \u00eatre, simultan\u00e9ment, consomm\u00e9e sur place. &gt; Autoconsommation, mon souci est donc : o\u00f9 va l\u2019\u00e9lectricit\u00e9 photovolta\u00efque produite ? Graphiques : deux points de vue pour un m\u00eame profil prosumer. Non, ce n\u2019est pas la m\u00eame chose Non, ce n\u2019est pas la m\u00eame chose, car l\u2019impact d\u2019un discours ou de l\u2019autre est radicalement diff\u00e9rent. En effet, le point commun est que l\u2019acteur vis\u00e9 est, dans les deux cas, celui qui vit sous les capteurs photovolta\u00efques. Et cette personne aura un comportement radicalement diff\u00e9rent en fonction de la mani\u00e8re dont je m\u2019adresse \u00e0 elle. Si je lui parle d\u2019autoconsommation, je vais lui imposer le souci de \u00ab\u00a0o\u00f9 va l\u2019\u00e9lectricit\u00e9 que je produis\u00a0?\u00a0\u00bb. Il s\u2019agit \u00e9videmment d\u2019une question hors de propos &hellip; Continue reading \"\""}

Et maintenant : place à l’autoproduction ! - Renouvelle

<blockquote class="wp-embedded-content" data-secret="BOfglmQDaS"><a href="https://www.renouvelle.be/fr/et-maintenant-place-a-lautoproduction/">Et maintenant : place à l’autoproduction !</a></blockquote><iframe sandbox="allow-scripts" security="restricted" src="https://www.renouvelle.be/fr/et-maintenant-place-a-lautoproduction/embed/#?secret=BOfglmQDaS" width="600" height="338" title="« Et maintenant : place à l’autoproduction ! » &#8212; Renouvelle" data-secret="BOfglmQDaS" frameborder="0" marginwidth="0" marginheight="0" scrolling="no" class="wp-embedded-content"></iframe><script type="text/javascript">
/* <![CDATA[ */
/*! This file is auto-generated */
!function(d,l){"use strict";l.querySelector&&d.addEventListener&&"undefined"!=typeof URL&&(d.wp=d.wp||{},d.wp.receiveEmbedMessage||(d.wp.receiveEmbedMessage=function(e){var t=e.data;if((t||t.secret||t.message||t.value)&&!/[^a-zA-Z0-9]/.test(t.secret)){for(var s,r,n,a=l.querySelectorAll('iframe[data-secret="'+t.secret+'"]'),o=l.querySelectorAll('blockquote[data-secret="'+t.secret+'"]'),c=new RegExp("^https?:$","i"),i=0;i<o.length;i++)o[i].style.display="none";for(i=0;i<a.length;i++)s=a[i],e.source===s.contentWindow&&(s.removeAttribute("style"),"height"===t.message?(1e3<(r=parseInt(t.value,10))?r=1e3:~~r<200&&(r=200),s.height=r):"link"===t.message&&(r=new URL(s.getAttribute("src")),n=new URL(t.value),c.test(n.protocol))&&n.host===r.host&&l.activeElement===s&&(d.top.location.href=t.value))}},d.addEventListener("message",d.wp.receiveEmbedMessage,!1),l.addEventListener("DOMContentLoaded",function(){for(var e,t,s=l.querySelectorAll("iframe.wp-embedded-content"),r=0;r<s.length;r++)(t=(e=s[r]).getAttribute("data-secret"))||(t=Math.random().toString(36).substring(2,12),e.src+="#?secret="+t,e.setAttribute("data-secret",t)),e.contentWindow.postMessage({message:"ready",secret:t},"*")},!1)))}(window,document);
//# sourceURL=https://www.renouvelle.be/wp-includes/js/wp-embed.min.js
/* ]]> */
</script>

Oui … et non, c’est une question de point de vue Si je me place du côté du prosumer, ce qui m’importe, c’est que l&rsquo;électricité que je consomme provienne le plus possible de mon installation photovoltaïque. Un peu comme si j’étais devenu mon propre fournisseur d’électricité : au-delà d’une éventuelle diminution de prix, la seule plus-value qualitative de mon nouveau fournisseur est qu’il m’assure une grande proportion d’énergie « verte ». Un prosumer a donc intérêt à ce que l’électricité qu’il consomme soit la plus autoproduite possible. &gt; Autoproduction, mon souci est donc : d’où vient l’électricité que je consomme ? Si je me place du côté du réseau électrique, ce qui m’importe, c’est de prévoir si j’aurai assez de production, d’où qu’elle vienne, pour assurer la consommation. Les réseaux étant dimensionnés en capacité décroissante vers la basse tension, mon souci spécifique « photovoltaïque » est d’éviter que mon réseau soit inondé de cette puissance solaire en plein midi (congestion, surtensions). Je souhaite donc qu’un maximum de la production photovoltaïque décentralisée puisse être, simultanément, consommée sur place. &gt; Autoconsommation, mon souci est donc : où va l’électricité photovoltaïque produite ? Graphiques : deux points de vue pour un même profil prosumer. Non, ce n’est pas la même chose Non, ce n’est pas la même chose, car l’impact d’un discours ou de l’autre est radicalement différent. En effet, le point commun est que l’acteur visé est, dans les deux cas, celui qui vit sous les capteurs photovoltaïques. Et cette personne aura un comportement radicalement différent en fonction de la manière dont je m’adresse à elle. Si je lui parle d’autoconsommation, je vais lui imposer le souci de « où va l’électricité que je produis ? ». Il s’agit évidemment d’une question hors de propos &hellip; Continue reading ""
